{"id":1085,"date":"2026-08-18T11:43:52","date_gmt":"2026-08-18T09:43:52","guid":{"rendered":"https:\/\/www.anima-productions.com\/_clients\/faiteslire\/?post_type=evenement&#038;p=1085"},"modified":"2026-09-01T10:44:38","modified_gmt":"2026-09-01T08:44:38","slug":"fenetres-vers-le-futur","status":"publish","type":"evenement","link":"https:\/\/www.anima-productions.com\/_clients\/faiteslire\/evenements\/fenetres-vers-le-futur\/","title":{"rendered":"Fen\u00eatres vers le futur"},"content":{"rendered":"\n<p class=\"wp-block-paragraph\">Comment l&rsquo;imaginaire de la Science-Fiction a accompagn\u00e9 plusieurs g\u00e9n\u00e9rations ?<\/p>\n\n\n\n<p class=\"wp-block-paragraph\">Dans cette conf\u00e9rence th\u00e9\u00e2tralis\u00e9e, suivons l&rsquo;histoire de la famille Brown, am\u00e9ricains passionn\u00e9s de SF arriv\u00e9s en France dans les ann\u00e9es 70.<\/p>\n\n\n\n<p class=\"wp-block-paragraph\">Un voyage dans l&rsquo;univers de la SF du d\u00e9but du XX<sup>e<\/sup> si\u00e8cle jusqu&rsquo;\u00e0 aujourd&rsquo;hui.<\/p>\n\n\n<div class=\"FL26_ENCADRE\"><p>Une s\u00e9ance sp\u00e9ciale pour les scolaires est organis\u00e9e \u00e0 10h30.<\/p>\n<\/div>","protected":false},"author":4,"featured_media":2260,"menu_order":0,"template":"","types-evenements":[22],"editions":[11],"publics":[26,27],"tarifs":[13],"temporalites":[30],"handicaps":[],"class_list":["post-1085","evenement","type-evenement","status-publish","has-post-thumbnail","hentry","types-evenements-spectacle-vivant","editions-11","publics-jeune-public","publics-jeunesse","tarifs-gratuit","temporalites-semaine","entry"],"acf":[],"yoast_head":"<!-- This site is optimized with the Yoast SEO plugin v28.3 - https:\/\/yoast.com\/product\/yoast-seo-wordpress\/ -->\n<title>Fen\u00eatres vers le futur - Faites lire !<\/title>\n<meta name=\"robots\" content=\"noindex, follow, max-snippet:-1, max-image-preview:large, max-video-preview:-1\" \/>\n<meta property=\"og:locale\" content=\"fr_FR\" \/>\n<meta property=\"og:type\" content=\"article\" \/>\n<meta property=\"og:title\" content=\"Fen\u00eatres vers le futur - Faites lire !\" \/>\n<meta property=\"og:description\" content=\"Comment l&rsquo;imaginaire de la Science-Fiction a accompagn\u00e9 plusieurs g\u00e9n\u00e9rations ? Dans cette conf\u00e9rence th\u00e9\u00e2tralis\u00e9e, suivons l&rsquo;histoire de la famille Brown, am\u00e9ricains passionn\u00e9s de SF arriv\u00e9s en France dans les ann\u00e9es 70. Un voyage dans l&rsquo;univers de la SF du d\u00e9but du XXe si\u00e8cle jusqu&rsquo;\u00e0 aujourd&rsquo;hui.\" \/>\n<meta property=\"og:url\" content=\"https:\/\/www.anima-productions.com\/_clients\/faiteslire\/evenements\/fenetres-vers-le-futur\/\" \/>\n<meta property=\"og:site_name\" content=\"Faites lire !\" \/>\n<meta property=\"article:modified_time\" content=\"2026-09-01T08:44:38+00:00\" \/>\n<meta property=\"og:image\" content=\"https:\/\/www.anima-productions.com\/_clients\/faiteslire\/wp-content\/uploads\/2026\/09\/Agenda-FenetresVersFutur.webp\" \/>\n\t<meta property=\"og:image:width\" content=\"500\" \/>\n\t<meta property=\"og:image:height\" content=\"500\" \/>\n\t<meta property=\"og:image:type\" content=\"image\/webp\" \/>\n<meta name=\"twitter:card\" content=\"summary_large_image\" \/>\n<meta name=\"twitter:label1\" content=\"Dur\u00e9e de lecture estim\u00e9e\" \/>\n\t<meta name=\"twitter:data1\" content=\"1 minute\" \/>\n<script type=\"application\/ld+json\" class=\"yoast-schema-graph\">{\"@context\":\"https:\\\/\\\/schema.org\",\"@graph\":[{\"@type\":\"WebPage\",\"@id\":\"https:\\\/\\\/www.anima-productions.com\\\/_clients\\\/faiteslire\\\/evenements\\\/fenetres-vers-le-futur\\\/\",\"url\":\"https:\\\/\\\/www.anima-productions.com\\\/_clients\\\/faiteslire\\\/evenements\\\/fenetres-vers-le-futur\\\/\",\"name\":\"Fen\u00eatres vers le futur - Faites lire !\",\"isPartOf\":{\"@id\":\"https:\\\/\\\/www.anima-productions.com\\\/_clients\\\/faiteslire\\\/#website\"},\"primaryImageOfPage\":{\"@id\":\"https:\\\/\\\/www.anima-productions.com\\\/_clients\\\/faiteslire\\\/evenements\\\/fenetres-vers-le-futur\\\/#primaryimage\"},\"image\":{\"@id\":\"https:\\\/\\\/www.anima-productions.com\\\/_clients\\\/faiteslire\\\/evenements\\\/fenetres-vers-le-futur\\\/#primaryimage\"},\"thumbnailUrl\":\"https:\\\/\\\/www.anima-productions.com\\\/_clients\\\/faiteslire\\\/wp-content\\\/uploads\\\/2026\\\/09\\\/Agenda-FenetresVersFutur.webp\",\"datePublished\":\"2026-08-18T09:43:52+00:00\",\"dateModified\":\"2026-09-01T08:44:38+00:00\",\"breadcrumb\":{\"@id\":\"https:\\\/\\\/www.anima-productions.com\\\/_clients\\\/faiteslire\\\/evenements\\\/fenetres-vers-le-futur\\\/#breadcrumb\"},\"inLanguage\":\"fr-FR\",\"potentialAction\":[{\"@type\":\"ReadAction\",\"target\":[\"https:\\\/\\\/www.anima-productions.com\\\/_clients\\\/faiteslire\\\/evenements\\\/fenetres-vers-le-futur\\\/\"]}]},{\"@type\":\"ImageObject\",\"inLanguage\":\"fr-FR\",\"@id\":\"https:\\\/\\\/www.anima-productions.com\\\/_clients\\\/faiteslire\\\/evenements\\\/fenetres-vers-le-futur\\\/#primaryimage\",\"url\":\"https:\\\/\\\/www.anima-productions.com\\\/_clients\\\/faiteslire\\\/wp-content\\\/uploads\\\/2026\\\/09\\\/Agenda-FenetresVersFutur.webp\",\"contentUrl\":\"https:\\\/\\\/www.anima-productions.com\\\/_clients\\\/faiteslire\\\/wp-content\\\/uploads\\\/2026\\\/09\\\/Agenda-FenetresVersFutur.webp\",\"width\":500,\"height\":500},{\"@type\":\"BreadcrumbList\",\"@id\":\"https:\\\/\\\/www.anima-productions.com\\\/_clients\\\/faiteslire\\\/evenements\\\/fenetres-vers-le-futur\\\/#breadcrumb\",\"itemListElement\":[{\"@type\":\"ListItem\",\"position\":1,\"name\":\"Accueil\",\"item\":\"https:\\\/\\\/www.anima-productions.com\\\/_clients\\\/faiteslire\\\/\"},{\"@type\":\"ListItem\",\"position\":2,\"name\":\"Fen\u00eatres vers le futur\"}]},{\"@type\":\"WebSite\",\"@id\":\"https:\\\/\\\/www.anima-productions.com\\\/_clients\\\/faiteslire\\\/#website\",\"url\":\"https:\\\/\\\/www.anima-productions.com\\\/_clients\\\/faiteslire\\\/\",\"name\":\"Faites lire !\",\"description\":\"La f\u00eate de la lecture | Le Mans\",\"potentialAction\":[{\"@type\":\"SearchAction\",\"target\":{\"@type\":\"EntryPoint\",\"urlTemplate\":\"https:\\\/\\\/www.anima-productions.com\\\/_clients\\\/faiteslire\\\/?s={search_term_string}\"},\"query-input\":{\"@type\":\"PropertyValueSpecification\",\"valueRequired\":true,\"valueName\":\"search_term_string\"}}],\"inLanguage\":\"fr-FR\"}]}<\/script>\n<!-- \/ Yoast SEO plugin. -->","yoast_head_json":{"title":"Fen\u00eatres vers le futur - Faites lire !","robots":{"index":"noindex","follow":"follow","max-snippet":"max-snippet:-1","max-image-preview":"max-image-preview:large","max-video-preview":"max-video-preview:-1"},"og_locale":"fr_FR","og_type":"article","og_title":"Fen\u00eatres vers le futur - Faites lire !","og_description":"Comment l&rsquo;imaginaire de la Science-Fiction a accompagn\u00e9 plusieurs g\u00e9n\u00e9rations ? Dans cette conf\u00e9rence th\u00e9\u00e2tralis\u00e9e, suivons l&rsquo;histoire de la famille Brown, am\u00e9ricains passionn\u00e9s de SF arriv\u00e9s en France dans les ann\u00e9es 70. Un voyage dans l&rsquo;univers de la SF du d\u00e9but du XXe si\u00e8cle jusqu&rsquo;\u00e0 aujourd&rsquo;hui.","og_url":"https:\/\/www.anima-productions.com\/_clients\/faiteslire\/evenements\/fenetres-vers-le-futur\/","og_site_name":"Faites lire !","article_modified_time":"2026-09-01T08:44:38+00:00","og_image":[{"width":500,"height":500,"url":"https:\/\/www.anima-productions.com\/_clients\/faiteslire\/wp-content\/uploads\/2026\/09\/Agenda-FenetresVersFutur.webp","type":"image\/webp"}],"twitter_card":"summary_large_image","twitter_misc":{"Dur\u00e9e de lecture estim\u00e9e":"1 minute"},"schema":{"@context":"https:\/\/schema.org","@graph":[{"@type":"WebPage","@id":"https:\/\/www.anima-productions.com\/_clients\/faiteslire\/evenements\/fenetres-vers-le-futur\/","url":"https:\/\/www.anima-productions.com\/_clients\/faiteslire\/evenements\/fenetres-vers-le-futur\/","name":"Fen\u00eatres vers le futur - Faites lire !","isPartOf":{"@id":"https:\/\/www.anima-productions.com\/_clients\/faiteslire\/#website"},"primaryImageOfPage":{"@id":"https:\/\/www.anima-productions.com\/_clients\/faiteslire\/evenements\/fenetres-vers-le-futur\/#primaryimage"},"image":{"@id":"https:\/\/www.anima-productions.com\/_clients\/faiteslire\/evenements\/fenetres-vers-le-futur\/#primaryimage"},"thumbnailUrl":"https:\/\/www.anima-productions.com\/_clients\/faiteslire\/wp-content\/uploads\/2026\/09\/Agenda-FenetresVersFutur.webp","datePublished":"2026-08-18T09:43:52+00:00","dateModified":"2026-09-01T08:44:38+00:00","breadcrumb":{"@id":"https:\/\/www.anima-productions.com\/_clients\/faiteslire\/evenements\/fenetres-vers-le-futur\/#breadcrumb"},"inLanguage":"fr-FR","potentialAction":[{"@type":"ReadAction","target":["https:\/\/www.anima-productions.com\/_clients\/faiteslire\/evenements\/fenetres-vers-le-futur\/"]}]},{"@type":"ImageObject","inLanguage":"fr-FR","@id":"https:\/\/www.anima-productions.com\/_clients\/faiteslire\/evenements\/fenetres-vers-le-futur\/#primaryimage","url":"https:\/\/www.anima-productions.com\/_clients\/faiteslire\/wp-content\/uploads\/2026\/09\/Agenda-FenetresVersFutur.webp","contentUrl":"https:\/\/www.anima-productions.com\/_clients\/faiteslire\/wp-content\/uploads\/2026\/09\/Agenda-FenetresVersFutur.webp","width":500,"height":500},{"@type":"BreadcrumbList","@id":"https:\/\/www.anima-productions.com\/_clients\/faiteslire\/evenements\/fenetres-vers-le-futur\/#breadcrumb","itemListElement":[{"@type":"ListItem","position":1,"name":"Accueil","item":"https:\/\/www.anima-productions.com\/_clients\/faiteslire\/"},{"@type":"ListItem","position":2,"name":"Fen\u00eatres vers le futur"}]},{"@type":"WebSite","@id":"https:\/\/www.anima-productions.com\/_clients\/faiteslire\/#website","url":"https:\/\/www.anima-productions.com\/_clients\/faiteslire\/","name":"Faites lire !","description":"La f\u00eate de la lecture | Le Mans","potentialAction":[{"@type":"SearchAction","target":{"@type":"EntryPoint","urlTemplate":"https:\/\/www.anima-productions.com\/_clients\/faiteslire\/?s={search_term_string}"},"query-input":{"@type":"PropertyValueSpecification","valueRequired":true,"valueName":"search_term_string"}}],"inLanguage":"fr-FR"}]}},"_links":{"self":[{"href":"https:\/\/www.anima-productions.com\/_clients\/faiteslire\/wp-json\/wp\/v2\/evenement\/1085","targetHints":{"allow":["GET"]}}],"collection":[{"href":"https:\/\/www.anima-productions.com\/_clients\/faiteslire\/wp-json\/wp\/v2\/evenement"}],"about":[{"href":"https:\/\/www.anima-productions.com\/_clients\/faiteslire\/wp-json\/wp\/v2\/types\/evenement"}],"author":[{"embeddable":true,"href":"https:\/\/www.anima-productions.com\/_clients\/faiteslire\/wp-json\/wp\/v2\/users\/4"}],"version-history":[{"count":5,"href":"https:\/\/www.anima-productions.com\/_clients\/faiteslire\/wp-json\/wp\/v2\/evenement\/1085\/revisions"}],"predecessor-version":[{"id":2240,"href":"https:\/\/www.anima-productions.com\/_clients\/faiteslire\/wp-json\/wp\/v2\/evenement\/1085\/revisions\/2240"}],"wp:featuredmedia":[{"embeddable":true,"href":"https:\/\/www.anima-productions.com\/_clients\/faiteslire\/wp-json\/wp\/v2\/media\/2260"}],"wp:attachment":[{"href":"https:\/\/www.anima-productions.com\/_clients\/faiteslire\/wp-json\/wp\/v2\/media?parent=1085"}],"wp:term":[{"taxonomy":"types-evenements","embeddable":true,"href":"https:\/\/www.anima-productions.com\/_clients\/faiteslire\/wp-json\/wp\/v2\/types-evenements?post=1085"},{"taxonomy":"editions","embeddable":true,"href":"https:\/\/www.anima-productions.com\/_clients\/faiteslire\/wp-json\/wp\/v2\/editions?post=1085"},{"taxonomy":"publics","embeddable":true,"href":"https:\/\/www.anima-productions.com\/_clients\/faiteslire\/wp-json\/wp\/v2\/publics?post=1085"},{"taxonomy":"tarifs","embeddable":true,"href":"https:\/\/www.anima-productions.com\/_clients\/faiteslire\/wp-json\/wp\/v2\/tarifs?post=1085"},{"taxonomy":"temporalites","embeddable":true,"href":"https:\/\/www.anima-productions.com\/_clients\/faiteslire\/wp-json\/wp\/v2\/temporalites?post=1085"},{"taxonomy":"handicaps","embeddable":true,"href":"https:\/\/www.anima-productions.com\/_clients\/faiteslire\/wp-json\/wp\/v2\/handicaps?post=1085"}],"curies":[{"name":"wp","href":"https:\/\/api.w.org\/{rel}","templated":true}]}}

Fenêtres vers le futur

<p class="wp-block-paragraph">Comment l&rsquo;imaginaire de la Science-Fiction a accompagné plusieurs générations ?</p>



<p class="wp-block-paragraph">Dans cette conférence théâtralisée, suivons l&rsquo;histoire de la famille Brown, américains passionnés de SF arrivés en France dans les années 70.</p>



<p class="wp-block-paragraph">Un voyage dans l&rsquo;univers de la SF du début du XX<sup>e</sup> siècle jusqu&rsquo;à aujourd&rsquo;hui.</p>


<div class="FL26_ENCADRE"><p>Une séance spéciale pour les scolaires est organisée à 10h30.</p>
</div>

<!-- This site is optimized with the Yoast SEO plugin v28.3 - https://yoast.com/product/yoast-seo-wordpress/ -->
<title>Fenêtres vers le futur - Faites lire !</title>
<meta name="robots" content="noindex, follow, max-snippet:-1, max-image-preview:large, max-video-preview:-1" />
<meta property="og:locale" content="fr_FR" />
<meta property="og:type" content="article" />
<meta property="og:title" content="Fenêtres vers le futur - Faites lire !" />
<meta property="og:description" content="Comment l&rsquo;imaginaire de la Science-Fiction a accompagné plusieurs générations ? Dans cette conférence théâtralisée, suivons l&rsquo;histoire de la famille Brown, américains passionnés de SF arrivés en France dans les années 70. Un voyage dans l&rsquo;univers de la SF du début du XXe siècle jusqu&rsquo;à aujourd&rsquo;hui." />
<meta property="og:url" content="https://www.anima-productions.com/_clients/faiteslire/evenements/fenetres-vers-le-futur/" />
<meta property="og:site_name" content="Faites lire !" />
<meta property="article:modified_time" content="2026-09-01T08:44:38+00:00" />
<meta property="og:image" content="https://www.anima-productions.com/_clients/faiteslire/wp-content/uploads/2026/09/Agenda-FenetresVersFutur.webp" />
	<meta property="og:image:width" content="500" />
	<meta property="og:image:height" content="500" />
	<meta property="og:image:type" content="image/webp" />
<meta name="twitter:card" content="summary_large_image" />
<meta name="twitter:label1" content="Durée de lecture estimée" />
	<meta name="twitter:data1" content="1 minute" />
<script type="application/ld+json" class="yoast-schema-graph">{"@context":"https:\/\/schema.org","@graph":[{"@type":"WebPage","@id":"https:\/\/www.anima-productions.com\/_clients\/faiteslire\/evenements\/fenetres-vers-le-futur\/","url":"https:\/\/www.anima-productions.com\/_clients\/faiteslire\/evenements\/fenetres-vers-le-futur\/","name":"Fenêtres vers le futur - Faites lire !","isPartOf":{"@id":"https:\/\/www.anima-productions.com\/_clients\/faiteslire\/#website"},"primaryImageOfPage":{"@id":"https:\/\/www.anima-productions.com\/_clients\/faiteslire\/evenements\/fenetres-vers-le-futur\/#primaryimage"},"image":{"@id":"https:\/\/www.anima-productions.com\/_clients\/faiteslire\/evenements\/fenetres-vers-le-futur\/#primaryimage"},"thumbnailUrl":"https:\/\/www.anima-productions.com\/_clients\/faiteslire\/wp-content\/uploads\/2026\/09\/Agenda-FenetresVersFutur.webp","datePublished":"2026-08-18T09:43:52+00:00","dateModified":"2026-09-01T08:44:38+00:00","breadcrumb":{"@id":"https:\/\/www.anima-productions.com\/_clients\/faiteslire\/evenements\/fenetres-vers-le-futur\/#breadcrumb"},"inLanguage":"fr-FR","potentialAction":[{"@type":"ReadAction","target":["https:\/\/www.anima-productions.com\/_clients\/faiteslire\/evenements\/fenetres-vers-le-futur\/"]}]},{"@type":"ImageObject","inLanguage":"fr-FR","@id":"https:\/\/www.anima-productions.com\/_clients\/faiteslire\/evenements\/fenetres-vers-le-futur\/#primaryimage","url":"https:\/\/www.anima-productions.com\/_clients\/faiteslire\/wp-content\/uploads\/2026\/09\/Agenda-FenetresVersFutur.webp","contentUrl":"https:\/\/www.anima-productions.com\/_clients\/faiteslire\/wp-content\/uploads\/2026\/09\/Agenda-FenetresVersFutur.webp","width":500,"height":500},{"@type":"BreadcrumbList","@id":"https:\/\/www.anima-productions.com\/_clients\/faiteslire\/evenements\/fenetres-vers-le-futur\/#breadcrumb","itemListElement":[{"@type":"ListItem","position":1,"name":"Accueil","item":"https:\/\/www.anima-productions.com\/_clients\/faiteslire\/"},{"@type":"ListItem","position":2,"name":"Fenêtres vers le futur"}]},{"@type":"WebSite","@id":"https:\/\/www.anima-productions.com\/_clients\/faiteslire\/#website","url":"https:\/\/www.anima-productions.com\/_clients\/faiteslire\/","name":"Faites lire !","description":"La fête de la lecture | Le Mans","potentialAction":[{"@type":"SearchAction","target":{"@type":"EntryPoint","urlTemplate":"https:\/\/www.anima-productions.com\/_clients\/faiteslire\/?s={search_term_string}"},"query-input":{"@type":"PropertyValueSpecification","valueRequired":true,"valueName":"search_term_string"}}],"inLanguage":"fr-FR"}]}</script>
<!-- / Yoast SEO plugin. -->

Fenêtres vers le futur - Faites lire !

Comment l&rsquo;imaginaire de la Science-Fiction a accompagné plusieurs générations ? Dans cette conférence théâtralisée, suivons l&rsquo;histoire de la famille Brown, américains passionnés de SF arrivés en France dans les années 70. Un voyage dans l&rsquo;univers de la SF du début du XXe siècle jusqu&rsquo;à aujourd&rsquo;hui.

La fête de la lecture | Le Mans
