{"id":1092,"date":"2026-08-18T11:43:52","date_gmt":"2026-08-18T09:43:52","guid":{"rendered":"https:\/\/www.anima-productions.com\/_clients\/faiteslire\/?post_type=evenement&#038;p=1092"},"modified":"2026-08-28T09:34:34","modified_gmt":"2026-08-28T07:34:34","slug":"qui-vit-le-jour-qui-vit-la-nuit","status":"publish","type":"evenement","link":"https:\/\/www.anima-productions.com\/_clients\/faiteslire\/evenements\/qui-vit-le-jour-qui-vit-la-nuit\/","title":{"rendered":"Qui vit le jour ? Qui vit la nuit ?"},"content":{"rendered":"\n<p class=\"wp-block-paragraph\">Atelier de travaux manuels pour cr\u00e9er un petit livre accord\u00e9on de dessins et collage sur le th\u00e8me de la vie le jour et la nuit autour d&rsquo;une vieil arbre. <\/p>\n\n\n\n<p class=\"wp-block-paragraph\">Atelier men\u00e9 par S\u00e9verine Duchesne, laur\u00e9ate du Livre Vert 2026.<\/p>\n\n\n\n<p class=\"wp-block-paragraph\">\u00c0 partir de 6 ans.<\/p>\n\n\n\n<p class=\"wp-block-paragraph\"><\/p>\n","protected":false},"author":4,"featured_media":2023,"menu_order":0,"template":"","types-evenements":[41],"editions":[11],"publics":[26,27],"tarifs":[13],"temporalites":[30],"handicaps":[],"class_list":["post-1092","evenement","type-evenement","status-publish","has-post-thumbnail","hentry","types-evenements-animations","editions-11","publics-jeune-public","publics-jeunesse","tarifs-gratuit","temporalites-semaine","entry"],"acf":[],"yoast_head":"<!-- This site is optimized with the Yoast SEO plugin v28.3 - https:\/\/yoast.com\/product\/yoast-seo-wordpress\/ -->\n<title>Qui vit le jour ? Qui vit la nuit ? - Faites lire !<\/title>\n<meta name=\"robots\" content=\"noindex, follow, max-snippet:-1, max-image-preview:large, max-video-preview:-1\" \/>\n<meta property=\"og:locale\" content=\"fr_FR\" \/>\n<meta property=\"og:type\" content=\"article\" \/>\n<meta property=\"og:title\" content=\"Qui vit le jour ? Qui vit la nuit ? - Faites lire !\" \/>\n<meta property=\"og:description\" content=\"Atelier de travaux manuels pour cr\u00e9er un petit livre accord\u00e9on de dessins et collage sur le th\u00e8me de la vie le jour et la nuit autour d&rsquo;une vieil arbre. Atelier men\u00e9 par S\u00e9verine Duchesne, laur\u00e9ate du Livre Vert 2026. \u00c0 partir de 6 ans.\" \/>\n<meta property=\"og:url\" content=\"https:\/\/www.anima-productions.com\/_clients\/faiteslire\/evenements\/qui-vit-le-jour-qui-vit-la-nuit\/\" \/>\n<meta property=\"og:site_name\" content=\"Faites lire !\" \/>\n<meta property=\"article:modified_time\" content=\"2026-08-28T07:34:34+00:00\" \/>\n<meta property=\"og:image\" content=\"https:\/\/www.anima-productions.com\/_clients\/faiteslire\/wp-content\/uploads\/2026\/08\/Agenda-Quivitlejour.jpg\" \/>\n\t<meta property=\"og:image:width\" content=\"500\" \/>\n\t<meta property=\"og:image:height\" content=\"500\" \/>\n\t<meta property=\"og:image:type\" content=\"image\/jpeg\" \/>\n<meta name=\"twitter:card\" content=\"summary_large_image\" \/>\n<meta name=\"twitter:label1\" content=\"Dur\u00e9e de lecture estim\u00e9e\" \/>\n\t<meta name=\"twitter:data1\" content=\"1 minute\" \/>\n<script type=\"application\/ld+json\" class=\"yoast-schema-graph\">{\"@context\":\"https:\\\/\\\/schema.org\",\"@graph\":[{\"@type\":\"WebPage\",\"@id\":\"https:\\\/\\\/www.anima-productions.com\\\/_clients\\\/faiteslire\\\/evenements\\\/qui-vit-le-jour-qui-vit-la-nuit\\\/\",\"url\":\"https:\\\/\\\/www.anima-productions.com\\\/_clients\\\/faiteslire\\\/evenements\\\/qui-vit-le-jour-qui-vit-la-nuit\\\/\",\"name\":\"Qui vit le jour ? Qui vit la nuit ? - Faites lire !\",\"isPartOf\":{\"@id\":\"https:\\\/\\\/www.anima-productions.com\\\/_clients\\\/faiteslire\\\/#website\"},\"primaryImageOfPage\":{\"@id\":\"https:\\\/\\\/www.anima-productions.com\\\/_clients\\\/faiteslire\\\/evenements\\\/qui-vit-le-jour-qui-vit-la-nuit\\\/#primaryimage\"},\"image\":{\"@id\":\"https:\\\/\\\/www.anima-productions.com\\\/_clients\\\/faiteslire\\\/evenements\\\/qui-vit-le-jour-qui-vit-la-nuit\\\/#primaryimage\"},\"thumbnailUrl\":\"https:\\\/\\\/www.anima-productions.com\\\/_clients\\\/faiteslire\\\/wp-content\\\/uploads\\\/2026\\\/08\\\/Agenda-Quivitlejour.jpg\",\"datePublished\":\"2026-08-18T09:43:52+00:00\",\"dateModified\":\"2026-08-28T07:34:34+00:00\",\"breadcrumb\":{\"@id\":\"https:\\\/\\\/www.anima-productions.com\\\/_clients\\\/faiteslire\\\/evenements\\\/qui-vit-le-jour-qui-vit-la-nuit\\\/#breadcrumb\"},\"inLanguage\":\"fr-FR\",\"potentialAction\":[{\"@type\":\"ReadAction\",\"target\":[\"https:\\\/\\\/www.anima-productions.com\\\/_clients\\\/faiteslire\\\/evenements\\\/qui-vit-le-jour-qui-vit-la-nuit\\\/\"]}]},{\"@type\":\"ImageObject\",\"inLanguage\":\"fr-FR\",\"@id\":\"https:\\\/\\\/www.anima-productions.com\\\/_clients\\\/faiteslire\\\/evenements\\\/qui-vit-le-jour-qui-vit-la-nuit\\\/#primaryimage\",\"url\":\"https:\\\/\\\/www.anima-productions.com\\\/_clients\\\/faiteslire\\\/wp-content\\\/uploads\\\/2026\\\/08\\\/Agenda-Quivitlejour.jpg\",\"contentUrl\":\"https:\\\/\\\/www.anima-productions.com\\\/_clients\\\/faiteslire\\\/wp-content\\\/uploads\\\/2026\\\/08\\\/Agenda-Quivitlejour.jpg\",\"width\":500,\"height\":500},{\"@type\":\"BreadcrumbList\",\"@id\":\"https:\\\/\\\/www.anima-productions.com\\\/_clients\\\/faiteslire\\\/evenements\\\/qui-vit-le-jour-qui-vit-la-nuit\\\/#breadcrumb\",\"itemListElement\":[{\"@type\":\"ListItem\",\"position\":1,\"name\":\"Accueil\",\"item\":\"https:\\\/\\\/www.anima-productions.com\\\/_clients\\\/faiteslire\\\/\"},{\"@type\":\"ListItem\",\"position\":2,\"name\":\"Qui vit le jour ? Qui vit la nuit ?\"}]},{\"@type\":\"WebSite\",\"@id\":\"https:\\\/\\\/www.anima-productions.com\\\/_clients\\\/faiteslire\\\/#website\",\"url\":\"https:\\\/\\\/www.anima-productions.com\\\/_clients\\\/faiteslire\\\/\",\"name\":\"Faites lire !\",\"description\":\"La f\u00eate de la lecture | Le Mans\",\"potentialAction\":[{\"@type\":\"SearchAction\",\"target\":{\"@type\":\"EntryPoint\",\"urlTemplate\":\"https:\\\/\\\/www.anima-productions.com\\\/_clients\\\/faiteslire\\\/?s={search_term_string}\"},\"query-input\":{\"@type\":\"PropertyValueSpecification\",\"valueRequired\":true,\"valueName\":\"search_term_string\"}}],\"inLanguage\":\"fr-FR\"}]}<\/script>\n<!-- \/ Yoast SEO plugin. -->","yoast_head_json":{"title":"Qui vit le jour ? Qui vit la nuit ? - Faites lire !","robots":{"index":"noindex","follow":"follow","max-snippet":"max-snippet:-1","max-image-preview":"max-image-preview:large","max-video-preview":"max-video-preview:-1"},"og_locale":"fr_FR","og_type":"article","og_title":"Qui vit le jour ? Qui vit la nuit ? - Faites lire !","og_description":"Atelier de travaux manuels pour cr\u00e9er un petit livre accord\u00e9on de dessins et collage sur le th\u00e8me de la vie le jour et la nuit autour d&rsquo;une vieil arbre. Atelier men\u00e9 par S\u00e9verine Duchesne, laur\u00e9ate du Livre Vert 2026. \u00c0 partir de 6 ans.","og_url":"https:\/\/www.anima-productions.com\/_clients\/faiteslire\/evenements\/qui-vit-le-jour-qui-vit-la-nuit\/","og_site_name":"Faites lire !","article_modified_time":"2026-08-28T07:34:34+00:00","og_image":[{"width":500,"height":500,"url":"https:\/\/www.anima-productions.com\/_clients\/faiteslire\/wp-content\/uploads\/2026\/08\/Agenda-Quivitlejour.jpg","type":"image\/jpeg"}],"twitter_card":"summary_large_image","twitter_misc":{"Dur\u00e9e de lecture estim\u00e9e":"1 minute"},"schema":{"@context":"https:\/\/schema.org","@graph":[{"@type":"WebPage","@id":"https:\/\/www.anima-productions.com\/_clients\/faiteslire\/evenements\/qui-vit-le-jour-qui-vit-la-nuit\/","url":"https:\/\/www.anima-productions.com\/_clients\/faiteslire\/evenements\/qui-vit-le-jour-qui-vit-la-nuit\/","name":"Qui vit le jour ? Qui vit la nuit ? - Faites lire !","isPartOf":{"@id":"https:\/\/www.anima-productions.com\/_clients\/faiteslire\/#website"},"primaryImageOfPage":{"@id":"https:\/\/www.anima-productions.com\/_clients\/faiteslire\/evenements\/qui-vit-le-jour-qui-vit-la-nuit\/#primaryimage"},"image":{"@id":"https:\/\/www.anima-productions.com\/_clients\/faiteslire\/evenements\/qui-vit-le-jour-qui-vit-la-nuit\/#primaryimage"},"thumbnailUrl":"https:\/\/www.anima-productions.com\/_clients\/faiteslire\/wp-content\/uploads\/2026\/08\/Agenda-Quivitlejour.jpg","datePublished":"2026-08-18T09:43:52+00:00","dateModified":"2026-08-28T07:34:34+00:00","breadcrumb":{"@id":"https:\/\/www.anima-productions.com\/_clients\/faiteslire\/evenements\/qui-vit-le-jour-qui-vit-la-nuit\/#breadcrumb"},"inLanguage":"fr-FR","potentialAction":[{"@type":"ReadAction","target":["https:\/\/www.anima-productions.com\/_clients\/faiteslire\/evenements\/qui-vit-le-jour-qui-vit-la-nuit\/"]}]},{"@type":"ImageObject","inLanguage":"fr-FR","@id":"https:\/\/www.anima-productions.com\/_clients\/faiteslire\/evenements\/qui-vit-le-jour-qui-vit-la-nuit\/#primaryimage","url":"https:\/\/www.anima-productions.com\/_clients\/faiteslire\/wp-content\/uploads\/2026\/08\/Agenda-Quivitlejour.jpg","contentUrl":"https:\/\/www.anima-productions.com\/_clients\/faiteslire\/wp-content\/uploads\/2026\/08\/Agenda-Quivitlejour.jpg","width":500,"height":500},{"@type":"BreadcrumbList","@id":"https:\/\/www.anima-productions.com\/_clients\/faiteslire\/evenements\/qui-vit-le-jour-qui-vit-la-nuit\/#breadcrumb","itemListElement":[{"@type":"ListItem","position":1,"name":"Accueil","item":"https:\/\/www.anima-productions.com\/_clients\/faiteslire\/"},{"@type":"ListItem","position":2,"name":"Qui vit le jour ? Qui vit la nuit ?"}]},{"@type":"WebSite","@id":"https:\/\/www.anima-productions.com\/_clients\/faiteslire\/#website","url":"https:\/\/www.anima-productions.com\/_clients\/faiteslire\/","name":"Faites lire !","description":"La f\u00eate de la lecture | Le Mans","potentialAction":[{"@type":"SearchAction","target":{"@type":"EntryPoint","urlTemplate":"https:\/\/www.anima-productions.com\/_clients\/faiteslire\/?s={search_term_string}"},"query-input":{"@type":"PropertyValueSpecification","valueRequired":true,"valueName":"search_term_string"}}],"inLanguage":"fr-FR"}]}},"_links":{"self":[{"href":"https:\/\/www.anima-productions.com\/_clients\/faiteslire\/wp-json\/wp\/v2\/evenement\/1092","targetHints":{"allow":["GET"]}}],"collection":[{"href":"https:\/\/www.anima-productions.com\/_clients\/faiteslire\/wp-json\/wp\/v2\/evenement"}],"about":[{"href":"https:\/\/www.anima-productions.com\/_clients\/faiteslire\/wp-json\/wp\/v2\/types\/evenement"}],"author":[{"embeddable":true,"href":"https:\/\/www.anima-productions.com\/_clients\/faiteslire\/wp-json\/wp\/v2\/users\/4"}],"version-history":[{"count":3,"href":"https:\/\/www.anima-productions.com\/_clients\/faiteslire\/wp-json\/wp\/v2\/evenement\/1092\/revisions"}],"predecessor-version":[{"id":1546,"href":"https:\/\/www.anima-productions.com\/_clients\/faiteslire\/wp-json\/wp\/v2\/evenement\/1092\/revisions\/1546"}],"wp:featuredmedia":[{"embeddable":true,"href":"https:\/\/www.anima-productions.com\/_clients\/faiteslire\/wp-json\/wp\/v2\/media\/2023"}],"wp:attachment":[{"href":"https:\/\/www.anima-productions.com\/_clients\/faiteslire\/wp-json\/wp\/v2\/media?parent=1092"}],"wp:term":[{"taxonomy":"types-evenements","embeddable":true,"href":"https:\/\/www.anima-productions.com\/_clients\/faiteslire\/wp-json\/wp\/v2\/types-evenements?post=1092"},{"taxonomy":"editions","embeddable":true,"href":"https:\/\/www.anima-productions.com\/_clients\/faiteslire\/wp-json\/wp\/v2\/editions?post=1092"},{"taxonomy":"publics","embeddable":true,"href":"https:\/\/www.anima-productions.com\/_clients\/faiteslire\/wp-json\/wp\/v2\/publics?post=1092"},{"taxonomy":"tarifs","embeddable":true,"href":"https:\/\/www.anima-productions.com\/_clients\/faiteslire\/wp-json\/wp\/v2\/tarifs?post=1092"},{"taxonomy":"temporalites","embeddable":true,"href":"https:\/\/www.anima-productions.com\/_clients\/faiteslire\/wp-json\/wp\/v2\/temporalites?post=1092"},{"taxonomy":"handicaps","embeddable":true,"href":"https:\/\/www.anima-productions.com\/_clients\/faiteslire\/wp-json\/wp\/v2\/handicaps?post=1092"}],"curies":[{"name":"wp","href":"https:\/\/api.w.org\/{rel}","templated":true}]}}

<p class="wp-block-paragraph">Atelier de travaux manuels pour créer un petit livre accordéon de dessins et collage sur le thème de la vie le jour et la nuit autour d&rsquo;une vieil arbre. </p>



<p class="wp-block-paragraph">Atelier mené par Séverine Duchesne, lauréate du Livre Vert 2026.</p>



<p class="wp-block-paragraph">À partir de 6 ans.</p>



<p class="wp-block-paragraph"></p>

<!-- This site is optimized with the Yoast SEO plugin v28.3 - https://yoast.com/product/yoast-seo-wordpress/ -->
<title>Qui vit le jour ? Qui vit la nuit ? - Faites lire !</title>
<meta name="robots" content="noindex, follow, max-snippet:-1, max-image-preview:large, max-video-preview:-1" />
<meta property="og:locale" content="fr_FR" />
<meta property="og:type" content="article" />
<meta property="og:title" content="Qui vit le jour ? Qui vit la nuit ? - Faites lire !" />
<meta property="og:description" content="Atelier de travaux manuels pour créer un petit livre accordéon de dessins et collage sur le thème de la vie le jour et la nuit autour d&rsquo;une vieil arbre. Atelier mené par Séverine Duchesne, lauréate du Livre Vert 2026. À partir de 6 ans." />
<meta property="og:url" content="https://www.anima-productions.com/_clients/faiteslire/evenements/qui-vit-le-jour-qui-vit-la-nuit/" />
<meta property="og:site_name" content="Faites lire !" />
<meta property="article:modified_time" content="2026-08-28T07:34:34+00:00" />
<meta property="og:image" content="https://www.anima-productions.com/_clients/faiteslire/wp-content/uploads/2026/08/Agenda-Quivitlejour.jpg" />
	<meta property="og:image:width" content="500" />
	<meta property="og:image:height" content="500" />
	<meta property="og:image:type" content="image/jpeg" />
<meta name="twitter:card" content="summary_large_image" />
<meta name="twitter:label1" content="Durée de lecture estimée" />
	<meta name="twitter:data1" content="1 minute" />
<script type="application/ld+json" class="yoast-schema-graph">{"@context":"https:\/\/schema.org","@graph":[{"@type":"WebPage","@id":"https:\/\/www.anima-productions.com\/_clients\/faiteslire\/evenements\/qui-vit-le-jour-qui-vit-la-nuit\/","url":"https:\/\/www.anima-productions.com\/_clients\/faiteslire\/evenements\/qui-vit-le-jour-qui-vit-la-nuit\/","name":"Qui vit le jour ? Qui vit la nuit ? - Faites lire !","isPartOf":{"@id":"https:\/\/www.anima-productions.com\/_clients\/faiteslire\/#website"},"primaryImageOfPage":{"@id":"https:\/\/www.anima-productions.com\/_clients\/faiteslire\/evenements\/qui-vit-le-jour-qui-vit-la-nuit\/#primaryimage"},"image":{"@id":"https:\/\/www.anima-productions.com\/_clients\/faiteslire\/evenements\/qui-vit-le-jour-qui-vit-la-nuit\/#primaryimage"},"thumbnailUrl":"https:\/\/www.anima-productions.com\/_clients\/faiteslire\/wp-content\/uploads\/2026\/08\/Agenda-Quivitlejour.jpg","datePublished":"2026-08-18T09:43:52+00:00","dateModified":"2026-08-28T07:34:34+00:00","breadcrumb":{"@id":"https:\/\/www.anima-productions.com\/_clients\/faiteslire\/evenements\/qui-vit-le-jour-qui-vit-la-nuit\/#breadcrumb"},"inLanguage":"fr-FR","potentialAction":[{"@type":"ReadAction","target":["https:\/\/www.anima-productions.com\/_clients\/faiteslire\/evenements\/qui-vit-le-jour-qui-vit-la-nuit\/"]}]},{"@type":"ImageObject","inLanguage":"fr-FR","@id":"https:\/\/www.anima-productions.com\/_clients\/faiteslire\/evenements\/qui-vit-le-jour-qui-vit-la-nuit\/#primaryimage","url":"https:\/\/www.anima-productions.com\/_clients\/faiteslire\/wp-content\/uploads\/2026\/08\/Agenda-Quivitlejour.jpg","contentUrl":"https:\/\/www.anima-productions.com\/_clients\/faiteslire\/wp-content\/uploads\/2026\/08\/Agenda-Quivitlejour.jpg","width":500,"height":500},{"@type":"BreadcrumbList","@id":"https:\/\/www.anima-productions.com\/_clients\/faiteslire\/evenements\/qui-vit-le-jour-qui-vit-la-nuit\/#breadcrumb","itemListElement":[{"@type":"ListItem","position":1,"name":"Accueil","item":"https:\/\/www.anima-productions.com\/_clients\/faiteslire\/"},{"@type":"ListItem","position":2,"name":"Qui vit le jour ? Qui vit la nuit ?"}]},{"@type":"WebSite","@id":"https:\/\/www.anima-productions.com\/_clients\/faiteslire\/#website","url":"https:\/\/www.anima-productions.com\/_clients\/faiteslire\/","name":"Faites lire !","description":"La fête de la lecture | Le Mans","potentialAction":[{"@type":"SearchAction","target":{"@type":"EntryPoint","urlTemplate":"https:\/\/www.anima-productions.com\/_clients\/faiteslire\/?s={search_term_string}"},"query-input":{"@type":"PropertyValueSpecification","valueRequired":true,"valueName":"search_term_string"}}],"inLanguage":"fr-FR"}]}</script>
<!-- / Yoast SEO plugin. -->

Atelier de travaux manuels pour créer un petit livre accordéon de dessins et collage sur le thème de la vie le jour et la nuit autour d&rsquo;une vieil arbre. Atelier mené par Séverine Duchesne, lauréate du Livre Vert 2026. À partir de 6 ans.

La fête de la lecture | Le Mans
