{"id":1521,"date":"2026-08-19T15:41:27","date_gmt":"2026-08-19T13:41:27","guid":{"rendered":"https:\/\/www.anima-productions.com\/_clients\/faiteslire\/?post_type=evenement&#038;p=1521"},"modified":"2026-09-01T10:17:15","modified_gmt":"2026-09-01T08:17:15","slug":"le-monde-est-rond","status":"publish","type":"evenement","link":"https:\/\/www.anima-productions.com\/_clients\/faiteslire\/evenements\/le-monde-est-rond\/","title":{"rendered":"Le monde est rond"},"content":{"rendered":"<div class=\"FL26_ENCADRE\"><p>Spectacle uniquement pour les scolaires, non ouvert au public.<\/p>\n<\/div>\n\n\n<p class=\"wp-block-paragraph\">Le monde est rond, \u00e0 la fois po\u00e8me, chanson et l\u00e9gende, raconte le monde vu par les yeux d\u2019une petite fille : Rose.<\/p>\n\n\n\n<p class=\"wp-block-paragraph\">Rose, son chien Amour et sa chaise bleue, Willie et Billy, son lion sauvage, sont les figures principales de ce conte initiatique qui s\u2019ouvre par \u00ab\u00a0Il \u00e9tait une fois\u2026\u00a0\u00bb et se r\u00e9sout par une union heureuse. Mais Gertrude Stein brouille les pistes et bouleverse les codes, fait de Rose l\u2019h\u00e9ro\u00efne intr\u00e9pide et cr\u00e9ative de sa renaissance, dans un r\u00e9cit hallucin\u00e9 et loufoque.<\/p>\n\n\n\n<p class=\"wp-block-paragraph\">En 16 tableaux, ce voyage po\u00e9tique, musical et visuel, traverse une grande vari\u00e9t\u00e9 de registres et de paysages : collage cubiste o\u00f9 se m\u00ealent le fran\u00e7ais, l\u2019anglais, les mont\u00e9es vibrantes du chant lyrique, la grande musique, le minimalisme, les ritournelles de chants populaires et de folies improvis\u00e9es.<\/p>\n","protected":false},"author":4,"featured_media":1955,"menu_order":0,"template":"","types-evenements":[22],"editions":[11],"publics":[26,27],"tarifs":[13],"temporalites":[30],"handicaps":[],"class_list":["post-1521","evenement","type-evenement","status-publish","has-post-thumbnail","hentry","types-evenements-spectacle-vivant","editions-11","publics-jeune-public","publics-jeunesse","tarifs-gratuit","temporalites-semaine","entry"],"acf":[],"yoast_head":"<!-- This site is optimized with the Yoast SEO plugin v28.3 - https:\/\/yoast.com\/product\/yoast-seo-wordpress\/ -->\n<title>Le monde est rond - Faites lire !<\/title>\n<meta name=\"robots\" content=\"noindex, follow, max-snippet:-1, max-image-preview:large, max-video-preview:-1\" \/>\n<meta property=\"og:locale\" content=\"fr_FR\" \/>\n<meta property=\"og:type\" content=\"article\" \/>\n<meta property=\"og:title\" content=\"Le monde est rond - Faites lire !\" \/>\n<meta property=\"og:description\" content=\"Le monde est rond, \u00e0 la fois po\u00e8me, chanson et l\u00e9gende, raconte le monde vu par les yeux d\u2019une petite fille : Rose. Rose, son chien Amour et sa chaise bleue, Willie et Billy, son lion sauvage, sont les figures principales de ce conte initiatique qui s\u2019ouvre par \u00ab\u00a0Il \u00e9tait une fois\u2026\u00a0\u00bb et se r\u00e9sout&hellip; Poursuivre la lecture Le monde est rond\" \/>\n<meta property=\"og:url\" content=\"https:\/\/www.anima-productions.com\/_clients\/faiteslire\/evenements\/le-monde-est-rond\/\" \/>\n<meta property=\"og:site_name\" content=\"Faites lire !\" \/>\n<meta property=\"article:modified_time\" content=\"2026-09-01T08:17:15+00:00\" \/>\n<meta property=\"og:image\" content=\"https:\/\/www.anima-productions.com\/_clients\/faiteslire\/wp-content\/uploads\/2026\/08\/Agenda-MondeEstRond.webp\" \/>\n\t<meta property=\"og:image:width\" content=\"500\" \/>\n\t<meta property=\"og:image:height\" content=\"500\" \/>\n\t<meta property=\"og:image:type\" content=\"image\/webp\" \/>\n<meta name=\"twitter:card\" content=\"summary_large_image\" \/>\n<meta name=\"twitter:label1\" content=\"Dur\u00e9e de lecture estim\u00e9e\" \/>\n\t<meta name=\"twitter:data1\" content=\"1 minute\" \/>\n<script type=\"application\/ld+json\" class=\"yoast-schema-graph\">{\"@context\":\"https:\\\/\\\/schema.org\",\"@graph\":[{\"@type\":\"WebPage\",\"@id\":\"https:\\\/\\\/www.anima-productions.com\\\/_clients\\\/faiteslire\\\/evenements\\\/le-monde-est-rond\\\/\",\"url\":\"https:\\\/\\\/www.anima-productions.com\\\/_clients\\\/faiteslire\\\/evenements\\\/le-monde-est-rond\\\/\",\"name\":\"Le monde est rond - Faites lire !\",\"isPartOf\":{\"@id\":\"https:\\\/\\\/www.anima-productions.com\\\/_clients\\\/faiteslire\\\/#website\"},\"primaryImageOfPage\":{\"@id\":\"https:\\\/\\\/www.anima-productions.com\\\/_clients\\\/faiteslire\\\/evenements\\\/le-monde-est-rond\\\/#primaryimage\"},\"image\":{\"@id\":\"https:\\\/\\\/www.anima-productions.com\\\/_clients\\\/faiteslire\\\/evenements\\\/le-monde-est-rond\\\/#primaryimage\"},\"thumbnailUrl\":\"https:\\\/\\\/www.anima-productions.com\\\/_clients\\\/faiteslire\\\/wp-content\\\/uploads\\\/2026\\\/08\\\/Agenda-MondeEstRond.webp\",\"datePublished\":\"2026-08-19T13:41:27+00:00\",\"dateModified\":\"2026-09-01T08:17:15+00:00\",\"breadcrumb\":{\"@id\":\"https:\\\/\\\/www.anima-productions.com\\\/_clients\\\/faiteslire\\\/evenements\\\/le-monde-est-rond\\\/#breadcrumb\"},\"inLanguage\":\"fr-FR\",\"potentialAction\":[{\"@type\":\"ReadAction\",\"target\":[\"https:\\\/\\\/www.anima-productions.com\\\/_clients\\\/faiteslire\\\/evenements\\\/le-monde-est-rond\\\/\"]}]},{\"@type\":\"ImageObject\",\"inLanguage\":\"fr-FR\",\"@id\":\"https:\\\/\\\/www.anima-productions.com\\\/_clients\\\/faiteslire\\\/evenements\\\/le-monde-est-rond\\\/#primaryimage\",\"url\":\"https:\\\/\\\/www.anima-productions.com\\\/_clients\\\/faiteslire\\\/wp-content\\\/uploads\\\/2026\\\/08\\\/Agenda-MondeEstRond.webp\",\"contentUrl\":\"https:\\\/\\\/www.anima-productions.com\\\/_clients\\\/faiteslire\\\/wp-content\\\/uploads\\\/2026\\\/08\\\/Agenda-MondeEstRond.webp\",\"width\":500,\"height\":500},{\"@type\":\"BreadcrumbList\",\"@id\":\"https:\\\/\\\/www.anima-productions.com\\\/_clients\\\/faiteslire\\\/evenements\\\/le-monde-est-rond\\\/#breadcrumb\",\"itemListElement\":[{\"@type\":\"ListItem\",\"position\":1,\"name\":\"Accueil\",\"item\":\"https:\\\/\\\/www.anima-productions.com\\\/_clients\\\/faiteslire\\\/\"},{\"@type\":\"ListItem\",\"position\":2,\"name\":\"Le monde est rond\"}]},{\"@type\":\"WebSite\",\"@id\":\"https:\\\/\\\/www.anima-productions.com\\\/_clients\\\/faiteslire\\\/#website\",\"url\":\"https:\\\/\\\/www.anima-productions.com\\\/_clients\\\/faiteslire\\\/\",\"name\":\"Faites lire !\",\"description\":\"La f\u00eate de la lecture | Le Mans\",\"potentialAction\":[{\"@type\":\"SearchAction\",\"target\":{\"@type\":\"EntryPoint\",\"urlTemplate\":\"https:\\\/\\\/www.anima-productions.com\\\/_clients\\\/faiteslire\\\/?s={search_term_string}\"},\"query-input\":{\"@type\":\"PropertyValueSpecification\",\"valueRequired\":true,\"valueName\":\"search_term_string\"}}],\"inLanguage\":\"fr-FR\"}]}<\/script>\n<!-- \/ Yoast SEO plugin. -->","yoast_head_json":{"title":"Le monde est rond - Faites lire !","robots":{"index":"noindex","follow":"follow","max-snippet":"max-snippet:-1","max-image-preview":"max-image-preview:large","max-video-preview":"max-video-preview:-1"},"og_locale":"fr_FR","og_type":"article","og_title":"Le monde est rond - Faites lire !","og_description":"Le monde est rond, \u00e0 la fois po\u00e8me, chanson et l\u00e9gende, raconte le monde vu par les yeux d\u2019une petite fille : Rose. Rose, son chien Amour et sa chaise bleue, Willie et Billy, son lion sauvage, sont les figures principales de ce conte initiatique qui s\u2019ouvre par \u00ab\u00a0Il \u00e9tait une fois\u2026\u00a0\u00bb et se r\u00e9sout&hellip; Poursuivre la lecture Le monde est rond","og_url":"https:\/\/www.anima-productions.com\/_clients\/faiteslire\/evenements\/le-monde-est-rond\/","og_site_name":"Faites lire !","article_modified_time":"2026-09-01T08:17:15+00:00","og_image":[{"width":500,"height":500,"url":"https:\/\/www.anima-productions.com\/_clients\/faiteslire\/wp-content\/uploads\/2026\/08\/Agenda-MondeEstRond.webp","type":"image\/webp"}],"twitter_card":"summary_large_image","twitter_misc":{"Dur\u00e9e de lecture estim\u00e9e":"1 minute"},"schema":{"@context":"https:\/\/schema.org","@graph":[{"@type":"WebPage","@id":"https:\/\/www.anima-productions.com\/_clients\/faiteslire\/evenements\/le-monde-est-rond\/","url":"https:\/\/www.anima-productions.com\/_clients\/faiteslire\/evenements\/le-monde-est-rond\/","name":"Le monde est rond - Faites lire !","isPartOf":{"@id":"https:\/\/www.anima-productions.com\/_clients\/faiteslire\/#website"},"primaryImageOfPage":{"@id":"https:\/\/www.anima-productions.com\/_clients\/faiteslire\/evenements\/le-monde-est-rond\/#primaryimage"},"image":{"@id":"https:\/\/www.anima-productions.com\/_clients\/faiteslire\/evenements\/le-monde-est-rond\/#primaryimage"},"thumbnailUrl":"https:\/\/www.anima-productions.com\/_clients\/faiteslire\/wp-content\/uploads\/2026\/08\/Agenda-MondeEstRond.webp","datePublished":"2026-08-19T13:41:27+00:00","dateModified":"2026-09-01T08:17:15+00:00","breadcrumb":{"@id":"https:\/\/www.anima-productions.com\/_clients\/faiteslire\/evenements\/le-monde-est-rond\/#breadcrumb"},"inLanguage":"fr-FR","potentialAction":[{"@type":"ReadAction","target":["https:\/\/www.anima-productions.com\/_clients\/faiteslire\/evenements\/le-monde-est-rond\/"]}]},{"@type":"ImageObject","inLanguage":"fr-FR","@id":"https:\/\/www.anima-productions.com\/_clients\/faiteslire\/evenements\/le-monde-est-rond\/#primaryimage","url":"https:\/\/www.anima-productions.com\/_clients\/faiteslire\/wp-content\/uploads\/2026\/08\/Agenda-MondeEstRond.webp","contentUrl":"https:\/\/www.anima-productions.com\/_clients\/faiteslire\/wp-content\/uploads\/2026\/08\/Agenda-MondeEstRond.webp","width":500,"height":500},{"@type":"BreadcrumbList","@id":"https:\/\/www.anima-productions.com\/_clients\/faiteslire\/evenements\/le-monde-est-rond\/#breadcrumb","itemListElement":[{"@type":"ListItem","position":1,"name":"Accueil","item":"https:\/\/www.anima-productions.com\/_clients\/faiteslire\/"},{"@type":"ListItem","position":2,"name":"Le monde est rond"}]},{"@type":"WebSite","@id":"https:\/\/www.anima-productions.com\/_clients\/faiteslire\/#website","url":"https:\/\/www.anima-productions.com\/_clients\/faiteslire\/","name":"Faites lire !","description":"La f\u00eate de la lecture | Le Mans","potentialAction":[{"@type":"SearchAction","target":{"@type":"EntryPoint","urlTemplate":"https:\/\/www.anima-productions.com\/_clients\/faiteslire\/?s={search_term_string}"},"query-input":{"@type":"PropertyValueSpecification","valueRequired":true,"valueName":"search_term_string"}}],"inLanguage":"fr-FR"}]}},"_links":{"self":[{"href":"https:\/\/www.anima-productions.com\/_clients\/faiteslire\/wp-json\/wp\/v2\/evenement\/1521","targetHints":{"allow":["GET"]}}],"collection":[{"href":"https:\/\/www.anima-productions.com\/_clients\/faiteslire\/wp-json\/wp\/v2\/evenement"}],"about":[{"href":"https:\/\/www.anima-productions.com\/_clients\/faiteslire\/wp-json\/wp\/v2\/types\/evenement"}],"author":[{"embeddable":true,"href":"https:\/\/www.anima-productions.com\/_clients\/faiteslire\/wp-json\/wp\/v2\/users\/4"}],"version-history":[{"count":4,"href":"https:\/\/www.anima-productions.com\/_clients\/faiteslire\/wp-json\/wp\/v2\/evenement\/1521\/revisions"}],"predecessor-version":[{"id":2248,"href":"https:\/\/www.anima-productions.com\/_clients\/faiteslire\/wp-json\/wp\/v2\/evenement\/1521\/revisions\/2248"}],"wp:featuredmedia":[{"embeddable":true,"href":"https:\/\/www.anima-productions.com\/_clients\/faiteslire\/wp-json\/wp\/v2\/media\/1955"}],"wp:attachment":[{"href":"https:\/\/www.anima-productions.com\/_clients\/faiteslire\/wp-json\/wp\/v2\/media?parent=1521"}],"wp:term":[{"taxonomy":"types-evenements","embeddable":true,"href":"https:\/\/www.anima-productions.com\/_clients\/faiteslire\/wp-json\/wp\/v2\/types-evenements?post=1521"},{"taxonomy":"editions","embeddable":true,"href":"https:\/\/www.anima-productions.com\/_clients\/faiteslire\/wp-json\/wp\/v2\/editions?post=1521"},{"taxonomy":"publics","embeddable":true,"href":"https:\/\/www.anima-productions.com\/_clients\/faiteslire\/wp-json\/wp\/v2\/publics?post=1521"},{"taxonomy":"tarifs","embeddable":true,"href":"https:\/\/www.anima-productions.com\/_clients\/faiteslire\/wp-json\/wp\/v2\/tarifs?post=1521"},{"taxonomy":"temporalites","embeddable":true,"href":"https:\/\/www.anima-productions.com\/_clients\/faiteslire\/wp-json\/wp\/v2\/temporalites?post=1521"},{"taxonomy":"handicaps","embeddable":true,"href":"https:\/\/www.anima-productions.com\/_clients\/faiteslire\/wp-json\/wp\/v2\/handicaps?post=1521"}],"curies":[{"name":"wp","href":"https:\/\/api.w.org\/{rel}","templated":true}]}}

<div class="FL26_ENCADRE"><p>Spectacle uniquement pour les scolaires, non ouvert au public.</p>
</div>


<p class="wp-block-paragraph">Le monde est rond, à la fois poème, chanson et légende, raconte le monde vu par les yeux d’une petite fille : Rose.</p>



<p class="wp-block-paragraph">Rose, son chien Amour et sa chaise bleue, Willie et Billy, son lion sauvage, sont les figures principales de ce conte initiatique qui s’ouvre par « Il était une fois… » et se résout par une union heureuse. Mais Gertrude Stein brouille les pistes et bouleverse les codes, fait de Rose l’héroïne intrépide et créative de sa renaissance, dans un récit halluciné et loufoque.</p>



<p class="wp-block-paragraph">En 16 tableaux, ce voyage poétique, musical et visuel, traverse une grande variété de registres et de paysages : collage cubiste où se mêlent le français, l’anglais, les montées vibrantes du chant lyrique, la grande musique, le minimalisme, les ritournelles de chants populaires et de folies improvisées.</p>

<!-- This site is optimized with the Yoast SEO plugin v28.3 - https://yoast.com/product/yoast-seo-wordpress/ -->
<title>Le monde est rond - Faites lire !</title>
<meta name="robots" content="noindex, follow, max-snippet:-1, max-image-preview:large, max-video-preview:-1" />
<meta property="og:locale" content="fr_FR" />
<meta property="og:type" content="article" />
<meta property="og:title" content="Le monde est rond - Faites lire !" />
<meta property="og:description" content="Le monde est rond, à la fois poème, chanson et légende, raconte le monde vu par les yeux d’une petite fille : Rose. Rose, son chien Amour et sa chaise bleue, Willie et Billy, son lion sauvage, sont les figures principales de ce conte initiatique qui s’ouvre par « Il était une fois… » et se résout&hellip; Poursuivre la lecture Le monde est rond" />
<meta property="og:url" content="https://www.anima-productions.com/_clients/faiteslire/evenements/le-monde-est-rond/" />
<meta property="og:site_name" content="Faites lire !" />
<meta property="article:modified_time" content="2026-09-01T08:17:15+00:00" />
<meta property="og:image" content="https://www.anima-productions.com/_clients/faiteslire/wp-content/uploads/2026/08/Agenda-MondeEstRond.webp" />
	<meta property="og:image:width" content="500" />
	<meta property="og:image:height" content="500" />
	<meta property="og:image:type" content="image/webp" />
<meta name="twitter:card" content="summary_large_image" />
<meta name="twitter:label1" content="Durée de lecture estimée" />
	<meta name="twitter:data1" content="1 minute" />
<script type="application/ld+json" class="yoast-schema-graph">{"@context":"https:\/\/schema.org","@graph":[{"@type":"WebPage","@id":"https:\/\/www.anima-productions.com\/_clients\/faiteslire\/evenements\/le-monde-est-rond\/","url":"https:\/\/www.anima-productions.com\/_clients\/faiteslire\/evenements\/le-monde-est-rond\/","name":"Le monde est rond - Faites lire !","isPartOf":{"@id":"https:\/\/www.anima-productions.com\/_clients\/faiteslire\/#website"},"primaryImageOfPage":{"@id":"https:\/\/www.anima-productions.com\/_clients\/faiteslire\/evenements\/le-monde-est-rond\/#primaryimage"},"image":{"@id":"https:\/\/www.anima-productions.com\/_clients\/faiteslire\/evenements\/le-monde-est-rond\/#primaryimage"},"thumbnailUrl":"https:\/\/www.anima-productions.com\/_clients\/faiteslire\/wp-content\/uploads\/2026\/08\/Agenda-MondeEstRond.webp","datePublished":"2026-08-19T13:41:27+00:00","dateModified":"2026-09-01T08:17:15+00:00","breadcrumb":{"@id":"https:\/\/www.anima-productions.com\/_clients\/faiteslire\/evenements\/le-monde-est-rond\/#breadcrumb"},"inLanguage":"fr-FR","potentialAction":[{"@type":"ReadAction","target":["https:\/\/www.anima-productions.com\/_clients\/faiteslire\/evenements\/le-monde-est-rond\/"]}]},{"@type":"ImageObject","inLanguage":"fr-FR","@id":"https:\/\/www.anima-productions.com\/_clients\/faiteslire\/evenements\/le-monde-est-rond\/#primaryimage","url":"https:\/\/www.anima-productions.com\/_clients\/faiteslire\/wp-content\/uploads\/2026\/08\/Agenda-MondeEstRond.webp","contentUrl":"https:\/\/www.anima-productions.com\/_clients\/faiteslire\/wp-content\/uploads\/2026\/08\/Agenda-MondeEstRond.webp","width":500,"height":500},{"@type":"BreadcrumbList","@id":"https:\/\/www.anima-productions.com\/_clients\/faiteslire\/evenements\/le-monde-est-rond\/#breadcrumb","itemListElement":[{"@type":"ListItem","position":1,"name":"Accueil","item":"https:\/\/www.anima-productions.com\/_clients\/faiteslire\/"},{"@type":"ListItem","position":2,"name":"Le monde est rond"}]},{"@type":"WebSite","@id":"https:\/\/www.anima-productions.com\/_clients\/faiteslire\/#website","url":"https:\/\/www.anima-productions.com\/_clients\/faiteslire\/","name":"Faites lire !","description":"La fête de la lecture | Le Mans","potentialAction":[{"@type":"SearchAction","target":{"@type":"EntryPoint","urlTemplate":"https:\/\/www.anima-productions.com\/_clients\/faiteslire\/?s={search_term_string}"},"query-input":{"@type":"PropertyValueSpecification","valueRequired":true,"valueName":"search_term_string"}}],"inLanguage":"fr-FR"}]}</script>
<!-- / Yoast SEO plugin. -->

Le monde est rond, à la fois poème, chanson et légende, raconte le monde vu par les yeux d’une petite fille : Rose. Rose, son chien Amour et sa chaise bleue, Willie et Billy, son lion sauvage, sont les figures principales de ce conte initiatique qui s’ouvre par « Il était une fois… » et se résout&hellip; Poursuivre la lecture Le monde est rond

La fête de la lecture | Le Mans
