{"id":1557,"date":"2026-08-19T16:56:21","date_gmt":"2026-08-19T14:56:21","guid":{"rendered":"https:\/\/www.anima-productions.com\/_clients\/faiteslire\/?post_type=evenement&#038;p=1557"},"modified":"2026-08-28T16:35:37","modified_gmt":"2026-08-28T14:35:37","slug":"ducobu-et-le-fantome-de-saint-potache","status":"publish","type":"evenement","link":"https:\/\/www.anima-productions.com\/_clients\/faiteslire\/evenements\/ducobu-et-le-fantome-de-saint-potache\/","title":{"rendered":"Ducobu et le fant\u00f4me de Saint-Potache"},"content":{"rendered":"\n<p class=\"wp-block-paragraph\">Quand bande dessin\u00e9e et cin\u00e9ma se rencontrent.<\/p>\n\n\n\n<p class=\"wp-block-paragraph\">La nouvelle adaptation cin\u00e9matographique de la s\u00e9rie humoristique <em>L\u2019\u00e9l\u00e8ve Ducobu<\/em> avec Elie Semoun sera projet\u00e9e en avant-premi\u00e8re au Path\u00e9. Elle sera suivie d&rsquo;une rencontre avec les auteurs et l&rsquo;\u00e9quipe du film.\u00a0<\/p>\n","protected":false},"author":4,"featured_media":1991,"menu_order":0,"template":"","types-evenements":[25],"editions":[11],"publics":[27],"tarifs":[12],"temporalites":[31],"handicaps":[37],"class_list":["post-1557","evenement","type-evenement","status-publish","has-post-thumbnail","hentry","types-evenements-rencontre","editions-11","publics-jeunesse","tarifs-payant","temporalites-weekend","handicaps-handicap-physique","entry"],"acf":[],"yoast_head":"<!-- This site is optimized with the Yoast SEO plugin v28.3 - https:\/\/yoast.com\/product\/yoast-seo-wordpress\/ -->\n<title>Ducobu et le fant\u00f4me de Saint-Potache - Faites lire !<\/title>\n<meta name=\"robots\" content=\"noindex, follow, max-snippet:-1, max-image-preview:large, max-video-preview:-1\" \/>\n<meta property=\"og:locale\" content=\"fr_FR\" \/>\n<meta property=\"og:type\" content=\"article\" \/>\n<meta property=\"og:title\" content=\"Ducobu et le fant\u00f4me de Saint-Potache - Faites lire !\" \/>\n<meta property=\"og:description\" content=\"Quand bande dessin\u00e9e et cin\u00e9ma se rencontrent. La nouvelle adaptation cin\u00e9matographique de la s\u00e9rie humoristique L\u2019\u00e9l\u00e8ve Ducobu avec Elie Semoun sera projet\u00e9e en avant-premi\u00e8re au Path\u00e9. Elle sera suivie d&rsquo;une rencontre avec les auteurs et l&rsquo;\u00e9quipe du film.\u00a0\" \/>\n<meta property=\"og:url\" content=\"https:\/\/www.anima-productions.com\/_clients\/faiteslire\/evenements\/ducobu-et-le-fantome-de-saint-potache\/\" \/>\n<meta property=\"og:site_name\" content=\"Faites lire !\" \/>\n<meta property=\"article:modified_time\" content=\"2026-08-28T14:35:37+00:00\" \/>\n<meta property=\"og:image\" content=\"https:\/\/www.anima-productions.com\/_clients\/faiteslire\/wp-content\/uploads\/2026\/08\/Agenda-FaitesLire.webp\" \/>\n\t<meta property=\"og:image:width\" content=\"500\" \/>\n\t<meta property=\"og:image:height\" content=\"500\" \/>\n\t<meta property=\"og:image:type\" content=\"image\/webp\" \/>\n<meta name=\"twitter:card\" content=\"summary_large_image\" \/>\n<meta name=\"twitter:label1\" content=\"Dur\u00e9e de lecture estim\u00e9e\" \/>\n\t<meta name=\"twitter:data1\" content=\"1 minute\" \/>\n<script type=\"application\/ld+json\" class=\"yoast-schema-graph\">{\"@context\":\"https:\\\/\\\/schema.org\",\"@graph\":[{\"@type\":\"WebPage\",\"@id\":\"https:\\\/\\\/www.anima-productions.com\\\/_clients\\\/faiteslire\\\/evenements\\\/ducobu-et-le-fantome-de-saint-potache\\\/\",\"url\":\"https:\\\/\\\/www.anima-productions.com\\\/_clients\\\/faiteslire\\\/evenements\\\/ducobu-et-le-fantome-de-saint-potache\\\/\",\"name\":\"Ducobu et le fant\u00f4me de Saint-Potache - Faites lire !\",\"isPartOf\":{\"@id\":\"https:\\\/\\\/www.anima-productions.com\\\/_clients\\\/faiteslire\\\/#website\"},\"primaryImageOfPage\":{\"@id\":\"https:\\\/\\\/www.anima-productions.com\\\/_clients\\\/faiteslire\\\/evenements\\\/ducobu-et-le-fantome-de-saint-potache\\\/#primaryimage\"},\"image\":{\"@id\":\"https:\\\/\\\/www.anima-productions.com\\\/_clients\\\/faiteslire\\\/evenements\\\/ducobu-et-le-fantome-de-saint-potache\\\/#primaryimage\"},\"thumbnailUrl\":\"https:\\\/\\\/www.anima-productions.com\\\/_clients\\\/faiteslire\\\/wp-content\\\/uploads\\\/2026\\\/08\\\/Agenda-FaitesLire.webp\",\"datePublished\":\"2026-08-19T14:56:21+00:00\",\"dateModified\":\"2026-08-28T14:35:37+00:00\",\"breadcrumb\":{\"@id\":\"https:\\\/\\\/www.anima-productions.com\\\/_clients\\\/faiteslire\\\/evenements\\\/ducobu-et-le-fantome-de-saint-potache\\\/#breadcrumb\"},\"inLanguage\":\"fr-FR\",\"potentialAction\":[{\"@type\":\"ReadAction\",\"target\":[\"https:\\\/\\\/www.anima-productions.com\\\/_clients\\\/faiteslire\\\/evenements\\\/ducobu-et-le-fantome-de-saint-potache\\\/\"]}]},{\"@type\":\"ImageObject\",\"inLanguage\":\"fr-FR\",\"@id\":\"https:\\\/\\\/www.anima-productions.com\\\/_clients\\\/faiteslire\\\/evenements\\\/ducobu-et-le-fantome-de-saint-potache\\\/#primaryimage\",\"url\":\"https:\\\/\\\/www.anima-productions.com\\\/_clients\\\/faiteslire\\\/wp-content\\\/uploads\\\/2026\\\/08\\\/Agenda-FaitesLire.webp\",\"contentUrl\":\"https:\\\/\\\/www.anima-productions.com\\\/_clients\\\/faiteslire\\\/wp-content\\\/uploads\\\/2026\\\/08\\\/Agenda-FaitesLire.webp\",\"width\":500,\"height\":500},{\"@type\":\"BreadcrumbList\",\"@id\":\"https:\\\/\\\/www.anima-productions.com\\\/_clients\\\/faiteslire\\\/evenements\\\/ducobu-et-le-fantome-de-saint-potache\\\/#breadcrumb\",\"itemListElement\":[{\"@type\":\"ListItem\",\"position\":1,\"name\":\"Accueil\",\"item\":\"https:\\\/\\\/www.anima-productions.com\\\/_clients\\\/faiteslire\\\/\"},{\"@type\":\"ListItem\",\"position\":2,\"name\":\"Ducobu et le fant\u00f4me de Saint-Potache\"}]},{\"@type\":\"WebSite\",\"@id\":\"https:\\\/\\\/www.anima-productions.com\\\/_clients\\\/faiteslire\\\/#website\",\"url\":\"https:\\\/\\\/www.anima-productions.com\\\/_clients\\\/faiteslire\\\/\",\"name\":\"Faites lire !\",\"description\":\"La f\u00eate de la lecture | Le Mans\",\"potentialAction\":[{\"@type\":\"SearchAction\",\"target\":{\"@type\":\"EntryPoint\",\"urlTemplate\":\"https:\\\/\\\/www.anima-productions.com\\\/_clients\\\/faiteslire\\\/?s={search_term_string}\"},\"query-input\":{\"@type\":\"PropertyValueSpecification\",\"valueRequired\":true,\"valueName\":\"search_term_string\"}}],\"inLanguage\":\"fr-FR\"}]}<\/script>\n<!-- \/ Yoast SEO plugin. -->","yoast_head_json":{"title":"Ducobu et le fant\u00f4me de Saint-Potache - Faites lire !","robots":{"index":"noindex","follow":"follow","max-snippet":"max-snippet:-1","max-image-preview":"max-image-preview:large","max-video-preview":"max-video-preview:-1"},"og_locale":"fr_FR","og_type":"article","og_title":"Ducobu et le fant\u00f4me de Saint-Potache - Faites lire !","og_description":"Quand bande dessin\u00e9e et cin\u00e9ma se rencontrent. La nouvelle adaptation cin\u00e9matographique de la s\u00e9rie humoristique L\u2019\u00e9l\u00e8ve Ducobu avec Elie Semoun sera projet\u00e9e en avant-premi\u00e8re au Path\u00e9. Elle sera suivie d&rsquo;une rencontre avec les auteurs et l&rsquo;\u00e9quipe du film.\u00a0","og_url":"https:\/\/www.anima-productions.com\/_clients\/faiteslire\/evenements\/ducobu-et-le-fantome-de-saint-potache\/","og_site_name":"Faites lire !","article_modified_time":"2026-08-28T14:35:37+00:00","og_image":[{"width":500,"height":500,"url":"https:\/\/www.anima-productions.com\/_clients\/faiteslire\/wp-content\/uploads\/2026\/08\/Agenda-FaitesLire.webp","type":"image\/webp"}],"twitter_card":"summary_large_image","twitter_misc":{"Dur\u00e9e de lecture estim\u00e9e":"1 minute"},"schema":{"@context":"https:\/\/schema.org","@graph":[{"@type":"WebPage","@id":"https:\/\/www.anima-productions.com\/_clients\/faiteslire\/evenements\/ducobu-et-le-fantome-de-saint-potache\/","url":"https:\/\/www.anima-productions.com\/_clients\/faiteslire\/evenements\/ducobu-et-le-fantome-de-saint-potache\/","name":"Ducobu et le fant\u00f4me de Saint-Potache - Faites lire !","isPartOf":{"@id":"https:\/\/www.anima-productions.com\/_clients\/faiteslire\/#website"},"primaryImageOfPage":{"@id":"https:\/\/www.anima-productions.com\/_clients\/faiteslire\/evenements\/ducobu-et-le-fantome-de-saint-potache\/#primaryimage"},"image":{"@id":"https:\/\/www.anima-productions.com\/_clients\/faiteslire\/evenements\/ducobu-et-le-fantome-de-saint-potache\/#primaryimage"},"thumbnailUrl":"https:\/\/www.anima-productions.com\/_clients\/faiteslire\/wp-content\/uploads\/2026\/08\/Agenda-FaitesLire.webp","datePublished":"2026-08-19T14:56:21+00:00","dateModified":"2026-08-28T14:35:37+00:00","breadcrumb":{"@id":"https:\/\/www.anima-productions.com\/_clients\/faiteslire\/evenements\/ducobu-et-le-fantome-de-saint-potache\/#breadcrumb"},"inLanguage":"fr-FR","potentialAction":[{"@type":"ReadAction","target":["https:\/\/www.anima-productions.com\/_clients\/faiteslire\/evenements\/ducobu-et-le-fantome-de-saint-potache\/"]}]},{"@type":"ImageObject","inLanguage":"fr-FR","@id":"https:\/\/www.anima-productions.com\/_clients\/faiteslire\/evenements\/ducobu-et-le-fantome-de-saint-potache\/#primaryimage","url":"https:\/\/www.anima-productions.com\/_clients\/faiteslire\/wp-content\/uploads\/2026\/08\/Agenda-FaitesLire.webp","contentUrl":"https:\/\/www.anima-productions.com\/_clients\/faiteslire\/wp-content\/uploads\/2026\/08\/Agenda-FaitesLire.webp","width":500,"height":500},{"@type":"BreadcrumbList","@id":"https:\/\/www.anima-productions.com\/_clients\/faiteslire\/evenements\/ducobu-et-le-fantome-de-saint-potache\/#breadcrumb","itemListElement":[{"@type":"ListItem","position":1,"name":"Accueil","item":"https:\/\/www.anima-productions.com\/_clients\/faiteslire\/"},{"@type":"ListItem","position":2,"name":"Ducobu et le fant\u00f4me de Saint-Potache"}]},{"@type":"WebSite","@id":"https:\/\/www.anima-productions.com\/_clients\/faiteslire\/#website","url":"https:\/\/www.anima-productions.com\/_clients\/faiteslire\/","name":"Faites lire !","description":"La f\u00eate de la lecture | Le Mans","potentialAction":[{"@type":"SearchAction","target":{"@type":"EntryPoint","urlTemplate":"https:\/\/www.anima-productions.com\/_clients\/faiteslire\/?s={search_term_string}"},"query-input":{"@type":"PropertyValueSpecification","valueRequired":true,"valueName":"search_term_string"}}],"inLanguage":"fr-FR"}]}},"_links":{"self":[{"href":"https:\/\/www.anima-productions.com\/_clients\/faiteslire\/wp-json\/wp\/v2\/evenement\/1557","targetHints":{"allow":["GET"]}}],"collection":[{"href":"https:\/\/www.anima-productions.com\/_clients\/faiteslire\/wp-json\/wp\/v2\/evenement"}],"about":[{"href":"https:\/\/www.anima-productions.com\/_clients\/faiteslire\/wp-json\/wp\/v2\/types\/evenement"}],"author":[{"embeddable":true,"href":"https:\/\/www.anima-productions.com\/_clients\/faiteslire\/wp-json\/wp\/v2\/users\/4"}],"version-history":[{"count":3,"href":"https:\/\/www.anima-productions.com\/_clients\/faiteslire\/wp-json\/wp\/v2\/evenement\/1557\/revisions"}],"predecessor-version":[{"id":1623,"href":"https:\/\/www.anima-productions.com\/_clients\/faiteslire\/wp-json\/wp\/v2\/evenement\/1557\/revisions\/1623"}],"wp:featuredmedia":[{"embeddable":true,"href":"https:\/\/www.anima-productions.com\/_clients\/faiteslire\/wp-json\/wp\/v2\/media\/1991"}],"wp:attachment":[{"href":"https:\/\/www.anima-productions.com\/_clients\/faiteslire\/wp-json\/wp\/v2\/media?parent=1557"}],"wp:term":[{"taxonomy":"types-evenements","embeddable":true,"href":"https:\/\/www.anima-productions.com\/_clients\/faiteslire\/wp-json\/wp\/v2\/types-evenements?post=1557"},{"taxonomy":"editions","embeddable":true,"href":"https:\/\/www.anima-productions.com\/_clients\/faiteslire\/wp-json\/wp\/v2\/editions?post=1557"},{"taxonomy":"publics","embeddable":true,"href":"https:\/\/www.anima-productions.com\/_clients\/faiteslire\/wp-json\/wp\/v2\/publics?post=1557"},{"taxonomy":"tarifs","embeddable":true,"href":"https:\/\/www.anima-productions.com\/_clients\/faiteslire\/wp-json\/wp\/v2\/tarifs?post=1557"},{"taxonomy":"temporalites","embeddable":true,"href":"https:\/\/www.anima-productions.com\/_clients\/faiteslire\/wp-json\/wp\/v2\/temporalites?post=1557"},{"taxonomy":"handicaps","embeddable":true,"href":"https:\/\/www.anima-productions.com\/_clients\/faiteslire\/wp-json\/wp\/v2\/handicaps?post=1557"}],"curies":[{"name":"wp","href":"https:\/\/api.w.org\/{rel}","templated":true}]}}

Ducobu et le fantôme de Saint-Potache

<p class="wp-block-paragraph">Quand bande dessinée et cinéma se rencontrent.</p>



<p class="wp-block-paragraph">La nouvelle adaptation cinématographique de la série humoristique <em>L’élève Ducobu</em> avec Elie Semoun sera projetée en avant-première au Pathé. Elle sera suivie d&rsquo;une rencontre avec les auteurs et l&rsquo;équipe du film. </p>

<!-- This site is optimized with the Yoast SEO plugin v28.3 - https://yoast.com/product/yoast-seo-wordpress/ -->
<title>Ducobu et le fantôme de Saint-Potache - Faites lire !</title>
<meta name="robots" content="noindex, follow, max-snippet:-1, max-image-preview:large, max-video-preview:-1" />
<meta property="og:locale" content="fr_FR" />
<meta property="og:type" content="article" />
<meta property="og:title" content="Ducobu et le fantôme de Saint-Potache - Faites lire !" />
<meta property="og:description" content="Quand bande dessinée et cinéma se rencontrent. La nouvelle adaptation cinématographique de la série humoristique L’élève Ducobu avec Elie Semoun sera projetée en avant-première au Pathé. Elle sera suivie d&rsquo;une rencontre avec les auteurs et l&rsquo;équipe du film. " />
<meta property="og:url" content="https://www.anima-productions.com/_clients/faiteslire/evenements/ducobu-et-le-fantome-de-saint-potache/" />
<meta property="og:site_name" content="Faites lire !" />
<meta property="article:modified_time" content="2026-08-28T14:35:37+00:00" />
<meta property="og:image" content="https://www.anima-productions.com/_clients/faiteslire/wp-content/uploads/2026/08/Agenda-FaitesLire.webp" />
	<meta property="og:image:width" content="500" />
	<meta property="og:image:height" content="500" />
	<meta property="og:image:type" content="image/webp" />
<meta name="twitter:card" content="summary_large_image" />
<meta name="twitter:label1" content="Durée de lecture estimée" />
	<meta name="twitter:data1" content="1 minute" />
<script type="application/ld+json" class="yoast-schema-graph">{"@context":"https:\/\/schema.org","@graph":[{"@type":"WebPage","@id":"https:\/\/www.anima-productions.com\/_clients\/faiteslire\/evenements\/ducobu-et-le-fantome-de-saint-potache\/","url":"https:\/\/www.anima-productions.com\/_clients\/faiteslire\/evenements\/ducobu-et-le-fantome-de-saint-potache\/","name":"Ducobu et le fantôme de Saint-Potache - Faites lire !","isPartOf":{"@id":"https:\/\/www.anima-productions.com\/_clients\/faiteslire\/#website"},"primaryImageOfPage":{"@id":"https:\/\/www.anima-productions.com\/_clients\/faiteslire\/evenements\/ducobu-et-le-fantome-de-saint-potache\/#primaryimage"},"image":{"@id":"https:\/\/www.anima-productions.com\/_clients\/faiteslire\/evenements\/ducobu-et-le-fantome-de-saint-potache\/#primaryimage"},"thumbnailUrl":"https:\/\/www.anima-productions.com\/_clients\/faiteslire\/wp-content\/uploads\/2026\/08\/Agenda-FaitesLire.webp","datePublished":"2026-08-19T14:56:21+00:00","dateModified":"2026-08-28T14:35:37+00:00","breadcrumb":{"@id":"https:\/\/www.anima-productions.com\/_clients\/faiteslire\/evenements\/ducobu-et-le-fantome-de-saint-potache\/#breadcrumb"},"inLanguage":"fr-FR","potentialAction":[{"@type":"ReadAction","target":["https:\/\/www.anima-productions.com\/_clients\/faiteslire\/evenements\/ducobu-et-le-fantome-de-saint-potache\/"]}]},{"@type":"ImageObject","inLanguage":"fr-FR","@id":"https:\/\/www.anima-productions.com\/_clients\/faiteslire\/evenements\/ducobu-et-le-fantome-de-saint-potache\/#primaryimage","url":"https:\/\/www.anima-productions.com\/_clients\/faiteslire\/wp-content\/uploads\/2026\/08\/Agenda-FaitesLire.webp","contentUrl":"https:\/\/www.anima-productions.com\/_clients\/faiteslire\/wp-content\/uploads\/2026\/08\/Agenda-FaitesLire.webp","width":500,"height":500},{"@type":"BreadcrumbList","@id":"https:\/\/www.anima-productions.com\/_clients\/faiteslire\/evenements\/ducobu-et-le-fantome-de-saint-potache\/#breadcrumb","itemListElement":[{"@type":"ListItem","position":1,"name":"Accueil","item":"https:\/\/www.anima-productions.com\/_clients\/faiteslire\/"},{"@type":"ListItem","position":2,"name":"Ducobu et le fantôme de Saint-Potache"}]},{"@type":"WebSite","@id":"https:\/\/www.anima-productions.com\/_clients\/faiteslire\/#website","url":"https:\/\/www.anima-productions.com\/_clients\/faiteslire\/","name":"Faites lire !","description":"La fête de la lecture | Le Mans","potentialAction":[{"@type":"SearchAction","target":{"@type":"EntryPoint","urlTemplate":"https:\/\/www.anima-productions.com\/_clients\/faiteslire\/?s={search_term_string}"},"query-input":{"@type":"PropertyValueSpecification","valueRequired":true,"valueName":"search_term_string"}}],"inLanguage":"fr-FR"}]}</script>
<!-- / Yoast SEO plugin. -->

Ducobu et le fantôme de Saint-Potache - Faites lire !

Quand bande dessinée et cinéma se rencontrent. La nouvelle adaptation cinématographique de la série humoristique L’élève Ducobu avec Elie Semoun sera projetée en avant-première au Pathé. Elle sera suivie d&rsquo;une rencontre avec les auteurs et l&rsquo;équipe du film.

La fête de la lecture | Le Mans
