{"id":1694,"date":"2026-08-21T10:34:17","date_gmt":"2026-08-21T08:34:17","guid":{"rendered":"https:\/\/www.anima-productions.com\/_clients\/faiteslire\/?post_type=evenement&#038;p=1694"},"modified":"2026-08-27T16:19:30","modified_gmt":"2026-08-27T14:19:30","slug":"finale-du-concours-qui-a-lu-lira","status":"publish","type":"evenement","link":"https:\/\/www.anima-productions.com\/_clients\/faiteslire\/evenements\/finale-du-concours-qui-a-lu-lira\/","title":{"rendered":"Finale du concours \u00ab\u00a0Qui a lu lira\u00a0\u00bb"},"content":{"rendered":"\n<p class=\"wp-block-paragraph\">Finale du <a href=\"https:\/\/www.anima-productions.com\/_clients\/faiteslire\/prix-litteraires\/prix-daniel-pennac\/\" data-type=\"page\" data-id=\"1651\">concours de lecture \u00e0 voix haute \u00ab\u00a0Qui a lu lira\u00a0\u00bb<\/a> cr\u00e9\u00e9 par l&rsquo;auteur Daniel Pennac et ouvert aux \u00e9l\u00e8ves du Mans.<\/p>\n\n\n\n<p class=\"wp-block-paragraph\">Devant le public, les 8 finalistes auront pour mission de lire le texte qu&rsquo;ils ont choisi pour remporter le prix Daniel Pennac. Ils et elles auront besoin de votre soutien pour convaincre les membres du jury !<\/p>\n\n\n\n<figure class=\"wp-block-image size-full\"><img loading=\"lazy\" decoding=\"async\" width=\"800\" height=\"520\" src=\"https:\/\/www.anima-productions.com\/_clients\/faiteslire\/wp-content\/uploads\/2026\/08\/FaitesLire-concours-eloquence.webp\" alt=\"\" class=\"wp-image-2008\" srcset=\"https:\/\/www.anima-productions.com\/_clients\/faiteslire\/wp-content\/uploads\/2026\/08\/FaitesLire-concours-eloquence.webp 800w, https:\/\/www.anima-productions.com\/_clients\/faiteslire\/wp-content\/uploads\/2026\/08\/FaitesLire-concours-eloquence-300x195.webp 300w, https:\/\/www.anima-productions.com\/_clients\/faiteslire\/wp-content\/uploads\/2026\/08\/FaitesLire-concours-eloquence-768x499.webp 768w, https:\/\/www.anima-productions.com\/_clients\/faiteslire\/wp-content\/uploads\/2026\/08\/FaitesLire-concours-eloquence-5x3.webp 5w\" sizes=\"auto, (max-width: 800px) 100vw, 800px\" \/><\/figure>\n\n\n\n<p class=\"wp-block-paragraph\"><\/p>\n","protected":false},"author":4,"featured_media":1958,"menu_order":0,"template":"","types-evenements":[21],"editions":[11],"publics":[29],"tarifs":[13],"temporalites":[31],"handicaps":[],"class_list":["post-1694","evenement","type-evenement","status-publish","has-post-thumbnail","hentry","types-evenements-contes-et-lectures","editions-11","publics-adultes","tarifs-gratuit","temporalites-weekend","entry"],"acf":[],"yoast_head":"<!-- This site is optimized with the Yoast SEO plugin v28.3 - https:\/\/yoast.com\/product\/yoast-seo-wordpress\/ -->\n<title>Finale du concours &quot;Qui a lu lira&quot; - Faites lire !<\/title>\n<meta name=\"robots\" content=\"noindex, follow, max-snippet:-1, max-image-preview:large, max-video-preview:-1\" \/>\n<meta property=\"og:locale\" content=\"fr_FR\" \/>\n<meta property=\"og:type\" content=\"article\" \/>\n<meta property=\"og:title\" content=\"Finale du concours &quot;Qui a lu lira&quot; - Faites lire !\" \/>\n<meta property=\"og:description\" content=\"Finale du concours de lecture \u00e0 voix haute \u00ab\u00a0Qui a lu lira\u00a0\u00bb cr\u00e9\u00e9 par l&rsquo;auteur Daniel Pennac et ouvert aux \u00e9l\u00e8ves du Mans. Devant le public, les 8 finalistes auront pour mission de lire le texte qu&rsquo;ils ont choisi pour remporter le prix Daniel Pennac. Ils et elles auront besoin de votre soutien pour convaincre&hellip; Poursuivre la lecture Finale du concours \u00ab\u00a0Qui a lu lira\u00a0\u00bb\" \/>\n<meta property=\"og:url\" content=\"https:\/\/www.anima-productions.com\/_clients\/faiteslire\/evenements\/finale-du-concours-qui-a-lu-lira\/\" \/>\n<meta property=\"og:site_name\" content=\"Faites lire !\" \/>\n<meta property=\"article:modified_time\" content=\"2026-08-27T14:19:30+00:00\" \/>\n<meta property=\"og:image\" content=\"https:\/\/www.anima-productions.com\/_clients\/faiteslire\/wp-content\/uploads\/2026\/08\/Agenda-PrixPennac.webp\" \/>\n\t<meta property=\"og:image:width\" content=\"500\" \/>\n\t<meta property=\"og:image:height\" content=\"500\" \/>\n\t<meta property=\"og:image:type\" content=\"image\/webp\" \/>\n<meta name=\"twitter:card\" content=\"summary_large_image\" \/>\n<meta name=\"twitter:label1\" content=\"Dur\u00e9e de lecture estim\u00e9e\" \/>\n\t<meta name=\"twitter:data1\" content=\"1 minute\" \/>\n<script type=\"application\/ld+json\" class=\"yoast-schema-graph\">{\"@context\":\"https:\\\/\\\/schema.org\",\"@graph\":[{\"@type\":\"WebPage\",\"@id\":\"https:\\\/\\\/www.anima-productions.com\\\/_clients\\\/faiteslire\\\/evenements\\\/finale-du-concours-qui-a-lu-lira\\\/\",\"url\":\"https:\\\/\\\/www.anima-productions.com\\\/_clients\\\/faiteslire\\\/evenements\\\/finale-du-concours-qui-a-lu-lira\\\/\",\"name\":\"Finale du concours \\\"Qui a lu lira\\\" - Faites lire !\",\"isPartOf\":{\"@id\":\"https:\\\/\\\/www.anima-productions.com\\\/_clients\\\/faiteslire\\\/#website\"},\"primaryImageOfPage\":{\"@id\":\"https:\\\/\\\/www.anima-productions.com\\\/_clients\\\/faiteslire\\\/evenements\\\/finale-du-concours-qui-a-lu-lira\\\/#primaryimage\"},\"image\":{\"@id\":\"https:\\\/\\\/www.anima-productions.com\\\/_clients\\\/faiteslire\\\/evenements\\\/finale-du-concours-qui-a-lu-lira\\\/#primaryimage\"},\"thumbnailUrl\":\"https:\\\/\\\/www.anima-productions.com\\\/_clients\\\/faiteslire\\\/wp-content\\\/uploads\\\/2026\\\/08\\\/Agenda-PrixPennac.webp\",\"datePublished\":\"2026-08-21T08:34:17+00:00\",\"dateModified\":\"2026-08-27T14:19:30+00:00\",\"breadcrumb\":{\"@id\":\"https:\\\/\\\/www.anima-productions.com\\\/_clients\\\/faiteslire\\\/evenements\\\/finale-du-concours-qui-a-lu-lira\\\/#breadcrumb\"},\"inLanguage\":\"fr-FR\",\"potentialAction\":[{\"@type\":\"ReadAction\",\"target\":[\"https:\\\/\\\/www.anima-productions.com\\\/_clients\\\/faiteslire\\\/evenements\\\/finale-du-concours-qui-a-lu-lira\\\/\"]}]},{\"@type\":\"ImageObject\",\"inLanguage\":\"fr-FR\",\"@id\":\"https:\\\/\\\/www.anima-productions.com\\\/_clients\\\/faiteslire\\\/evenements\\\/finale-du-concours-qui-a-lu-lira\\\/#primaryimage\",\"url\":\"https:\\\/\\\/www.anima-productions.com\\\/_clients\\\/faiteslire\\\/wp-content\\\/uploads\\\/2026\\\/08\\\/Agenda-PrixPennac.webp\",\"contentUrl\":\"https:\\\/\\\/www.anima-productions.com\\\/_clients\\\/faiteslire\\\/wp-content\\\/uploads\\\/2026\\\/08\\\/Agenda-PrixPennac.webp\",\"width\":500,\"height\":500},{\"@type\":\"BreadcrumbList\",\"@id\":\"https:\\\/\\\/www.anima-productions.com\\\/_clients\\\/faiteslire\\\/evenements\\\/finale-du-concours-qui-a-lu-lira\\\/#breadcrumb\",\"itemListElement\":[{\"@type\":\"ListItem\",\"position\":1,\"name\":\"Accueil\",\"item\":\"https:\\\/\\\/www.anima-productions.com\\\/_clients\\\/faiteslire\\\/\"},{\"@type\":\"ListItem\",\"position\":2,\"name\":\"Finale du concours \u00ab\u00a0Qui a lu lira\u00a0\u00bb\"}]},{\"@type\":\"WebSite\",\"@id\":\"https:\\\/\\\/www.anima-productions.com\\\/_clients\\\/faiteslire\\\/#website\",\"url\":\"https:\\\/\\\/www.anima-productions.com\\\/_clients\\\/faiteslire\\\/\",\"name\":\"Faites lire !\",\"description\":\"La f\u00eate de la lecture | Le Mans\",\"potentialAction\":[{\"@type\":\"SearchAction\",\"target\":{\"@type\":\"EntryPoint\",\"urlTemplate\":\"https:\\\/\\\/www.anima-productions.com\\\/_clients\\\/faiteslire\\\/?s={search_term_string}\"},\"query-input\":{\"@type\":\"PropertyValueSpecification\",\"valueRequired\":true,\"valueName\":\"search_term_string\"}}],\"inLanguage\":\"fr-FR\"}]}<\/script>\n<!-- \/ Yoast SEO plugin. -->","yoast_head_json":{"title":"Finale du concours \"Qui a lu lira\" - Faites lire !","robots":{"index":"noindex","follow":"follow","max-snippet":"max-snippet:-1","max-image-preview":"max-image-preview:large","max-video-preview":"max-video-preview:-1"},"og_locale":"fr_FR","og_type":"article","og_title":"Finale du concours \"Qui a lu lira\" - Faites lire !","og_description":"Finale du concours de lecture \u00e0 voix haute \u00ab\u00a0Qui a lu lira\u00a0\u00bb cr\u00e9\u00e9 par l&rsquo;auteur Daniel Pennac et ouvert aux \u00e9l\u00e8ves du Mans. Devant le public, les 8 finalistes auront pour mission de lire le texte qu&rsquo;ils ont choisi pour remporter le prix Daniel Pennac. Ils et elles auront besoin de votre soutien pour convaincre&hellip; Poursuivre la lecture Finale du concours \u00ab\u00a0Qui a lu lira\u00a0\u00bb","og_url":"https:\/\/www.anima-productions.com\/_clients\/faiteslire\/evenements\/finale-du-concours-qui-a-lu-lira\/","og_site_name":"Faites lire !","article_modified_time":"2026-08-27T14:19:30+00:00","og_image":[{"width":500,"height":500,"url":"https:\/\/www.anima-productions.com\/_clients\/faiteslire\/wp-content\/uploads\/2026\/08\/Agenda-PrixPennac.webp","type":"image\/webp"}],"twitter_card":"summary_large_image","twitter_misc":{"Dur\u00e9e de lecture estim\u00e9e":"1 minute"},"schema":{"@context":"https:\/\/schema.org","@graph":[{"@type":"WebPage","@id":"https:\/\/www.anima-productions.com\/_clients\/faiteslire\/evenements\/finale-du-concours-qui-a-lu-lira\/","url":"https:\/\/www.anima-productions.com\/_clients\/faiteslire\/evenements\/finale-du-concours-qui-a-lu-lira\/","name":"Finale du concours \"Qui a lu lira\" - Faites lire !","isPartOf":{"@id":"https:\/\/www.anima-productions.com\/_clients\/faiteslire\/#website"},"primaryImageOfPage":{"@id":"https:\/\/www.anima-productions.com\/_clients\/faiteslire\/evenements\/finale-du-concours-qui-a-lu-lira\/#primaryimage"},"image":{"@id":"https:\/\/www.anima-productions.com\/_clients\/faiteslire\/evenements\/finale-du-concours-qui-a-lu-lira\/#primaryimage"},"thumbnailUrl":"https:\/\/www.anima-productions.com\/_clients\/faiteslire\/wp-content\/uploads\/2026\/08\/Agenda-PrixPennac.webp","datePublished":"2026-08-21T08:34:17+00:00","dateModified":"2026-08-27T14:19:30+00:00","breadcrumb":{"@id":"https:\/\/www.anima-productions.com\/_clients\/faiteslire\/evenements\/finale-du-concours-qui-a-lu-lira\/#breadcrumb"},"inLanguage":"fr-FR","potentialAction":[{"@type":"ReadAction","target":["https:\/\/www.anima-productions.com\/_clients\/faiteslire\/evenements\/finale-du-concours-qui-a-lu-lira\/"]}]},{"@type":"ImageObject","inLanguage":"fr-FR","@id":"https:\/\/www.anima-productions.com\/_clients\/faiteslire\/evenements\/finale-du-concours-qui-a-lu-lira\/#primaryimage","url":"https:\/\/www.anima-productions.com\/_clients\/faiteslire\/wp-content\/uploads\/2026\/08\/Agenda-PrixPennac.webp","contentUrl":"https:\/\/www.anima-productions.com\/_clients\/faiteslire\/wp-content\/uploads\/2026\/08\/Agenda-PrixPennac.webp","width":500,"height":500},{"@type":"BreadcrumbList","@id":"https:\/\/www.anima-productions.com\/_clients\/faiteslire\/evenements\/finale-du-concours-qui-a-lu-lira\/#breadcrumb","itemListElement":[{"@type":"ListItem","position":1,"name":"Accueil","item":"https:\/\/www.anima-productions.com\/_clients\/faiteslire\/"},{"@type":"ListItem","position":2,"name":"Finale du concours \u00ab\u00a0Qui a lu lira\u00a0\u00bb"}]},{"@type":"WebSite","@id":"https:\/\/www.anima-productions.com\/_clients\/faiteslire\/#website","url":"https:\/\/www.anima-productions.com\/_clients\/faiteslire\/","name":"Faites lire !","description":"La f\u00eate de la lecture | Le Mans","potentialAction":[{"@type":"SearchAction","target":{"@type":"EntryPoint","urlTemplate":"https:\/\/www.anima-productions.com\/_clients\/faiteslire\/?s={search_term_string}"},"query-input":{"@type":"PropertyValueSpecification","valueRequired":true,"valueName":"search_term_string"}}],"inLanguage":"fr-FR"}]}},"_links":{"self":[{"href":"https:\/\/www.anima-productions.com\/_clients\/faiteslire\/wp-json\/wp\/v2\/evenement\/1694","targetHints":{"allow":["GET"]}}],"collection":[{"href":"https:\/\/www.anima-productions.com\/_clients\/faiteslire\/wp-json\/wp\/v2\/evenement"}],"about":[{"href":"https:\/\/www.anima-productions.com\/_clients\/faiteslire\/wp-json\/wp\/v2\/types\/evenement"}],"author":[{"embeddable":true,"href":"https:\/\/www.anima-productions.com\/_clients\/faiteslire\/wp-json\/wp\/v2\/users\/4"}],"version-history":[{"count":3,"href":"https:\/\/www.anima-productions.com\/_clients\/faiteslire\/wp-json\/wp\/v2\/evenement\/1694\/revisions"}],"predecessor-version":[{"id":2010,"href":"https:\/\/www.anima-productions.com\/_clients\/faiteslire\/wp-json\/wp\/v2\/evenement\/1694\/revisions\/2010"}],"wp:featuredmedia":[{"embeddable":true,"href":"https:\/\/www.anima-productions.com\/_clients\/faiteslire\/wp-json\/wp\/v2\/media\/1958"}],"wp:attachment":[{"href":"https:\/\/www.anima-productions.com\/_clients\/faiteslire\/wp-json\/wp\/v2\/media?parent=1694"}],"wp:term":[{"taxonomy":"types-evenements","embeddable":true,"href":"https:\/\/www.anima-productions.com\/_clients\/faiteslire\/wp-json\/wp\/v2\/types-evenements?post=1694"},{"taxonomy":"editions","embeddable":true,"href":"https:\/\/www.anima-productions.com\/_clients\/faiteslire\/wp-json\/wp\/v2\/editions?post=1694"},{"taxonomy":"publics","embeddable":true,"href":"https:\/\/www.anima-productions.com\/_clients\/faiteslire\/wp-json\/wp\/v2\/publics?post=1694"},{"taxonomy":"tarifs","embeddable":true,"href":"https:\/\/www.anima-productions.com\/_clients\/faiteslire\/wp-json\/wp\/v2\/tarifs?post=1694"},{"taxonomy":"temporalites","embeddable":true,"href":"https:\/\/www.anima-productions.com\/_clients\/faiteslire\/wp-json\/wp\/v2\/temporalites?post=1694"},{"taxonomy":"handicaps","embeddable":true,"href":"https:\/\/www.anima-productions.com\/_clients\/faiteslire\/wp-json\/wp\/v2\/handicaps?post=1694"}],"curies":[{"name":"wp","href":"https:\/\/api.w.org\/{rel}","templated":true}]}}

<p class="wp-block-paragraph">Finale du <a href="https://www.anima-productions.com/_clients/faiteslire/prix-litteraires/prix-daniel-pennac/" data-type="page" data-id="1651">concours de lecture à voix haute « Qui a lu lira »</a> créé par l&rsquo;auteur Daniel Pennac et ouvert aux élèves du Mans.</p>



<p class="wp-block-paragraph">Devant le public, les 8 finalistes auront pour mission de lire le texte qu&rsquo;ils ont choisi pour remporter le prix Daniel Pennac. Ils et elles auront besoin de votre soutien pour convaincre les membres du jury !</p>



<figure class="wp-block-image size-full"><img loading="lazy" decoding="async" width="800" height="520" src="https://www.anima-productions.com/_clients/faiteslire/wp-content/uploads/2026/08/FaitesLire-concours-eloquence.webp" alt="" class="wp-image-2008" srcset="https://www.anima-productions.com/_clients/faiteslire/wp-content/uploads/2026/08/FaitesLire-concours-eloquence.webp 800w, https://www.anima-productions.com/_clients/faiteslire/wp-content/uploads/2026/08/FaitesLire-concours-eloquence-300x195.webp 300w, https://www.anima-productions.com/_clients/faiteslire/wp-content/uploads/2026/08/FaitesLire-concours-eloquence-768x499.webp 768w, https://www.anima-productions.com/_clients/faiteslire/wp-content/uploads/2026/08/FaitesLire-concours-eloquence-5x3.webp 5w" sizes="auto, (max-width: 800px) 100vw, 800px" /></figure>



<p class="wp-block-paragraph"></p>

<!-- This site is optimized with the Yoast SEO plugin v28.3 - https://yoast.com/product/yoast-seo-wordpress/ -->
<title>Finale du concours &quot;Qui a lu lira&quot; - Faites lire !</title>
<meta name="robots" content="noindex, follow, max-snippet:-1, max-image-preview:large, max-video-preview:-1" />
<meta property="og:locale" content="fr_FR" />
<meta property="og:type" content="article" />
<meta property="og:title" content="Finale du concours &quot;Qui a lu lira&quot; - Faites lire !" />
<meta property="og:description" content="Finale du concours de lecture à voix haute « Qui a lu lira » créé par l&rsquo;auteur Daniel Pennac et ouvert aux élèves du Mans. Devant le public, les 8 finalistes auront pour mission de lire le texte qu&rsquo;ils ont choisi pour remporter le prix Daniel Pennac. Ils et elles auront besoin de votre soutien pour convaincre&hellip; Poursuivre la lecture Finale du concours « Qui a lu lira »" />
<meta property="og:url" content="https://www.anima-productions.com/_clients/faiteslire/evenements/finale-du-concours-qui-a-lu-lira/" />
<meta property="og:site_name" content="Faites lire !" />
<meta property="article:modified_time" content="2026-08-27T14:19:30+00:00" />
<meta property="og:image" content="https://www.anima-productions.com/_clients/faiteslire/wp-content/uploads/2026/08/Agenda-PrixPennac.webp" />
	<meta property="og:image:width" content="500" />
	<meta property="og:image:height" content="500" />
	<meta property="og:image:type" content="image/webp" />
<meta name="twitter:card" content="summary_large_image" />
<meta name="twitter:label1" content="Durée de lecture estimée" />
	<meta name="twitter:data1" content="1 minute" />
<script type="application/ld+json" class="yoast-schema-graph">{"@context":"https:\/\/schema.org","@graph":[{"@type":"WebPage","@id":"https:\/\/www.anima-productions.com\/_clients\/faiteslire\/evenements\/finale-du-concours-qui-a-lu-lira\/","url":"https:\/\/www.anima-productions.com\/_clients\/faiteslire\/evenements\/finale-du-concours-qui-a-lu-lira\/","name":"Finale du concours \"Qui a lu lira\" - Faites lire !","isPartOf":{"@id":"https:\/\/www.anima-productions.com\/_clients\/faiteslire\/#website"},"primaryImageOfPage":{"@id":"https:\/\/www.anima-productions.com\/_clients\/faiteslire\/evenements\/finale-du-concours-qui-a-lu-lira\/#primaryimage"},"image":{"@id":"https:\/\/www.anima-productions.com\/_clients\/faiteslire\/evenements\/finale-du-concours-qui-a-lu-lira\/#primaryimage"},"thumbnailUrl":"https:\/\/www.anima-productions.com\/_clients\/faiteslire\/wp-content\/uploads\/2026\/08\/Agenda-PrixPennac.webp","datePublished":"2026-08-21T08:34:17+00:00","dateModified":"2026-08-27T14:19:30+00:00","breadcrumb":{"@id":"https:\/\/www.anima-productions.com\/_clients\/faiteslire\/evenements\/finale-du-concours-qui-a-lu-lira\/#breadcrumb"},"inLanguage":"fr-FR","potentialAction":[{"@type":"ReadAction","target":["https:\/\/www.anima-productions.com\/_clients\/faiteslire\/evenements\/finale-du-concours-qui-a-lu-lira\/"]}]},{"@type":"ImageObject","inLanguage":"fr-FR","@id":"https:\/\/www.anima-productions.com\/_clients\/faiteslire\/evenements\/finale-du-concours-qui-a-lu-lira\/#primaryimage","url":"https:\/\/www.anima-productions.com\/_clients\/faiteslire\/wp-content\/uploads\/2026\/08\/Agenda-PrixPennac.webp","contentUrl":"https:\/\/www.anima-productions.com\/_clients\/faiteslire\/wp-content\/uploads\/2026\/08\/Agenda-PrixPennac.webp","width":500,"height":500},{"@type":"BreadcrumbList","@id":"https:\/\/www.anima-productions.com\/_clients\/faiteslire\/evenements\/finale-du-concours-qui-a-lu-lira\/#breadcrumb","itemListElement":[{"@type":"ListItem","position":1,"name":"Accueil","item":"https:\/\/www.anima-productions.com\/_clients\/faiteslire\/"},{"@type":"ListItem","position":2,"name":"Finale du concours « Qui a lu lira »"}]},{"@type":"WebSite","@id":"https:\/\/www.anima-productions.com\/_clients\/faiteslire\/#website","url":"https:\/\/www.anima-productions.com\/_clients\/faiteslire\/","name":"Faites lire !","description":"La fête de la lecture | Le Mans","potentialAction":[{"@type":"SearchAction","target":{"@type":"EntryPoint","urlTemplate":"https:\/\/www.anima-productions.com\/_clients\/faiteslire\/?s={search_term_string}"},"query-input":{"@type":"PropertyValueSpecification","valueRequired":true,"valueName":"search_term_string"}}],"inLanguage":"fr-FR"}]}</script>
<!-- / Yoast SEO plugin. -->

Finale du concours de lecture à voix haute « Qui a lu lira » créé par l&rsquo;auteur Daniel Pennac et ouvert aux élèves du Mans. Devant le public, les 8 finalistes auront pour mission de lire le texte qu&rsquo;ils ont choisi pour remporter le prix Daniel Pennac. Ils et elles auront besoin de votre soutien pour convaincre&hellip; Poursuivre la lecture Finale du concours « Qui a lu lira »

La fête de la lecture | Le Mans
