{"id":1852,"date":"2026-08-25T16:38:18","date_gmt":"2026-08-25T14:38:18","guid":{"rendered":"https:\/\/www.anima-productions.com\/_clients\/faiteslire\/?post_type=evenement&#038;p=1852"},"modified":"2026-08-31T08:31:57","modified_gmt":"2026-08-31T06:31:57","slug":"salon-du-livre-faites-lire","status":"publish","type":"evenement","link":"https:\/\/www.anima-productions.com\/_clients\/faiteslire\/evenements\/salon-du-livre-faites-lire\/","title":{"rendered":"Salon du Livre Faites Lire"},"content":{"rendered":"\n<p class=\"wp-block-paragraph\">Plus de 150 auteurs et autrices sont pr\u00e9sents sur les deux espaces du salon du livre : <\/p>\n\n\n\n<ul class=\"wp-block-list\">\n<li>Litt\u00e9rature g\u00e9n\u00e9rale : place des Jacobins<\/li>\n\n\n\n<li>BD\/Jeunesse\/Comics\/Mangas : place de la R\u00e9publique<\/li>\n<\/ul>\n\n\n\n<p class=\"wp-block-paragraph\">Sur les diff\u00e9rents stands des librairies, venez rencontrer les auteurs, leur demander une d\u00e9dicace, un selfie et \u00e9changer un mot avec eux. <\/p>\n\n\n\n<p class=\"wp-block-paragraph\">Lors du salon, les auteurs peuvent participer \u00e0 <a href=\"https:\/\/www.anima-productions.com\/_clients\/faiteslire\/tables-rondes-et-rencontres\/\" data-type=\"page\" data-id=\"765\">des tables rondes<\/a> et aux remises de <a href=\"https:\/\/www.anima-productions.com\/_clients\/faiteslire\/prix-litteraires\/\" data-type=\"page\" data-id=\"767\">prix litt\u00e9raires<\/a> qui sont organis\u00e9es. <\/p>\n\n\n\n<p class=\"wp-block-paragraph\"><a href=\"https:\/\/www.anima-productions.com\/_clients\/faiteslire\/tout-le-programme\/\" data-type=\"page\" data-id=\"771\">Consulter le programme des \u00e9v\u00e8nements<\/a><\/p>\n\n\n\n<h2 class=\"wp-block-heading\">Horaires du salon<\/h2>\n\n\n\n<ul class=\"wp-block-list\">\n<li>Samedi 3 octobre de 10h \u00e0 19h<\/li>\n\n\n\n<li>Dimanche 4 octobre de 10h \u00e0 18h<\/li>\n<\/ul>\n\n\n\n<p class=\"wp-block-paragraph\">Les horaires de pr\u00e9sence des auteurs sont indiqu\u00e9s sur leur fiche.<\/p>\n\n\n\n<p class=\"wp-block-paragraph\"><a href=\"https:\/\/www.anima-productions.com\/_clients\/faiteslire\/tous-les-auteurs\/\" data-type=\"page\" data-id=\"763\">Consulter la liste des auteurs<\/a><\/p>\n","protected":false},"author":4,"featured_media":1912,"menu_order":0,"template":"","types-evenements":[20],"editions":[11],"publics":[29],"tarifs":[13],"temporalites":[31],"handicaps":[],"class_list":["post-1852","evenement","type-evenement","status-publish","has-post-thumbnail","hentry","types-evenements-salon","editions-11","publics-adultes","tarifs-gratuit","temporalites-weekend","entry"],"acf":[],"yoast_head":"<!-- This site is optimized with the Yoast SEO plugin v28.3 - https:\/\/yoast.com\/product\/yoast-seo-wordpress\/ -->\n<title>Salon du Livre Faites Lire - Faites lire !<\/title>\n<meta name=\"robots\" content=\"noindex, follow, max-snippet:-1, max-image-preview:large, max-video-preview:-1\" \/>\n<meta property=\"og:locale\" content=\"fr_FR\" \/>\n<meta property=\"og:type\" content=\"article\" \/>\n<meta property=\"og:title\" content=\"Salon du Livre Faites Lire - Faites lire !\" \/>\n<meta property=\"og:description\" content=\"Plus de 150 auteurs et autrices sont pr\u00e9sents sur les deux espaces du salon du livre : Sur les diff\u00e9rents stands des librairies, venez rencontrer les auteurs, leur demander une d\u00e9dicace, un selfie et \u00e9changer un mot avec eux. Lors du salon, les auteurs peuvent participer \u00e0 des tables rondes et aux remises de prix&hellip; Poursuivre la lecture Salon du Livre Faites Lire\" \/>\n<meta property=\"og:url\" content=\"https:\/\/www.anima-productions.com\/_clients\/faiteslire\/evenements\/salon-du-livre-faites-lire\/\" \/>\n<meta property=\"og:site_name\" content=\"Faites lire !\" \/>\n<meta property=\"article:modified_time\" content=\"2026-08-31T06:31:57+00:00\" \/>\n<meta property=\"og:image\" content=\"https:\/\/www.anima-productions.com\/_clients\/faiteslire\/wp-content\/uploads\/2026\/08\/Agenda-Salon.webp\" \/>\n\t<meta property=\"og:image:width\" content=\"500\" \/>\n\t<meta property=\"og:image:height\" content=\"500\" \/>\n\t<meta property=\"og:image:type\" content=\"image\/webp\" \/>\n<meta name=\"twitter:card\" content=\"summary_large_image\" \/>\n<meta name=\"twitter:label1\" content=\"Dur\u00e9e de lecture estim\u00e9e\" \/>\n\t<meta name=\"twitter:data1\" content=\"1 minute\" \/>\n<script type=\"application\/ld+json\" class=\"yoast-schema-graph\">{\"@context\":\"https:\\\/\\\/schema.org\",\"@graph\":[{\"@type\":\"WebPage\",\"@id\":\"https:\\\/\\\/www.anima-productions.com\\\/_clients\\\/faiteslire\\\/evenements\\\/salon-du-livre-faites-lire\\\/\",\"url\":\"https:\\\/\\\/www.anima-productions.com\\\/_clients\\\/faiteslire\\\/evenements\\\/salon-du-livre-faites-lire\\\/\",\"name\":\"Salon du Livre Faites Lire - Faites lire !\",\"isPartOf\":{\"@id\":\"https:\\\/\\\/www.anima-productions.com\\\/_clients\\\/faiteslire\\\/#website\"},\"primaryImageOfPage\":{\"@id\":\"https:\\\/\\\/www.anima-productions.com\\\/_clients\\\/faiteslire\\\/evenements\\\/salon-du-livre-faites-lire\\\/#primaryimage\"},\"image\":{\"@id\":\"https:\\\/\\\/www.anima-productions.com\\\/_clients\\\/faiteslire\\\/evenements\\\/salon-du-livre-faites-lire\\\/#primaryimage\"},\"thumbnailUrl\":\"https:\\\/\\\/www.anima-productions.com\\\/_clients\\\/faiteslire\\\/wp-content\\\/uploads\\\/2026\\\/08\\\/Agenda-Salon.webp\",\"datePublished\":\"2026-08-25T14:38:18+00:00\",\"dateModified\":\"2026-08-31T06:31:57+00:00\",\"breadcrumb\":{\"@id\":\"https:\\\/\\\/www.anima-productions.com\\\/_clients\\\/faiteslire\\\/evenements\\\/salon-du-livre-faites-lire\\\/#breadcrumb\"},\"inLanguage\":\"fr-FR\",\"potentialAction\":[{\"@type\":\"ReadAction\",\"target\":[\"https:\\\/\\\/www.anima-productions.com\\\/_clients\\\/faiteslire\\\/evenements\\\/salon-du-livre-faites-lire\\\/\"]}]},{\"@type\":\"ImageObject\",\"inLanguage\":\"fr-FR\",\"@id\":\"https:\\\/\\\/www.anima-productions.com\\\/_clients\\\/faiteslire\\\/evenements\\\/salon-du-livre-faites-lire\\\/#primaryimage\",\"url\":\"https:\\\/\\\/www.anima-productions.com\\\/_clients\\\/faiteslire\\\/wp-content\\\/uploads\\\/2026\\\/08\\\/Agenda-Salon.webp\",\"contentUrl\":\"https:\\\/\\\/www.anima-productions.com\\\/_clients\\\/faiteslire\\\/wp-content\\\/uploads\\\/2026\\\/08\\\/Agenda-Salon.webp\",\"width\":500,\"height\":500},{\"@type\":\"BreadcrumbList\",\"@id\":\"https:\\\/\\\/www.anima-productions.com\\\/_clients\\\/faiteslire\\\/evenements\\\/salon-du-livre-faites-lire\\\/#breadcrumb\",\"itemListElement\":[{\"@type\":\"ListItem\",\"position\":1,\"name\":\"Accueil\",\"item\":\"https:\\\/\\\/www.anima-productions.com\\\/_clients\\\/faiteslire\\\/\"},{\"@type\":\"ListItem\",\"position\":2,\"name\":\"Salon du Livre Faites Lire\"}]},{\"@type\":\"WebSite\",\"@id\":\"https:\\\/\\\/www.anima-productions.com\\\/_clients\\\/faiteslire\\\/#website\",\"url\":\"https:\\\/\\\/www.anima-productions.com\\\/_clients\\\/faiteslire\\\/\",\"name\":\"Faites lire !\",\"description\":\"La f\u00eate de la lecture | Le Mans\",\"potentialAction\":[{\"@type\":\"SearchAction\",\"target\":{\"@type\":\"EntryPoint\",\"urlTemplate\":\"https:\\\/\\\/www.anima-productions.com\\\/_clients\\\/faiteslire\\\/?s={search_term_string}\"},\"query-input\":{\"@type\":\"PropertyValueSpecification\",\"valueRequired\":true,\"valueName\":\"search_term_string\"}}],\"inLanguage\":\"fr-FR\"}]}<\/script>\n<!-- \/ Yoast SEO plugin. -->","yoast_head_json":{"title":"Salon du Livre Faites Lire - Faites lire !","robots":{"index":"noindex","follow":"follow","max-snippet":"max-snippet:-1","max-image-preview":"max-image-preview:large","max-video-preview":"max-video-preview:-1"},"og_locale":"fr_FR","og_type":"article","og_title":"Salon du Livre Faites Lire - Faites lire !","og_description":"Plus de 150 auteurs et autrices sont pr\u00e9sents sur les deux espaces du salon du livre : Sur les diff\u00e9rents stands des librairies, venez rencontrer les auteurs, leur demander une d\u00e9dicace, un selfie et \u00e9changer un mot avec eux. Lors du salon, les auteurs peuvent participer \u00e0 des tables rondes et aux remises de prix&hellip; Poursuivre la lecture Salon du Livre Faites Lire","og_url":"https:\/\/www.anima-productions.com\/_clients\/faiteslire\/evenements\/salon-du-livre-faites-lire\/","og_site_name":"Faites lire !","article_modified_time":"2026-08-31T06:31:57+00:00","og_image":[{"width":500,"height":500,"url":"https:\/\/www.anima-productions.com\/_clients\/faiteslire\/wp-content\/uploads\/2026\/08\/Agenda-Salon.webp","type":"image\/webp"}],"twitter_card":"summary_large_image","twitter_misc":{"Dur\u00e9e de lecture estim\u00e9e":"1 minute"},"schema":{"@context":"https:\/\/schema.org","@graph":[{"@type":"WebPage","@id":"https:\/\/www.anima-productions.com\/_clients\/faiteslire\/evenements\/salon-du-livre-faites-lire\/","url":"https:\/\/www.anima-productions.com\/_clients\/faiteslire\/evenements\/salon-du-livre-faites-lire\/","name":"Salon du Livre Faites Lire - Faites lire !","isPartOf":{"@id":"https:\/\/www.anima-productions.com\/_clients\/faiteslire\/#website"},"primaryImageOfPage":{"@id":"https:\/\/www.anima-productions.com\/_clients\/faiteslire\/evenements\/salon-du-livre-faites-lire\/#primaryimage"},"image":{"@id":"https:\/\/www.anima-productions.com\/_clients\/faiteslire\/evenements\/salon-du-livre-faites-lire\/#primaryimage"},"thumbnailUrl":"https:\/\/www.anima-productions.com\/_clients\/faiteslire\/wp-content\/uploads\/2026\/08\/Agenda-Salon.webp","datePublished":"2026-08-25T14:38:18+00:00","dateModified":"2026-08-31T06:31:57+00:00","breadcrumb":{"@id":"https:\/\/www.anima-productions.com\/_clients\/faiteslire\/evenements\/salon-du-livre-faites-lire\/#breadcrumb"},"inLanguage":"fr-FR","potentialAction":[{"@type":"ReadAction","target":["https:\/\/www.anima-productions.com\/_clients\/faiteslire\/evenements\/salon-du-livre-faites-lire\/"]}]},{"@type":"ImageObject","inLanguage":"fr-FR","@id":"https:\/\/www.anima-productions.com\/_clients\/faiteslire\/evenements\/salon-du-livre-faites-lire\/#primaryimage","url":"https:\/\/www.anima-productions.com\/_clients\/faiteslire\/wp-content\/uploads\/2026\/08\/Agenda-Salon.webp","contentUrl":"https:\/\/www.anima-productions.com\/_clients\/faiteslire\/wp-content\/uploads\/2026\/08\/Agenda-Salon.webp","width":500,"height":500},{"@type":"BreadcrumbList","@id":"https:\/\/www.anima-productions.com\/_clients\/faiteslire\/evenements\/salon-du-livre-faites-lire\/#breadcrumb","itemListElement":[{"@type":"ListItem","position":1,"name":"Accueil","item":"https:\/\/www.anima-productions.com\/_clients\/faiteslire\/"},{"@type":"ListItem","position":2,"name":"Salon du Livre Faites Lire"}]},{"@type":"WebSite","@id":"https:\/\/www.anima-productions.com\/_clients\/faiteslire\/#website","url":"https:\/\/www.anima-productions.com\/_clients\/faiteslire\/","name":"Faites lire !","description":"La f\u00eate de la lecture | Le Mans","potentialAction":[{"@type":"SearchAction","target":{"@type":"EntryPoint","urlTemplate":"https:\/\/www.anima-productions.com\/_clients\/faiteslire\/?s={search_term_string}"},"query-input":{"@type":"PropertyValueSpecification","valueRequired":true,"valueName":"search_term_string"}}],"inLanguage":"fr-FR"}]}},"_links":{"self":[{"href":"https:\/\/www.anima-productions.com\/_clients\/faiteslire\/wp-json\/wp\/v2\/evenement\/1852","targetHints":{"allow":["GET"]}}],"collection":[{"href":"https:\/\/www.anima-productions.com\/_clients\/faiteslire\/wp-json\/wp\/v2\/evenement"}],"about":[{"href":"https:\/\/www.anima-productions.com\/_clients\/faiteslire\/wp-json\/wp\/v2\/types\/evenement"}],"author":[{"embeddable":true,"href":"https:\/\/www.anima-productions.com\/_clients\/faiteslire\/wp-json\/wp\/v2\/users\/4"}],"version-history":[{"count":5,"href":"https:\/\/www.anima-productions.com\/_clients\/faiteslire\/wp-json\/wp\/v2\/evenement\/1852\/revisions"}],"predecessor-version":[{"id":2168,"href":"https:\/\/www.anima-productions.com\/_clients\/faiteslire\/wp-json\/wp\/v2\/evenement\/1852\/revisions\/2168"}],"wp:featuredmedia":[{"embeddable":true,"href":"https:\/\/www.anima-productions.com\/_clients\/faiteslire\/wp-json\/wp\/v2\/media\/1912"}],"wp:attachment":[{"href":"https:\/\/www.anima-productions.com\/_clients\/faiteslire\/wp-json\/wp\/v2\/media?parent=1852"}],"wp:term":[{"taxonomy":"types-evenements","embeddable":true,"href":"https:\/\/www.anima-productions.com\/_clients\/faiteslire\/wp-json\/wp\/v2\/types-evenements?post=1852"},{"taxonomy":"editions","embeddable":true,"href":"https:\/\/www.anima-productions.com\/_clients\/faiteslire\/wp-json\/wp\/v2\/editions?post=1852"},{"taxonomy":"publics","embeddable":true,"href":"https:\/\/www.anima-productions.com\/_clients\/faiteslire\/wp-json\/wp\/v2\/publics?post=1852"},{"taxonomy":"tarifs","embeddable":true,"href":"https:\/\/www.anima-productions.com\/_clients\/faiteslire\/wp-json\/wp\/v2\/tarifs?post=1852"},{"taxonomy":"temporalites","embeddable":true,"href":"https:\/\/www.anima-productions.com\/_clients\/faiteslire\/wp-json\/wp\/v2\/temporalites?post=1852"},{"taxonomy":"handicaps","embeddable":true,"href":"https:\/\/www.anima-productions.com\/_clients\/faiteslire\/wp-json\/wp\/v2\/handicaps?post=1852"}],"curies":[{"name":"wp","href":"https:\/\/api.w.org\/{rel}","templated":true}]}}

<p class="wp-block-paragraph">Plus de 150 auteurs et autrices sont présents sur les deux espaces du salon du livre : </p>



<ul class="wp-block-list">
<li>Littérature générale : place des Jacobins</li>



<li>BD/Jeunesse/Comics/Mangas : place de la République</li>
</ul>



<p class="wp-block-paragraph">Sur les différents stands des librairies, venez rencontrer les auteurs, leur demander une dédicace, un selfie et échanger un mot avec eux. </p>



<p class="wp-block-paragraph">Lors du salon, les auteurs peuvent participer à <a href="https://www.anima-productions.com/_clients/faiteslire/tables-rondes-et-rencontres/" data-type="page" data-id="765">des tables rondes</a> et aux remises de <a href="https://www.anima-productions.com/_clients/faiteslire/prix-litteraires/" data-type="page" data-id="767">prix littéraires</a> qui sont organisées. </p>



<p class="wp-block-paragraph"><a href="https://www.anima-productions.com/_clients/faiteslire/tout-le-programme/" data-type="page" data-id="771">Consulter le programme des évènements</a></p>



<h2 class="wp-block-heading">Horaires du salon</h2>



<ul class="wp-block-list">
<li>Samedi 3 octobre de 10h à 19h</li>



<li>Dimanche 4 octobre de 10h à 18h</li>
</ul>



<p class="wp-block-paragraph">Les horaires de présence des auteurs sont indiqués sur leur fiche.</p>



<p class="wp-block-paragraph"><a href="https://www.anima-productions.com/_clients/faiteslire/tous-les-auteurs/" data-type="page" data-id="763">Consulter la liste des auteurs</a></p>

<!-- This site is optimized with the Yoast SEO plugin v28.3 - https://yoast.com/product/yoast-seo-wordpress/ -->
<title>Salon du Livre Faites Lire - Faites lire !</title>
<meta name="robots" content="noindex, follow, max-snippet:-1, max-image-preview:large, max-video-preview:-1" />
<meta property="og:locale" content="fr_FR" />
<meta property="og:type" content="article" />
<meta property="og:title" content="Salon du Livre Faites Lire - Faites lire !" />
<meta property="og:description" content="Plus de 150 auteurs et autrices sont présents sur les deux espaces du salon du livre : Sur les différents stands des librairies, venez rencontrer les auteurs, leur demander une dédicace, un selfie et échanger un mot avec eux. Lors du salon, les auteurs peuvent participer à des tables rondes et aux remises de prix&hellip; Poursuivre la lecture Salon du Livre Faites Lire" />
<meta property="og:url" content="https://www.anima-productions.com/_clients/faiteslire/evenements/salon-du-livre-faites-lire/" />
<meta property="og:site_name" content="Faites lire !" />
<meta property="article:modified_time" content="2026-08-31T06:31:57+00:00" />
<meta property="og:image" content="https://www.anima-productions.com/_clients/faiteslire/wp-content/uploads/2026/08/Agenda-Salon.webp" />
	<meta property="og:image:width" content="500" />
	<meta property="og:image:height" content="500" />
	<meta property="og:image:type" content="image/webp" />
<meta name="twitter:card" content="summary_large_image" />
<meta name="twitter:label1" content="Durée de lecture estimée" />
	<meta name="twitter:data1" content="1 minute" />
<script type="application/ld+json" class="yoast-schema-graph">{"@context":"https:\/\/schema.org","@graph":[{"@type":"WebPage","@id":"https:\/\/www.anima-productions.com\/_clients\/faiteslire\/evenements\/salon-du-livre-faites-lire\/","url":"https:\/\/www.anima-productions.com\/_clients\/faiteslire\/evenements\/salon-du-livre-faites-lire\/","name":"Salon du Livre Faites Lire - Faites lire !","isPartOf":{"@id":"https:\/\/www.anima-productions.com\/_clients\/faiteslire\/#website"},"primaryImageOfPage":{"@id":"https:\/\/www.anima-productions.com\/_clients\/faiteslire\/evenements\/salon-du-livre-faites-lire\/#primaryimage"},"image":{"@id":"https:\/\/www.anima-productions.com\/_clients\/faiteslire\/evenements\/salon-du-livre-faites-lire\/#primaryimage"},"thumbnailUrl":"https:\/\/www.anima-productions.com\/_clients\/faiteslire\/wp-content\/uploads\/2026\/08\/Agenda-Salon.webp","datePublished":"2026-08-25T14:38:18+00:00","dateModified":"2026-08-31T06:31:57+00:00","breadcrumb":{"@id":"https:\/\/www.anima-productions.com\/_clients\/faiteslire\/evenements\/salon-du-livre-faites-lire\/#breadcrumb"},"inLanguage":"fr-FR","potentialAction":[{"@type":"ReadAction","target":["https:\/\/www.anima-productions.com\/_clients\/faiteslire\/evenements\/salon-du-livre-faites-lire\/"]}]},{"@type":"ImageObject","inLanguage":"fr-FR","@id":"https:\/\/www.anima-productions.com\/_clients\/faiteslire\/evenements\/salon-du-livre-faites-lire\/#primaryimage","url":"https:\/\/www.anima-productions.com\/_clients\/faiteslire\/wp-content\/uploads\/2026\/08\/Agenda-Salon.webp","contentUrl":"https:\/\/www.anima-productions.com\/_clients\/faiteslire\/wp-content\/uploads\/2026\/08\/Agenda-Salon.webp","width":500,"height":500},{"@type":"BreadcrumbList","@id":"https:\/\/www.anima-productions.com\/_clients\/faiteslire\/evenements\/salon-du-livre-faites-lire\/#breadcrumb","itemListElement":[{"@type":"ListItem","position":1,"name":"Accueil","item":"https:\/\/www.anima-productions.com\/_clients\/faiteslire\/"},{"@type":"ListItem","position":2,"name":"Salon du Livre Faites Lire"}]},{"@type":"WebSite","@id":"https:\/\/www.anima-productions.com\/_clients\/faiteslire\/#website","url":"https:\/\/www.anima-productions.com\/_clients\/faiteslire\/","name":"Faites lire !","description":"La fête de la lecture | Le Mans","potentialAction":[{"@type":"SearchAction","target":{"@type":"EntryPoint","urlTemplate":"https:\/\/www.anima-productions.com\/_clients\/faiteslire\/?s={search_term_string}"},"query-input":{"@type":"PropertyValueSpecification","valueRequired":true,"valueName":"search_term_string"}}],"inLanguage":"fr-FR"}]}</script>
<!-- / Yoast SEO plugin. -->

Plus de 150 auteurs et autrices sont présents sur les deux espaces du salon du livre : Sur les différents stands des librairies, venez rencontrer les auteurs, leur demander une dédicace, un selfie et échanger un mot avec eux. Lors du salon, les auteurs peuvent participer à des tables rondes et aux remises de prix&hellip; Poursuivre la lecture Salon du Livre Faites Lire

La fête de la lecture | Le Mans
