{"id":1941,"date":"2026-08-27T10:46:59","date_gmt":"2026-08-27T08:46:59","guid":{"rendered":"https:\/\/www.anima-productions.com\/_clients\/faiteslire\/?post_type=evenement&#038;p=1941"},"modified":"2026-08-28T09:32:55","modified_gmt":"2026-08-28T07:32:55","slug":"le-mans-cite-dimaginaire","status":"publish","type":"evenement","link":"https:\/\/www.anima-productions.com\/_clients\/faiteslire\/evenements\/le-mans-cite-dimaginaire\/","title":{"rendered":"Le Mans, Cit\u00e9 d&rsquo;imaginaire"},"content":{"rendered":"\n<p class=\"wp-block-paragraph\">L\u2019exposition <em>Le Mans, cit\u00e9 d\u2019imaginaire<\/em> propose une relecture originale du patrimoine manceau. Une approche tant\u00f4t po\u00e9tique, tant\u00f4t d\u00e9cal\u00e9e, visant \u00e0 travers illustrations, courtes fictions et \u00e9clairages historiques \u00e0 offrir un autre regard, une invitation au pas de c\u00f4t\u00e9, \u00e0 la r\u00eaverie, une invitation \u00e0 explorer la ville, autrement\u2026<\/p>\n\n\n\n<h2 class=\"wp-block-heading\">Les auteurs<\/h2>\n\n\n\n<p class=\"wp-block-paragraph\">Aur\u00e9lien Police, n\u00e9 en 1978, est auteur-illustrateur et exerce dans divers domaines comme la r\u00e9alisation de pochettes de disques, de Comics, d\u2019illustrations d\u2019articles de presse ou de nombreuses couvertures de romans pour des \u00e9diteurs et des groupes internationaux. Laur\u00e9at du Grand Prix de l\u2019Imaginaire cat\u00e9gorie illustration en 2015, du Prix des Imaginales 2017 et du Prix Europ\u00e9en de la Science Fiction (EuroCon Award) 2017, il a \u00e9galement sign\u00e9 les<br>illustrations int\u00e9rieures de plusieurs livres comme <em>Frankenstein<\/em>, <em>Les Hauts de Hurlevent <\/em>et <em>l\u2019Odyss\u00e9e<\/em> aux \u00e9ditions Callidor, ou encore la bande dessin\u00e9e <em>Juste un peu de Cendres<\/em>, chez Gl\u00e9nat. Il publie en 2023 chez <em>Marmaille et Compagnie<\/em>, <em>Les Petits Sabots<\/em>, une libre et<br>po\u00e9tique mise en image d\u2019une chanson de Thomas Fersen, ou encore <em>Asuka<\/em>, un conte illustr\u00e9 d\u2019inspiration japonaise paru en 2024. Il vit au Mans.<\/p>\n\n\n\n<p class=\"wp-block-paragraph\">Julien Hardy, n\u00e9 en 1976, est historien, chercheur en histoire de l\u2019art et guide-conf\u00e9rencier. Il vit au Mans et travaille essentiellement sur son d\u00e9partement d\u2019adoption. Il a particip\u00e9 \u00e0 plusieurs ouvrages sur le patrimoine (\u00e9ditions Flohic, 1999) et les \u00e9glises de la Sarthe (\u00e9ditions de la Reinette, 2006), l\u2019architecture rurale (inventaire du patrimoine du canton de Bonn\u00e9table, 2007-2015, en ligne) ou encore industrielle (Patrimoine industriel de Bess\u00e9sur- Braye, 2020, en ligne) et s\u2019est m\u00eame int\u00e9ress\u00e9 aux \u00e9gouts manceaux (revue 303, 2024). Il est \u00e9galement grand amateur des litt\u00e9ratures de l\u2019imaginaire.<\/p>\n","protected":false},"author":4,"featured_media":1991,"menu_order":0,"template":"","types-evenements":[16],"editions":[11],"publics":[40],"tarifs":[13],"temporalites":[30,31],"handicaps":[],"class_list":["post-1941","evenement","type-evenement","status-publish","has-post-thumbnail","hentry","types-evenements-expositions","editions-11","publics-tout-public","tarifs-gratuit","temporalites-semaine","temporalites-weekend","entry"],"acf":[],"yoast_head":"<!-- This site is optimized with the Yoast SEO plugin v28.3 - https:\/\/yoast.com\/product\/yoast-seo-wordpress\/ -->\n<title>Le Mans, Cit\u00e9 d&#039;imaginaire - Faites lire !<\/title>\n<meta name=\"robots\" content=\"noindex, follow, max-snippet:-1, max-image-preview:large, max-video-preview:-1\" \/>\n<meta property=\"og:locale\" content=\"fr_FR\" \/>\n<meta property=\"og:type\" content=\"article\" \/>\n<meta property=\"og:title\" content=\"Le Mans, Cit\u00e9 d&#039;imaginaire - Faites lire !\" \/>\n<meta property=\"og:description\" content=\"L\u2019exposition Le Mans, cit\u00e9 d\u2019imaginaire propose une relecture originale du patrimoine manceau. Une approche tant\u00f4t po\u00e9tique, tant\u00f4t d\u00e9cal\u00e9e, visant \u00e0 travers illustrations, courtes fictions et \u00e9clairages historiques \u00e0 offrir un autre regard, une invitation au pas de c\u00f4t\u00e9, \u00e0 la r\u00eaverie, une invitation \u00e0 explorer la ville, autrement\u2026 Les auteurs Aur\u00e9lien Police, n\u00e9 en 1978,&hellip; Poursuivre la lecture Le Mans, Cit\u00e9 d&rsquo;imaginaire\" \/>\n<meta property=\"og:url\" content=\"https:\/\/www.anima-productions.com\/_clients\/faiteslire\/evenements\/le-mans-cite-dimaginaire\/\" \/>\n<meta property=\"og:site_name\" content=\"Faites lire !\" \/>\n<meta property=\"article:modified_time\" content=\"2026-08-28T07:32:55+00:00\" \/>\n<meta property=\"og:image\" content=\"https:\/\/www.anima-productions.com\/_clients\/faiteslire\/wp-content\/uploads\/2026\/08\/Agenda-FaitesLire.webp\" \/>\n\t<meta property=\"og:image:width\" content=\"500\" \/>\n\t<meta property=\"og:image:height\" content=\"500\" \/>\n\t<meta property=\"og:image:type\" content=\"image\/webp\" \/>\n<meta name=\"twitter:card\" content=\"summary_large_image\" \/>\n<meta name=\"twitter:label1\" content=\"Dur\u00e9e de lecture estim\u00e9e\" \/>\n\t<meta name=\"twitter:data1\" content=\"2 minutes\" \/>\n<script type=\"application\/ld+json\" class=\"yoast-schema-graph\">{\"@context\":\"https:\\\/\\\/schema.org\",\"@graph\":[{\"@type\":\"WebPage\",\"@id\":\"https:\\\/\\\/www.anima-productions.com\\\/_clients\\\/faiteslire\\\/evenements\\\/le-mans-cite-dimaginaire\\\/\",\"url\":\"https:\\\/\\\/www.anima-productions.com\\\/_clients\\\/faiteslire\\\/evenements\\\/le-mans-cite-dimaginaire\\\/\",\"name\":\"Le Mans, Cit\u00e9 d'imaginaire - Faites lire !\",\"isPartOf\":{\"@id\":\"https:\\\/\\\/www.anima-productions.com\\\/_clients\\\/faiteslire\\\/#website\"},\"primaryImageOfPage\":{\"@id\":\"https:\\\/\\\/www.anima-productions.com\\\/_clients\\\/faiteslire\\\/evenements\\\/le-mans-cite-dimaginaire\\\/#primaryimage\"},\"image\":{\"@id\":\"https:\\\/\\\/www.anima-productions.com\\\/_clients\\\/faiteslire\\\/evenements\\\/le-mans-cite-dimaginaire\\\/#primaryimage\"},\"thumbnailUrl\":\"https:\\\/\\\/www.anima-productions.com\\\/_clients\\\/faiteslire\\\/wp-content\\\/uploads\\\/2026\\\/08\\\/Agenda-FaitesLire.webp\",\"datePublished\":\"2026-08-27T08:46:59+00:00\",\"dateModified\":\"2026-08-28T07:32:55+00:00\",\"breadcrumb\":{\"@id\":\"https:\\\/\\\/www.anima-productions.com\\\/_clients\\\/faiteslire\\\/evenements\\\/le-mans-cite-dimaginaire\\\/#breadcrumb\"},\"inLanguage\":\"fr-FR\",\"potentialAction\":[{\"@type\":\"ReadAction\",\"target\":[\"https:\\\/\\\/www.anima-productions.com\\\/_clients\\\/faiteslire\\\/evenements\\\/le-mans-cite-dimaginaire\\\/\"]}]},{\"@type\":\"ImageObject\",\"inLanguage\":\"fr-FR\",\"@id\":\"https:\\\/\\\/www.anima-productions.com\\\/_clients\\\/faiteslire\\\/evenements\\\/le-mans-cite-dimaginaire\\\/#primaryimage\",\"url\":\"https:\\\/\\\/www.anima-productions.com\\\/_clients\\\/faiteslire\\\/wp-content\\\/uploads\\\/2026\\\/08\\\/Agenda-FaitesLire.webp\",\"contentUrl\":\"https:\\\/\\\/www.anima-productions.com\\\/_clients\\\/faiteslire\\\/wp-content\\\/uploads\\\/2026\\\/08\\\/Agenda-FaitesLire.webp\",\"width\":500,\"height\":500},{\"@type\":\"BreadcrumbList\",\"@id\":\"https:\\\/\\\/www.anima-productions.com\\\/_clients\\\/faiteslire\\\/evenements\\\/le-mans-cite-dimaginaire\\\/#breadcrumb\",\"itemListElement\":[{\"@type\":\"ListItem\",\"position\":1,\"name\":\"Accueil\",\"item\":\"https:\\\/\\\/www.anima-productions.com\\\/_clients\\\/faiteslire\\\/\"},{\"@type\":\"ListItem\",\"position\":2,\"name\":\"Le Mans, Cit\u00e9 d&rsquo;imaginaire\"}]},{\"@type\":\"WebSite\",\"@id\":\"https:\\\/\\\/www.anima-productions.com\\\/_clients\\\/faiteslire\\\/#website\",\"url\":\"https:\\\/\\\/www.anima-productions.com\\\/_clients\\\/faiteslire\\\/\",\"name\":\"Faites lire !\",\"description\":\"La f\u00eate de la lecture | Le Mans\",\"potentialAction\":[{\"@type\":\"SearchAction\",\"target\":{\"@type\":\"EntryPoint\",\"urlTemplate\":\"https:\\\/\\\/www.anima-productions.com\\\/_clients\\\/faiteslire\\\/?s={search_term_string}\"},\"query-input\":{\"@type\":\"PropertyValueSpecification\",\"valueRequired\":true,\"valueName\":\"search_term_string\"}}],\"inLanguage\":\"fr-FR\"}]}<\/script>\n<!-- \/ Yoast SEO plugin. -->","yoast_head_json":{"title":"Le Mans, Cit\u00e9 d'imaginaire - Faites lire !","robots":{"index":"noindex","follow":"follow","max-snippet":"max-snippet:-1","max-image-preview":"max-image-preview:large","max-video-preview":"max-video-preview:-1"},"og_locale":"fr_FR","og_type":"article","og_title":"Le Mans, Cit\u00e9 d'imaginaire - Faites lire !","og_description":"L\u2019exposition Le Mans, cit\u00e9 d\u2019imaginaire propose une relecture originale du patrimoine manceau. Une approche tant\u00f4t po\u00e9tique, tant\u00f4t d\u00e9cal\u00e9e, visant \u00e0 travers illustrations, courtes fictions et \u00e9clairages historiques \u00e0 offrir un autre regard, une invitation au pas de c\u00f4t\u00e9, \u00e0 la r\u00eaverie, une invitation \u00e0 explorer la ville, autrement\u2026 Les auteurs Aur\u00e9lien Police, n\u00e9 en 1978,&hellip; Poursuivre la lecture Le Mans, Cit\u00e9 d&rsquo;imaginaire","og_url":"https:\/\/www.anima-productions.com\/_clients\/faiteslire\/evenements\/le-mans-cite-dimaginaire\/","og_site_name":"Faites lire !","article_modified_time":"2026-08-28T07:32:55+00:00","og_image":[{"width":500,"height":500,"url":"https:\/\/www.anima-productions.com\/_clients\/faiteslire\/wp-content\/uploads\/2026\/08\/Agenda-FaitesLire.webp","type":"image\/webp"}],"twitter_card":"summary_large_image","twitter_misc":{"Dur\u00e9e de lecture estim\u00e9e":"2 minutes"},"schema":{"@context":"https:\/\/schema.org","@graph":[{"@type":"WebPage","@id":"https:\/\/www.anima-productions.com\/_clients\/faiteslire\/evenements\/le-mans-cite-dimaginaire\/","url":"https:\/\/www.anima-productions.com\/_clients\/faiteslire\/evenements\/le-mans-cite-dimaginaire\/","name":"Le Mans, Cit\u00e9 d'imaginaire - Faites lire !","isPartOf":{"@id":"https:\/\/www.anima-productions.com\/_clients\/faiteslire\/#website"},"primaryImageOfPage":{"@id":"https:\/\/www.anima-productions.com\/_clients\/faiteslire\/evenements\/le-mans-cite-dimaginaire\/#primaryimage"},"image":{"@id":"https:\/\/www.anima-productions.com\/_clients\/faiteslire\/evenements\/le-mans-cite-dimaginaire\/#primaryimage"},"thumbnailUrl":"https:\/\/www.anima-productions.com\/_clients\/faiteslire\/wp-content\/uploads\/2026\/08\/Agenda-FaitesLire.webp","datePublished":"2026-08-27T08:46:59+00:00","dateModified":"2026-08-28T07:32:55+00:00","breadcrumb":{"@id":"https:\/\/www.anima-productions.com\/_clients\/faiteslire\/evenements\/le-mans-cite-dimaginaire\/#breadcrumb"},"inLanguage":"fr-FR","potentialAction":[{"@type":"ReadAction","target":["https:\/\/www.anima-productions.com\/_clients\/faiteslire\/evenements\/le-mans-cite-dimaginaire\/"]}]},{"@type":"ImageObject","inLanguage":"fr-FR","@id":"https:\/\/www.anima-productions.com\/_clients\/faiteslire\/evenements\/le-mans-cite-dimaginaire\/#primaryimage","url":"https:\/\/www.anima-productions.com\/_clients\/faiteslire\/wp-content\/uploads\/2026\/08\/Agenda-FaitesLire.webp","contentUrl":"https:\/\/www.anima-productions.com\/_clients\/faiteslire\/wp-content\/uploads\/2026\/08\/Agenda-FaitesLire.webp","width":500,"height":500},{"@type":"BreadcrumbList","@id":"https:\/\/www.anima-productions.com\/_clients\/faiteslire\/evenements\/le-mans-cite-dimaginaire\/#breadcrumb","itemListElement":[{"@type":"ListItem","position":1,"name":"Accueil","item":"https:\/\/www.anima-productions.com\/_clients\/faiteslire\/"},{"@type":"ListItem","position":2,"name":"Le Mans, Cit\u00e9 d&rsquo;imaginaire"}]},{"@type":"WebSite","@id":"https:\/\/www.anima-productions.com\/_clients\/faiteslire\/#website","url":"https:\/\/www.anima-productions.com\/_clients\/faiteslire\/","name":"Faites lire !","description":"La f\u00eate de la lecture | Le Mans","potentialAction":[{"@type":"SearchAction","target":{"@type":"EntryPoint","urlTemplate":"https:\/\/www.anima-productions.com\/_clients\/faiteslire\/?s={search_term_string}"},"query-input":{"@type":"PropertyValueSpecification","valueRequired":true,"valueName":"search_term_string"}}],"inLanguage":"fr-FR"}]}},"_links":{"self":[{"href":"https:\/\/www.anima-productions.com\/_clients\/faiteslire\/wp-json\/wp\/v2\/evenement\/1941","targetHints":{"allow":["GET"]}}],"collection":[{"href":"https:\/\/www.anima-productions.com\/_clients\/faiteslire\/wp-json\/wp\/v2\/evenement"}],"about":[{"href":"https:\/\/www.anima-productions.com\/_clients\/faiteslire\/wp-json\/wp\/v2\/types\/evenement"}],"author":[{"embeddable":true,"href":"https:\/\/www.anima-productions.com\/_clients\/faiteslire\/wp-json\/wp\/v2\/users\/4"}],"version-history":[{"count":1,"href":"https:\/\/www.anima-productions.com\/_clients\/faiteslire\/wp-json\/wp\/v2\/evenement\/1941\/revisions"}],"predecessor-version":[{"id":1942,"href":"https:\/\/www.anima-productions.com\/_clients\/faiteslire\/wp-json\/wp\/v2\/evenement\/1941\/revisions\/1942"}],"wp:featuredmedia":[{"embeddable":true,"href":"https:\/\/www.anima-productions.com\/_clients\/faiteslire\/wp-json\/wp\/v2\/media\/1991"}],"wp:attachment":[{"href":"https:\/\/www.anima-productions.com\/_clients\/faiteslire\/wp-json\/wp\/v2\/media?parent=1941"}],"wp:term":[{"taxonomy":"types-evenements","embeddable":true,"href":"https:\/\/www.anima-productions.com\/_clients\/faiteslire\/wp-json\/wp\/v2\/types-evenements?post=1941"},{"taxonomy":"editions","embeddable":true,"href":"https:\/\/www.anima-productions.com\/_clients\/faiteslire\/wp-json\/wp\/v2\/editions?post=1941"},{"taxonomy":"publics","embeddable":true,"href":"https:\/\/www.anima-productions.com\/_clients\/faiteslire\/wp-json\/wp\/v2\/publics?post=1941"},{"taxonomy":"tarifs","embeddable":true,"href":"https:\/\/www.anima-productions.com\/_clients\/faiteslire\/wp-json\/wp\/v2\/tarifs?post=1941"},{"taxonomy":"temporalites","embeddable":true,"href":"https:\/\/www.anima-productions.com\/_clients\/faiteslire\/wp-json\/wp\/v2\/temporalites?post=1941"},{"taxonomy":"handicaps","embeddable":true,"href":"https:\/\/www.anima-productions.com\/_clients\/faiteslire\/wp-json\/wp\/v2\/handicaps?post=1941"}],"curies":[{"name":"wp","href":"https:\/\/api.w.org\/{rel}","templated":true}]}}

Le Mans, Cité d&rsquo;imaginaire

<p class="wp-block-paragraph">L’exposition <em>Le Mans, cité d’imaginaire</em> propose une relecture originale du patrimoine manceau. Une approche tantôt poétique, tantôt décalée, visant à travers illustrations, courtes fictions et éclairages historiques à offrir un autre regard, une invitation au pas de côté, à la rêverie, une invitation à explorer la ville, autrement…</p>



<h2 class="wp-block-heading">Les auteurs</h2>



<p class="wp-block-paragraph">Aurélien Police, né en 1978, est auteur-illustrateur et exerce dans divers domaines comme la réalisation de pochettes de disques, de Comics, d’illustrations d’articles de presse ou de nombreuses couvertures de romans pour des éditeurs et des groupes internationaux. Lauréat du Grand Prix de l’Imaginaire catégorie illustration en 2015, du Prix des Imaginales 2017 et du Prix Européen de la Science Fiction (EuroCon Award) 2017, il a également signé les<br>illustrations intérieures de plusieurs livres comme <em>Frankenstein</em>, <em>Les Hauts de Hurlevent </em>et <em>l’Odyssée</em> aux éditions Callidor, ou encore la bande dessinée <em>Juste un peu de Cendres</em>, chez Glénat. Il publie en 2023 chez <em>Marmaille et Compagnie</em>, <em>Les Petits Sabots</em>, une libre et<br>poétique mise en image d’une chanson de Thomas Fersen, ou encore <em>Asuka</em>, un conte illustré d’inspiration japonaise paru en 2024. Il vit au Mans.</p>



<p class="wp-block-paragraph">Julien Hardy, né en 1976, est historien, chercheur en histoire de l’art et guide-conférencier. Il vit au Mans et travaille essentiellement sur son département d’adoption. Il a participé à plusieurs ouvrages sur le patrimoine (éditions Flohic, 1999) et les églises de la Sarthe (éditions de la Reinette, 2006), l’architecture rurale (inventaire du patrimoine du canton de Bonnétable, 2007-2015, en ligne) ou encore industrielle (Patrimoine industriel de Bessésur- Braye, 2020, en ligne) et s’est même intéressé aux égouts manceaux (revue 303, 2024). Il est également grand amateur des littératures de l’imaginaire.</p>

<!-- This site is optimized with the Yoast SEO plugin v28.3 - https://yoast.com/product/yoast-seo-wordpress/ -->
<title>Le Mans, Cité d&#039;imaginaire - Faites lire !</title>
<meta name="robots" content="noindex, follow, max-snippet:-1, max-image-preview:large, max-video-preview:-1" />
<meta property="og:locale" content="fr_FR" />
<meta property="og:type" content="article" />
<meta property="og:title" content="Le Mans, Cité d&#039;imaginaire - Faites lire !" />
<meta property="og:description" content="L’exposition Le Mans, cité d’imaginaire propose une relecture originale du patrimoine manceau. Une approche tantôt poétique, tantôt décalée, visant à travers illustrations, courtes fictions et éclairages historiques à offrir un autre regard, une invitation au pas de côté, à la rêverie, une invitation à explorer la ville, autrement… Les auteurs Aurélien Police, né en 1978,&hellip; Poursuivre la lecture Le Mans, Cité d&rsquo;imaginaire" />
<meta property="og:url" content="https://www.anima-productions.com/_clients/faiteslire/evenements/le-mans-cite-dimaginaire/" />
<meta property="og:site_name" content="Faites lire !" />
<meta property="article:modified_time" content="2026-08-28T07:32:55+00:00" />
<meta property="og:image" content="https://www.anima-productions.com/_clients/faiteslire/wp-content/uploads/2026/08/Agenda-FaitesLire.webp" />
	<meta property="og:image:width" content="500" />
	<meta property="og:image:height" content="500" />
	<meta property="og:image:type" content="image/webp" />
<meta name="twitter:card" content="summary_large_image" />
<meta name="twitter:label1" content="Durée de lecture estimée" />
	<meta name="twitter:data1" content="2 minutes" />
<script type="application/ld+json" class="yoast-schema-graph">{"@context":"https:\/\/schema.org","@graph":[{"@type":"WebPage","@id":"https:\/\/www.anima-productions.com\/_clients\/faiteslire\/evenements\/le-mans-cite-dimaginaire\/","url":"https:\/\/www.anima-productions.com\/_clients\/faiteslire\/evenements\/le-mans-cite-dimaginaire\/","name":"Le Mans, Cité d'imaginaire - Faites lire !","isPartOf":{"@id":"https:\/\/www.anima-productions.com\/_clients\/faiteslire\/#website"},"primaryImageOfPage":{"@id":"https:\/\/www.anima-productions.com\/_clients\/faiteslire\/evenements\/le-mans-cite-dimaginaire\/#primaryimage"},"image":{"@id":"https:\/\/www.anima-productions.com\/_clients\/faiteslire\/evenements\/le-mans-cite-dimaginaire\/#primaryimage"},"thumbnailUrl":"https:\/\/www.anima-productions.com\/_clients\/faiteslire\/wp-content\/uploads\/2026\/08\/Agenda-FaitesLire.webp","datePublished":"2026-08-27T08:46:59+00:00","dateModified":"2026-08-28T07:32:55+00:00","breadcrumb":{"@id":"https:\/\/www.anima-productions.com\/_clients\/faiteslire\/evenements\/le-mans-cite-dimaginaire\/#breadcrumb"},"inLanguage":"fr-FR","potentialAction":[{"@type":"ReadAction","target":["https:\/\/www.anima-productions.com\/_clients\/faiteslire\/evenements\/le-mans-cite-dimaginaire\/"]}]},{"@type":"ImageObject","inLanguage":"fr-FR","@id":"https:\/\/www.anima-productions.com\/_clients\/faiteslire\/evenements\/le-mans-cite-dimaginaire\/#primaryimage","url":"https:\/\/www.anima-productions.com\/_clients\/faiteslire\/wp-content\/uploads\/2026\/08\/Agenda-FaitesLire.webp","contentUrl":"https:\/\/www.anima-productions.com\/_clients\/faiteslire\/wp-content\/uploads\/2026\/08\/Agenda-FaitesLire.webp","width":500,"height":500},{"@type":"BreadcrumbList","@id":"https:\/\/www.anima-productions.com\/_clients\/faiteslire\/evenements\/le-mans-cite-dimaginaire\/#breadcrumb","itemListElement":[{"@type":"ListItem","position":1,"name":"Accueil","item":"https:\/\/www.anima-productions.com\/_clients\/faiteslire\/"},{"@type":"ListItem","position":2,"name":"Le Mans, Cité d&rsquo;imaginaire"}]},{"@type":"WebSite","@id":"https:\/\/www.anima-productions.com\/_clients\/faiteslire\/#website","url":"https:\/\/www.anima-productions.com\/_clients\/faiteslire\/","name":"Faites lire !","description":"La fête de la lecture | Le Mans","potentialAction":[{"@type":"SearchAction","target":{"@type":"EntryPoint","urlTemplate":"https:\/\/www.anima-productions.com\/_clients\/faiteslire\/?s={search_term_string}"},"query-input":{"@type":"PropertyValueSpecification","valueRequired":true,"valueName":"search_term_string"}}],"inLanguage":"fr-FR"}]}</script>
<!-- / Yoast SEO plugin. -->

Le Mans, Cité d'imaginaire - Faites lire !

L’exposition Le Mans, cité d’imaginaire propose une relecture originale du patrimoine manceau. Une approche tantôt poétique, tantôt décalée, visant à travers illustrations, courtes fictions et éclairages historiques à offrir un autre regard, une invitation au pas de côté, à la rêverie, une invitation à explorer la ville, autrement… Les auteurs Aurélien Police, né en 1978,&hellip; Poursuivre la lecture Le Mans, Cité d&rsquo;imaginaire

La fête de la lecture | Le Mans
