{"id":866,"date":"2026-08-18T10:27:17","date_gmt":"2026-08-18T08:27:17","guid":{"rendered":"https:\/\/www.anima-productions.com\/_clients\/faiteslire\/?post_type=lieu&#038;p=866"},"modified":"2026-08-28T08:08:20","modified_gmt":"2026-08-28T06:08:20","slug":"place-de-la-republique","status":"publish","type":"lieu","link":"https:\/\/www.anima-productions.com\/_clients\/faiteslire\/lieux\/place-de-la-republique\/","title":{"rendered":"Place de la R\u00e9publique"},"content":{"rendered":"\n<p class=\"wp-block-paragraph\">Place majeure de la ville du Mans, elle est un lieu d\u2019artisanat et de commerce d\u00e8s l\u2019Antiquit\u00e9. Jusqu\u2019en 1884 elle s\u2019appelait Place des Halles. Apr\u00e8s avoir \u00e9t\u00e9 le lieu d\u2019ex\u00e9cutions publiques au XIX<sup>e<\/sup> si\u00e8cle, de rassemblement pour la mobilisation en 1914 ou encore de parade \u00e0 la lib\u00e9ration de 1944, la place de la R\u00e9publique est devenue un lieu de vie incontournable du Mans.<\/p>\n\n\n\n<p class=\"wp-block-paragraph\">De nombreux b\u00e2timents historiques t\u00e9moignent de son pass\u00e9&nbsp;: la chapelle de la Visitation, l\u2019h\u00f4tel Leprince, l\u2019h\u00f4tel des Postes ou la Bourse du Mans aujourd\u2019hui occup\u00e9e par la Chambre de Commercer et de l\u2019Industrie de la Sarthe.<\/p>\n\n\n\n<p class=\"wp-block-paragraph\">Desservie en son c\u0153ur par le tramway, elle accueille les grands \u00e9v\u00e8nements de la ville comme le pesage des 24 Heures du Mans, les manifestations citoyennes ou les festivit\u00e9s de fin d\u2019ann\u00e9e.<\/p>\n\n\n\n<p class=\"wp-block-paragraph\">Pendant le festival Faites Lire&nbsp;! elle accueille l\u2019espace jeunesse et les auteurs BD \/ Comics \/ Manga du salon du livre.<\/p>\n\n\n\n<p class=\"wp-block-paragraph\"><strong>Superficie<\/strong>&nbsp;: environ 4500 m\u00b2<\/p>\n\n\n\n<figure class=\"wp-block-image size-full\"><img loading=\"lazy\" decoding=\"async\" width=\"800\" height=\"520\" src=\"https:\/\/www.anima-productions.com\/_clients\/faiteslire\/wp-content\/uploads\/2026\/08\/Lieux-FaitesLire-Republique.webp\" alt=\"\" class=\"wp-image-1734\" srcset=\"https:\/\/www.anima-productions.com\/_clients\/faiteslire\/wp-content\/uploads\/2026\/08\/Lieux-FaitesLire-Republique.webp 800w, https:\/\/www.anima-productions.com\/_clients\/faiteslire\/wp-content\/uploads\/2026\/08\/Lieux-FaitesLire-Republique-300x195.webp 300w, https:\/\/www.anima-productions.com\/_clients\/faiteslire\/wp-content\/uploads\/2026\/08\/Lieux-FaitesLire-Republique-5x3.webp 5w, https:\/\/www.anima-productions.com\/_clients\/faiteslire\/wp-content\/uploads\/2026\/08\/Lieux-FaitesLire-Republique-768x499.webp 768w\" sizes=\"auto, (max-width: 800px) 100vw, 800px\" \/><\/figure>\n","protected":false},"author":4,"featured_media":1909,"menu_order":0,"template":"","class_list":["post-866","lieu","type-lieu","status-publish","has-post-thumbnail","hentry","entry"],"acf":[],"yoast_head":"<!-- This site is optimized with the Yoast SEO plugin v28.3 - https:\/\/yoast.com\/product\/yoast-seo-wordpress\/ -->\n<title>Place de la R\u00e9publique - Faites lire !<\/title>\n<meta name=\"robots\" content=\"noindex, follow, max-snippet:-1, max-image-preview:large, max-video-preview:-1\" \/>\n<meta property=\"og:locale\" content=\"fr_FR\" \/>\n<meta property=\"og:type\" content=\"article\" \/>\n<meta property=\"og:title\" content=\"Place de la R\u00e9publique - Faites lire !\" \/>\n<meta property=\"og:description\" content=\"Place majeure de la ville du Mans, elle est un lieu d\u2019artisanat et de commerce d\u00e8s l\u2019Antiquit\u00e9. Jusqu\u2019en 1884 elle s\u2019appelait Place des Halles. Apr\u00e8s avoir \u00e9t\u00e9 le lieu d\u2019ex\u00e9cutions publiques au XIXe si\u00e8cle, de rassemblement pour la mobilisation en 1914 ou encore de parade \u00e0 la lib\u00e9ration de 1944, la place de la R\u00e9publique&hellip; Poursuivre la lecture Place de la R\u00e9publique\" \/>\n<meta property=\"og:url\" content=\"https:\/\/www.anima-productions.com\/_clients\/faiteslire\/lieux\/place-de-la-republique\/\" \/>\n<meta property=\"og:site_name\" content=\"Faites lire !\" \/>\n<meta property=\"article:modified_time\" content=\"2026-08-28T06:08:20+00:00\" \/>\n<meta property=\"og:image\" content=\"https:\/\/www.anima-productions.com\/_clients\/faiteslire\/wp-content\/uploads\/2026\/08\/Lieux-Republique.webp\" \/>\n\t<meta property=\"og:image:width\" content=\"500\" \/>\n\t<meta property=\"og:image:height\" content=\"500\" \/>\n\t<meta property=\"og:image:type\" content=\"image\/webp\" \/>\n<meta name=\"twitter:card\" content=\"summary_large_image\" \/>\n<meta name=\"twitter:label1\" content=\"Dur\u00e9e de lecture estim\u00e9e\" \/>\n\t<meta name=\"twitter:data1\" content=\"2 minutes\" \/>\n<script type=\"application\/ld+json\" class=\"yoast-schema-graph\">{\"@context\":\"https:\\\/\\\/schema.org\",\"@graph\":[{\"@type\":\"WebPage\",\"@id\":\"https:\\\/\\\/www.anima-productions.com\\\/_clients\\\/faiteslire\\\/lieux\\\/place-de-la-republique\\\/\",\"url\":\"https:\\\/\\\/www.anima-productions.com\\\/_clients\\\/faiteslire\\\/lieux\\\/place-de-la-republique\\\/\",\"name\":\"Place de la R\u00e9publique - Faites lire !\",\"isPartOf\":{\"@id\":\"https:\\\/\\\/www.anima-productions.com\\\/_clients\\\/faiteslire\\\/#website\"},\"primaryImageOfPage\":{\"@id\":\"https:\\\/\\\/www.anima-productions.com\\\/_clients\\\/faiteslire\\\/lieux\\\/place-de-la-republique\\\/#primaryimage\"},\"image\":{\"@id\":\"https:\\\/\\\/www.anima-productions.com\\\/_clients\\\/faiteslire\\\/lieux\\\/place-de-la-republique\\\/#primaryimage\"},\"thumbnailUrl\":\"https:\\\/\\\/www.anima-productions.com\\\/_clients\\\/faiteslire\\\/wp-content\\\/uploads\\\/2026\\\/08\\\/Lieux-Republique.webp\",\"datePublished\":\"2026-08-18T08:27:17+00:00\",\"dateModified\":\"2026-08-28T06:08:20+00:00\",\"breadcrumb\":{\"@id\":\"https:\\\/\\\/www.anima-productions.com\\\/_clients\\\/faiteslire\\\/lieux\\\/place-de-la-republique\\\/#breadcrumb\"},\"inLanguage\":\"fr-FR\",\"potentialAction\":[{\"@type\":\"ReadAction\",\"target\":[\"https:\\\/\\\/www.anima-productions.com\\\/_clients\\\/faiteslire\\\/lieux\\\/place-de-la-republique\\\/\"]}]},{\"@type\":\"ImageObject\",\"inLanguage\":\"fr-FR\",\"@id\":\"https:\\\/\\\/www.anima-productions.com\\\/_clients\\\/faiteslire\\\/lieux\\\/place-de-la-republique\\\/#primaryimage\",\"url\":\"https:\\\/\\\/www.anima-productions.com\\\/_clients\\\/faiteslire\\\/wp-content\\\/uploads\\\/2026\\\/08\\\/Lieux-Republique.webp\",\"contentUrl\":\"https:\\\/\\\/www.anima-productions.com\\\/_clients\\\/faiteslire\\\/wp-content\\\/uploads\\\/2026\\\/08\\\/Lieux-Republique.webp\",\"width\":500,\"height\":500},{\"@type\":\"BreadcrumbList\",\"@id\":\"https:\\\/\\\/www.anima-productions.com\\\/_clients\\\/faiteslire\\\/lieux\\\/place-de-la-republique\\\/#breadcrumb\",\"itemListElement\":[{\"@type\":\"ListItem\",\"position\":1,\"name\":\"Accueil\",\"item\":\"https:\\\/\\\/www.anima-productions.com\\\/_clients\\\/faiteslire\\\/\"},{\"@type\":\"ListItem\",\"position\":2,\"name\":\"Place de la R\u00e9publique\"}]},{\"@type\":\"WebSite\",\"@id\":\"https:\\\/\\\/www.anima-productions.com\\\/_clients\\\/faiteslire\\\/#website\",\"url\":\"https:\\\/\\\/www.anima-productions.com\\\/_clients\\\/faiteslire\\\/\",\"name\":\"Faites lire !\",\"description\":\"La f\u00eate de la lecture | Le Mans\",\"potentialAction\":[{\"@type\":\"SearchAction\",\"target\":{\"@type\":\"EntryPoint\",\"urlTemplate\":\"https:\\\/\\\/www.anima-productions.com\\\/_clients\\\/faiteslire\\\/?s={search_term_string}\"},\"query-input\":{\"@type\":\"PropertyValueSpecification\",\"valueRequired\":true,\"valueName\":\"search_term_string\"}}],\"inLanguage\":\"fr-FR\"}]}<\/script>\n<!-- \/ Yoast SEO plugin. -->","yoast_head_json":{"title":"Place de la R\u00e9publique - Faites lire !","robots":{"index":"noindex","follow":"follow","max-snippet":"max-snippet:-1","max-image-preview":"max-image-preview:large","max-video-preview":"max-video-preview:-1"},"og_locale":"fr_FR","og_type":"article","og_title":"Place de la R\u00e9publique - Faites lire !","og_description":"Place majeure de la ville du Mans, elle est un lieu d\u2019artisanat et de commerce d\u00e8s l\u2019Antiquit\u00e9. Jusqu\u2019en 1884 elle s\u2019appelait Place des Halles. Apr\u00e8s avoir \u00e9t\u00e9 le lieu d\u2019ex\u00e9cutions publiques au XIXe si\u00e8cle, de rassemblement pour la mobilisation en 1914 ou encore de parade \u00e0 la lib\u00e9ration de 1944, la place de la R\u00e9publique&hellip; Poursuivre la lecture Place de la R\u00e9publique","og_url":"https:\/\/www.anima-productions.com\/_clients\/faiteslire\/lieux\/place-de-la-republique\/","og_site_name":"Faites lire !","article_modified_time":"2026-08-28T06:08:20+00:00","og_image":[{"width":500,"height":500,"url":"https:\/\/www.anima-productions.com\/_clients\/faiteslire\/wp-content\/uploads\/2026\/08\/Lieux-Republique.webp","type":"image\/webp"}],"twitter_card":"summary_large_image","twitter_misc":{"Dur\u00e9e de lecture estim\u00e9e":"2 minutes"},"schema":{"@context":"https:\/\/schema.org","@graph":[{"@type":"WebPage","@id":"https:\/\/www.anima-productions.com\/_clients\/faiteslire\/lieux\/place-de-la-republique\/","url":"https:\/\/www.anima-productions.com\/_clients\/faiteslire\/lieux\/place-de-la-republique\/","name":"Place de la R\u00e9publique - Faites lire !","isPartOf":{"@id":"https:\/\/www.anima-productions.com\/_clients\/faiteslire\/#website"},"primaryImageOfPage":{"@id":"https:\/\/www.anima-productions.com\/_clients\/faiteslire\/lieux\/place-de-la-republique\/#primaryimage"},"image":{"@id":"https:\/\/www.anima-productions.com\/_clients\/faiteslire\/lieux\/place-de-la-republique\/#primaryimage"},"thumbnailUrl":"https:\/\/www.anima-productions.com\/_clients\/faiteslire\/wp-content\/uploads\/2026\/08\/Lieux-Republique.webp","datePublished":"2026-08-18T08:27:17+00:00","dateModified":"2026-08-28T06:08:20+00:00","breadcrumb":{"@id":"https:\/\/www.anima-productions.com\/_clients\/faiteslire\/lieux\/place-de-la-republique\/#breadcrumb"},"inLanguage":"fr-FR","potentialAction":[{"@type":"ReadAction","target":["https:\/\/www.anima-productions.com\/_clients\/faiteslire\/lieux\/place-de-la-republique\/"]}]},{"@type":"ImageObject","inLanguage":"fr-FR","@id":"https:\/\/www.anima-productions.com\/_clients\/faiteslire\/lieux\/place-de-la-republique\/#primaryimage","url":"https:\/\/www.anima-productions.com\/_clients\/faiteslire\/wp-content\/uploads\/2026\/08\/Lieux-Republique.webp","contentUrl":"https:\/\/www.anima-productions.com\/_clients\/faiteslire\/wp-content\/uploads\/2026\/08\/Lieux-Republique.webp","width":500,"height":500},{"@type":"BreadcrumbList","@id":"https:\/\/www.anima-productions.com\/_clients\/faiteslire\/lieux\/place-de-la-republique\/#breadcrumb","itemListElement":[{"@type":"ListItem","position":1,"name":"Accueil","item":"https:\/\/www.anima-productions.com\/_clients\/faiteslire\/"},{"@type":"ListItem","position":2,"name":"Place de la R\u00e9publique"}]},{"@type":"WebSite","@id":"https:\/\/www.anima-productions.com\/_clients\/faiteslire\/#website","url":"https:\/\/www.anima-productions.com\/_clients\/faiteslire\/","name":"Faites lire !","description":"La f\u00eate de la lecture | Le Mans","potentialAction":[{"@type":"SearchAction","target":{"@type":"EntryPoint","urlTemplate":"https:\/\/www.anima-productions.com\/_clients\/faiteslire\/?s={search_term_string}"},"query-input":{"@type":"PropertyValueSpecification","valueRequired":true,"valueName":"search_term_string"}}],"inLanguage":"fr-FR"}]}},"_links":{"self":[{"href":"https:\/\/www.anima-productions.com\/_clients\/faiteslire\/wp-json\/wp\/v2\/lieu\/866","targetHints":{"allow":["GET"]}}],"collection":[{"href":"https:\/\/www.anima-productions.com\/_clients\/faiteslire\/wp-json\/wp\/v2\/lieu"}],"about":[{"href":"https:\/\/www.anima-productions.com\/_clients\/faiteslire\/wp-json\/wp\/v2\/types\/lieu"}],"author":[{"embeddable":true,"href":"https:\/\/www.anima-productions.com\/_clients\/faiteslire\/wp-json\/wp\/v2\/users\/4"}],"version-history":[{"count":3,"href":"https:\/\/www.anima-productions.com\/_clients\/faiteslire\/wp-json\/wp\/v2\/lieu\/866\/revisions"}],"predecessor-version":[{"id":1735,"href":"https:\/\/www.anima-productions.com\/_clients\/faiteslire\/wp-json\/wp\/v2\/lieu\/866\/revisions\/1735"}],"wp:featuredmedia":[{"embeddable":true,"href":"https:\/\/www.anima-productions.com\/_clients\/faiteslire\/wp-json\/wp\/v2\/media\/1909"}],"wp:attachment":[{"href":"https:\/\/www.anima-productions.com\/_clients\/faiteslire\/wp-json\/wp\/v2\/media?parent=866"}],"curies":[{"name":"wp","href":"https:\/\/api.w.org\/{rel}","templated":true}]}}

Place de la République

<p class="wp-block-paragraph">Place majeure de la ville du Mans, elle est un lieu d’artisanat et de commerce dès l’Antiquité. Jusqu’en 1884 elle s’appelait Place des Halles. Après avoir été le lieu d’exécutions publiques au XIX<sup>e</sup> siècle, de rassemblement pour la mobilisation en 1914 ou encore de parade à la libération de 1944, la place de la République est devenue un lieu de vie incontournable du Mans.</p>



<p class="wp-block-paragraph">De nombreux bâtiments historiques témoignent de son passé&nbsp;: la chapelle de la Visitation, l’hôtel Leprince, l’hôtel des Postes ou la Bourse du Mans aujourd’hui occupée par la Chambre de Commercer et de l’Industrie de la Sarthe.</p>



<p class="wp-block-paragraph">Desservie en son cœur par le tramway, elle accueille les grands évènements de la ville comme le pesage des 24 Heures du Mans, les manifestations citoyennes ou les festivités de fin d’année.</p>



<p class="wp-block-paragraph">Pendant le festival Faites Lire&nbsp;! elle accueille l’espace jeunesse et les auteurs BD / Comics / Manga du salon du livre.</p>



<p class="wp-block-paragraph"><strong>Superficie</strong>&nbsp;: environ 4500 m²</p>



<figure class="wp-block-image size-full"><img loading="lazy" decoding="async" width="800" height="520" src="https://www.anima-productions.com/_clients/faiteslire/wp-content/uploads/2026/08/Lieux-FaitesLire-Republique.webp" alt="" class="wp-image-1734" srcset="https://www.anima-productions.com/_clients/faiteslire/wp-content/uploads/2026/08/Lieux-FaitesLire-Republique.webp 800w, https://www.anima-productions.com/_clients/faiteslire/wp-content/uploads/2026/08/Lieux-FaitesLire-Republique-300x195.webp 300w, https://www.anima-productions.com/_clients/faiteslire/wp-content/uploads/2026/08/Lieux-FaitesLire-Republique-5x3.webp 5w, https://www.anima-productions.com/_clients/faiteslire/wp-content/uploads/2026/08/Lieux-FaitesLire-Republique-768x499.webp 768w" sizes="auto, (max-width: 800px) 100vw, 800px" /></figure>

<!-- This site is optimized with the Yoast SEO plugin v28.3 - https://yoast.com/product/yoast-seo-wordpress/ -->
<title>Place de la République - Faites lire !</title>
<meta name="robots" content="noindex, follow, max-snippet:-1, max-image-preview:large, max-video-preview:-1" />
<meta property="og:locale" content="fr_FR" />
<meta property="og:type" content="article" />
<meta property="og:title" content="Place de la République - Faites lire !" />
<meta property="og:description" content="Place majeure de la ville du Mans, elle est un lieu d’artisanat et de commerce dès l’Antiquité. Jusqu’en 1884 elle s’appelait Place des Halles. Après avoir été le lieu d’exécutions publiques au XIXe siècle, de rassemblement pour la mobilisation en 1914 ou encore de parade à la libération de 1944, la place de la République&hellip; Poursuivre la lecture Place de la République" />
<meta property="og:url" content="https://www.anima-productions.com/_clients/faiteslire/lieux/place-de-la-republique/" />
<meta property="og:site_name" content="Faites lire !" />
<meta property="article:modified_time" content="2026-08-28T06:08:20+00:00" />
<meta property="og:image" content="https://www.anima-productions.com/_clients/faiteslire/wp-content/uploads/2026/08/Lieux-Republique.webp" />
	<meta property="og:image:width" content="500" />
	<meta property="og:image:height" content="500" />
	<meta property="og:image:type" content="image/webp" />
<meta name="twitter:card" content="summary_large_image" />
<meta name="twitter:label1" content="Durée de lecture estimée" />
	<meta name="twitter:data1" content="2 minutes" />
<script type="application/ld+json" class="yoast-schema-graph">{"@context":"https:\/\/schema.org","@graph":[{"@type":"WebPage","@id":"https:\/\/www.anima-productions.com\/_clients\/faiteslire\/lieux\/place-de-la-republique\/","url":"https:\/\/www.anima-productions.com\/_clients\/faiteslire\/lieux\/place-de-la-republique\/","name":"Place de la République - Faites lire !","isPartOf":{"@id":"https:\/\/www.anima-productions.com\/_clients\/faiteslire\/#website"},"primaryImageOfPage":{"@id":"https:\/\/www.anima-productions.com\/_clients\/faiteslire\/lieux\/place-de-la-republique\/#primaryimage"},"image":{"@id":"https:\/\/www.anima-productions.com\/_clients\/faiteslire\/lieux\/place-de-la-republique\/#primaryimage"},"thumbnailUrl":"https:\/\/www.anima-productions.com\/_clients\/faiteslire\/wp-content\/uploads\/2026\/08\/Lieux-Republique.webp","datePublished":"2026-08-18T08:27:17+00:00","dateModified":"2026-08-28T06:08:20+00:00","breadcrumb":{"@id":"https:\/\/www.anima-productions.com\/_clients\/faiteslire\/lieux\/place-de-la-republique\/#breadcrumb"},"inLanguage":"fr-FR","potentialAction":[{"@type":"ReadAction","target":["https:\/\/www.anima-productions.com\/_clients\/faiteslire\/lieux\/place-de-la-republique\/"]}]},{"@type":"ImageObject","inLanguage":"fr-FR","@id":"https:\/\/www.anima-productions.com\/_clients\/faiteslire\/lieux\/place-de-la-republique\/#primaryimage","url":"https:\/\/www.anima-productions.com\/_clients\/faiteslire\/wp-content\/uploads\/2026\/08\/Lieux-Republique.webp","contentUrl":"https:\/\/www.anima-productions.com\/_clients\/faiteslire\/wp-content\/uploads\/2026\/08\/Lieux-Republique.webp","width":500,"height":500},{"@type":"BreadcrumbList","@id":"https:\/\/www.anima-productions.com\/_clients\/faiteslire\/lieux\/place-de-la-republique\/#breadcrumb","itemListElement":[{"@type":"ListItem","position":1,"name":"Accueil","item":"https:\/\/www.anima-productions.com\/_clients\/faiteslire\/"},{"@type":"ListItem","position":2,"name":"Place de la République"}]},{"@type":"WebSite","@id":"https:\/\/www.anima-productions.com\/_clients\/faiteslire\/#website","url":"https:\/\/www.anima-productions.com\/_clients\/faiteslire\/","name":"Faites lire !","description":"La fête de la lecture | Le Mans","potentialAction":[{"@type":"SearchAction","target":{"@type":"EntryPoint","urlTemplate":"https:\/\/www.anima-productions.com\/_clients\/faiteslire\/?s={search_term_string}"},"query-input":{"@type":"PropertyValueSpecification","valueRequired":true,"valueName":"search_term_string"}}],"inLanguage":"fr-FR"}]}</script>
<!-- / Yoast SEO plugin. -->

Place de la République - Faites lire !

Place majeure de la ville du Mans, elle est un lieu d’artisanat et de commerce dès l’Antiquité. Jusqu’en 1884 elle s’appelait Place des Halles. Après avoir été le lieu d’exécutions publiques au XIXe siècle, de rassemblement pour la mobilisation en 1914 ou encore de parade à la libération de 1944, la place de la République&hellip; Poursuivre la lecture Place de la République

La fête de la lecture | Le Mans
