{"id":869,"date":"2026-08-18T10:27:17","date_gmt":"2026-08-18T08:27:17","guid":{"rendered":"https:\/\/www.anima-productions.com\/_clients\/faiteslire\/?post_type=lieu&#038;p=869"},"modified":"2026-08-28T08:08:34","modified_gmt":"2026-08-28T06:08:34","slug":"place-des-jacobins","status":"publish","type":"lieu","link":"https:\/\/www.anima-productions.com\/_clients\/faiteslire\/lieux\/place-des-jacobins\/","title":{"rendered":"Place des Jacobins"},"content":{"rendered":"\n<p class=\"wp-block-paragraph\">Situ\u00e9e en contrebas de la cath\u00e9drale Saint-Julien, la place des Jacobins est l\u2019autre grande place du Mans. Elle tire son nom du couvent des jacobins fond\u00e9 au XIIIe si\u00e8cle \u00e0 cet endroit. Elle devient place sous la R\u00e9volution Fran\u00e7aise, sous le nom de place du march\u00e9 aux b\u0153ufs puis se transforme au fil du temps pour devenir un lieu embl\u00e9matique des \u00e9v\u00e8nements et de la culture au Mans. Parade des 24 Heures du Mans, cin\u00e9ma et Sc\u00e8ne nationale Les Quinconces &#8211; ESPAL y trouvent leur place.<\/p>\n\n\n\n<p class=\"wp-block-paragraph\">Pendant le festival Faites Lire&nbsp;! la place des jacobins accueille le salon du livre et les auteurs de litt\u00e9rature g\u00e9n\u00e9rale.<\/p>\n\n\n\n<figure class=\"wp-block-image size-full\"><img loading=\"lazy\" decoding=\"async\" width=\"800\" height=\"520\" src=\"https:\/\/www.anima-productions.com\/_clients\/faiteslire\/wp-content\/uploads\/2026\/08\/Lieux-FaitesLire-Jacobins.webp\" alt=\"\" class=\"wp-image-1731\" srcset=\"https:\/\/www.anima-productions.com\/_clients\/faiteslire\/wp-content\/uploads\/2026\/08\/Lieux-FaitesLire-Jacobins.webp 800w, https:\/\/www.anima-productions.com\/_clients\/faiteslire\/wp-content\/uploads\/2026\/08\/Lieux-FaitesLire-Jacobins-300x195.webp 300w, https:\/\/www.anima-productions.com\/_clients\/faiteslire\/wp-content\/uploads\/2026\/08\/Lieux-FaitesLire-Jacobins-5x3.webp 5w, https:\/\/www.anima-productions.com\/_clients\/faiteslire\/wp-content\/uploads\/2026\/08\/Lieux-FaitesLire-Jacobins-768x499.webp 768w\" sizes=\"auto, (max-width: 800px) 100vw, 800px\" \/><\/figure>\n\n\n\n<p class=\"wp-block-paragraph\"><strong>Superficie&nbsp;<\/strong>: environ 4500 m\u00b2<\/p>\n","protected":false},"author":4,"featured_media":1900,"menu_order":0,"template":"","class_list":["post-869","lieu","type-lieu","status-publish","has-post-thumbnail","hentry","entry"],"acf":[],"yoast_head":"<!-- This site is optimized with the Yoast SEO plugin v28.3 - https:\/\/yoast.com\/product\/yoast-seo-wordpress\/ -->\n<title>Place des Jacobins - Faites lire !<\/title>\n<meta name=\"robots\" content=\"noindex, follow, max-snippet:-1, max-image-preview:large, max-video-preview:-1\" \/>\n<meta property=\"og:locale\" content=\"fr_FR\" \/>\n<meta property=\"og:type\" content=\"article\" \/>\n<meta property=\"og:title\" content=\"Place des Jacobins - Faites lire !\" \/>\n<meta property=\"og:description\" content=\"Situ\u00e9e en contrebas de la cath\u00e9drale Saint-Julien, la place des Jacobins est l\u2019autre grande place du Mans. Elle tire son nom du couvent des jacobins fond\u00e9 au XIIIe si\u00e8cle \u00e0 cet endroit. Elle devient place sous la R\u00e9volution Fran\u00e7aise, sous le nom de place du march\u00e9 aux b\u0153ufs puis se transforme au fil du temps&hellip; Poursuivre la lecture Place des Jacobins\" \/>\n<meta property=\"og:url\" content=\"https:\/\/www.anima-productions.com\/_clients\/faiteslire\/lieux\/place-des-jacobins\/\" \/>\n<meta property=\"og:site_name\" content=\"Faites lire !\" \/>\n<meta property=\"article:modified_time\" content=\"2026-08-28T06:08:34+00:00\" \/>\n<meta property=\"og:image\" content=\"https:\/\/www.anima-productions.com\/_clients\/faiteslire\/wp-content\/uploads\/2026\/08\/Lieux-Place-jacobins.webp\" \/>\n\t<meta property=\"og:image:width\" content=\"500\" \/>\n\t<meta property=\"og:image:height\" content=\"500\" \/>\n\t<meta property=\"og:image:type\" content=\"image\/webp\" \/>\n<meta name=\"twitter:card\" content=\"summary_large_image\" \/>\n<meta name=\"twitter:label1\" content=\"Dur\u00e9e de lecture estim\u00e9e\" \/>\n\t<meta name=\"twitter:data1\" content=\"1 minute\" \/>\n<script type=\"application\/ld+json\" class=\"yoast-schema-graph\">{\"@context\":\"https:\\\/\\\/schema.org\",\"@graph\":[{\"@type\":\"WebPage\",\"@id\":\"https:\\\/\\\/www.anima-productions.com\\\/_clients\\\/faiteslire\\\/lieux\\\/place-des-jacobins\\\/\",\"url\":\"https:\\\/\\\/www.anima-productions.com\\\/_clients\\\/faiteslire\\\/lieux\\\/place-des-jacobins\\\/\",\"name\":\"Place des Jacobins - Faites lire !\",\"isPartOf\":{\"@id\":\"https:\\\/\\\/www.anima-productions.com\\\/_clients\\\/faiteslire\\\/#website\"},\"primaryImageOfPage\":{\"@id\":\"https:\\\/\\\/www.anima-productions.com\\\/_clients\\\/faiteslire\\\/lieux\\\/place-des-jacobins\\\/#primaryimage\"},\"image\":{\"@id\":\"https:\\\/\\\/www.anima-productions.com\\\/_clients\\\/faiteslire\\\/lieux\\\/place-des-jacobins\\\/#primaryimage\"},\"thumbnailUrl\":\"https:\\\/\\\/www.anima-productions.com\\\/_clients\\\/faiteslire\\\/wp-content\\\/uploads\\\/2026\\\/08\\\/Lieux-Place-jacobins.webp\",\"datePublished\":\"2026-08-18T08:27:17+00:00\",\"dateModified\":\"2026-08-28T06:08:34+00:00\",\"breadcrumb\":{\"@id\":\"https:\\\/\\\/www.anima-productions.com\\\/_clients\\\/faiteslire\\\/lieux\\\/place-des-jacobins\\\/#breadcrumb\"},\"inLanguage\":\"fr-FR\",\"potentialAction\":[{\"@type\":\"ReadAction\",\"target\":[\"https:\\\/\\\/www.anima-productions.com\\\/_clients\\\/faiteslire\\\/lieux\\\/place-des-jacobins\\\/\"]}]},{\"@type\":\"ImageObject\",\"inLanguage\":\"fr-FR\",\"@id\":\"https:\\\/\\\/www.anima-productions.com\\\/_clients\\\/faiteslire\\\/lieux\\\/place-des-jacobins\\\/#primaryimage\",\"url\":\"https:\\\/\\\/www.anima-productions.com\\\/_clients\\\/faiteslire\\\/wp-content\\\/uploads\\\/2026\\\/08\\\/Lieux-Place-jacobins.webp\",\"contentUrl\":\"https:\\\/\\\/www.anima-productions.com\\\/_clients\\\/faiteslire\\\/wp-content\\\/uploads\\\/2026\\\/08\\\/Lieux-Place-jacobins.webp\",\"width\":500,\"height\":500},{\"@type\":\"BreadcrumbList\",\"@id\":\"https:\\\/\\\/www.anima-productions.com\\\/_clients\\\/faiteslire\\\/lieux\\\/place-des-jacobins\\\/#breadcrumb\",\"itemListElement\":[{\"@type\":\"ListItem\",\"position\":1,\"name\":\"Accueil\",\"item\":\"https:\\\/\\\/www.anima-productions.com\\\/_clients\\\/faiteslire\\\/\"},{\"@type\":\"ListItem\",\"position\":2,\"name\":\"Place des Jacobins\"}]},{\"@type\":\"WebSite\",\"@id\":\"https:\\\/\\\/www.anima-productions.com\\\/_clients\\\/faiteslire\\\/#website\",\"url\":\"https:\\\/\\\/www.anima-productions.com\\\/_clients\\\/faiteslire\\\/\",\"name\":\"Faites lire !\",\"description\":\"La f\u00eate de la lecture | Le Mans\",\"potentialAction\":[{\"@type\":\"SearchAction\",\"target\":{\"@type\":\"EntryPoint\",\"urlTemplate\":\"https:\\\/\\\/www.anima-productions.com\\\/_clients\\\/faiteslire\\\/?s={search_term_string}\"},\"query-input\":{\"@type\":\"PropertyValueSpecification\",\"valueRequired\":true,\"valueName\":\"search_term_string\"}}],\"inLanguage\":\"fr-FR\"}]}<\/script>\n<!-- \/ Yoast SEO plugin. -->","yoast_head_json":{"title":"Place des Jacobins - Faites lire !","robots":{"index":"noindex","follow":"follow","max-snippet":"max-snippet:-1","max-image-preview":"max-image-preview:large","max-video-preview":"max-video-preview:-1"},"og_locale":"fr_FR","og_type":"article","og_title":"Place des Jacobins - Faites lire !","og_description":"Situ\u00e9e en contrebas de la cath\u00e9drale Saint-Julien, la place des Jacobins est l\u2019autre grande place du Mans. Elle tire son nom du couvent des jacobins fond\u00e9 au XIIIe si\u00e8cle \u00e0 cet endroit. Elle devient place sous la R\u00e9volution Fran\u00e7aise, sous le nom de place du march\u00e9 aux b\u0153ufs puis se transforme au fil du temps&hellip; Poursuivre la lecture Place des Jacobins","og_url":"https:\/\/www.anima-productions.com\/_clients\/faiteslire\/lieux\/place-des-jacobins\/","og_site_name":"Faites lire !","article_modified_time":"2026-08-28T06:08:34+00:00","og_image":[{"width":500,"height":500,"url":"https:\/\/www.anima-productions.com\/_clients\/faiteslire\/wp-content\/uploads\/2026\/08\/Lieux-Place-jacobins.webp","type":"image\/webp"}],"twitter_card":"summary_large_image","twitter_misc":{"Dur\u00e9e de lecture estim\u00e9e":"1 minute"},"schema":{"@context":"https:\/\/schema.org","@graph":[{"@type":"WebPage","@id":"https:\/\/www.anima-productions.com\/_clients\/faiteslire\/lieux\/place-des-jacobins\/","url":"https:\/\/www.anima-productions.com\/_clients\/faiteslire\/lieux\/place-des-jacobins\/","name":"Place des Jacobins - Faites lire !","isPartOf":{"@id":"https:\/\/www.anima-productions.com\/_clients\/faiteslire\/#website"},"primaryImageOfPage":{"@id":"https:\/\/www.anima-productions.com\/_clients\/faiteslire\/lieux\/place-des-jacobins\/#primaryimage"},"image":{"@id":"https:\/\/www.anima-productions.com\/_clients\/faiteslire\/lieux\/place-des-jacobins\/#primaryimage"},"thumbnailUrl":"https:\/\/www.anima-productions.com\/_clients\/faiteslire\/wp-content\/uploads\/2026\/08\/Lieux-Place-jacobins.webp","datePublished":"2026-08-18T08:27:17+00:00","dateModified":"2026-08-28T06:08:34+00:00","breadcrumb":{"@id":"https:\/\/www.anima-productions.com\/_clients\/faiteslire\/lieux\/place-des-jacobins\/#breadcrumb"},"inLanguage":"fr-FR","potentialAction":[{"@type":"ReadAction","target":["https:\/\/www.anima-productions.com\/_clients\/faiteslire\/lieux\/place-des-jacobins\/"]}]},{"@type":"ImageObject","inLanguage":"fr-FR","@id":"https:\/\/www.anima-productions.com\/_clients\/faiteslire\/lieux\/place-des-jacobins\/#primaryimage","url":"https:\/\/www.anima-productions.com\/_clients\/faiteslire\/wp-content\/uploads\/2026\/08\/Lieux-Place-jacobins.webp","contentUrl":"https:\/\/www.anima-productions.com\/_clients\/faiteslire\/wp-content\/uploads\/2026\/08\/Lieux-Place-jacobins.webp","width":500,"height":500},{"@type":"BreadcrumbList","@id":"https:\/\/www.anima-productions.com\/_clients\/faiteslire\/lieux\/place-des-jacobins\/#breadcrumb","itemListElement":[{"@type":"ListItem","position":1,"name":"Accueil","item":"https:\/\/www.anima-productions.com\/_clients\/faiteslire\/"},{"@type":"ListItem","position":2,"name":"Place des Jacobins"}]},{"@type":"WebSite","@id":"https:\/\/www.anima-productions.com\/_clients\/faiteslire\/#website","url":"https:\/\/www.anima-productions.com\/_clients\/faiteslire\/","name":"Faites lire !","description":"La f\u00eate de la lecture | Le Mans","potentialAction":[{"@type":"SearchAction","target":{"@type":"EntryPoint","urlTemplate":"https:\/\/www.anima-productions.com\/_clients\/faiteslire\/?s={search_term_string}"},"query-input":{"@type":"PropertyValueSpecification","valueRequired":true,"valueName":"search_term_string"}}],"inLanguage":"fr-FR"}]}},"_links":{"self":[{"href":"https:\/\/www.anima-productions.com\/_clients\/faiteslire\/wp-json\/wp\/v2\/lieu\/869","targetHints":{"allow":["GET"]}}],"collection":[{"href":"https:\/\/www.anima-productions.com\/_clients\/faiteslire\/wp-json\/wp\/v2\/lieu"}],"about":[{"href":"https:\/\/www.anima-productions.com\/_clients\/faiteslire\/wp-json\/wp\/v2\/types\/lieu"}],"author":[{"embeddable":true,"href":"https:\/\/www.anima-productions.com\/_clients\/faiteslire\/wp-json\/wp\/v2\/users\/4"}],"version-history":[{"count":3,"href":"https:\/\/www.anima-productions.com\/_clients\/faiteslire\/wp-json\/wp\/v2\/lieu\/869\/revisions"}],"predecessor-version":[{"id":1733,"href":"https:\/\/www.anima-productions.com\/_clients\/faiteslire\/wp-json\/wp\/v2\/lieu\/869\/revisions\/1733"}],"wp:featuredmedia":[{"embeddable":true,"href":"https:\/\/www.anima-productions.com\/_clients\/faiteslire\/wp-json\/wp\/v2\/media\/1900"}],"wp:attachment":[{"href":"https:\/\/www.anima-productions.com\/_clients\/faiteslire\/wp-json\/wp\/v2\/media?parent=869"}],"curies":[{"name":"wp","href":"https:\/\/api.w.org\/{rel}","templated":true}]}}

<p class="wp-block-paragraph">Située en contrebas de la cathédrale Saint-Julien, la place des Jacobins est l’autre grande place du Mans. Elle tire son nom du couvent des jacobins fondé au XIIIe siècle à cet endroit. Elle devient place sous la Révolution Française, sous le nom de place du marché aux bœufs puis se transforme au fil du temps pour devenir un lieu emblématique des évènements et de la culture au Mans. Parade des 24 Heures du Mans, cinéma et Scène nationale Les Quinconces &#8211; ESPAL y trouvent leur place.</p>



<p class="wp-block-paragraph">Pendant le festival Faites Lire&nbsp;! la place des jacobins accueille le salon du livre et les auteurs de littérature générale.</p>



<figure class="wp-block-image size-full"><img loading="lazy" decoding="async" width="800" height="520" src="https://www.anima-productions.com/_clients/faiteslire/wp-content/uploads/2026/08/Lieux-FaitesLire-Jacobins.webp" alt="" class="wp-image-1731" srcset="https://www.anima-productions.com/_clients/faiteslire/wp-content/uploads/2026/08/Lieux-FaitesLire-Jacobins.webp 800w, https://www.anima-productions.com/_clients/faiteslire/wp-content/uploads/2026/08/Lieux-FaitesLire-Jacobins-300x195.webp 300w, https://www.anima-productions.com/_clients/faiteslire/wp-content/uploads/2026/08/Lieux-FaitesLire-Jacobins-5x3.webp 5w, https://www.anima-productions.com/_clients/faiteslire/wp-content/uploads/2026/08/Lieux-FaitesLire-Jacobins-768x499.webp 768w" sizes="auto, (max-width: 800px) 100vw, 800px" /></figure>



<p class="wp-block-paragraph"><strong>Superficie&nbsp;</strong>: environ 4500 m²</p>

<!-- This site is optimized with the Yoast SEO plugin v28.3 - https://yoast.com/product/yoast-seo-wordpress/ -->
<title>Place des Jacobins - Faites lire !</title>
<meta name="robots" content="noindex, follow, max-snippet:-1, max-image-preview:large, max-video-preview:-1" />
<meta property="og:locale" content="fr_FR" />
<meta property="og:type" content="article" />
<meta property="og:title" content="Place des Jacobins - Faites lire !" />
<meta property="og:description" content="Située en contrebas de la cathédrale Saint-Julien, la place des Jacobins est l’autre grande place du Mans. Elle tire son nom du couvent des jacobins fondé au XIIIe siècle à cet endroit. Elle devient place sous la Révolution Française, sous le nom de place du marché aux bœufs puis se transforme au fil du temps&hellip; Poursuivre la lecture Place des Jacobins" />
<meta property="og:url" content="https://www.anima-productions.com/_clients/faiteslire/lieux/place-des-jacobins/" />
<meta property="og:site_name" content="Faites lire !" />
<meta property="article:modified_time" content="2026-08-28T06:08:34+00:00" />
<meta property="og:image" content="https://www.anima-productions.com/_clients/faiteslire/wp-content/uploads/2026/08/Lieux-Place-jacobins.webp" />
	<meta property="og:image:width" content="500" />
	<meta property="og:image:height" content="500" />
	<meta property="og:image:type" content="image/webp" />
<meta name="twitter:card" content="summary_large_image" />
<meta name="twitter:label1" content="Durée de lecture estimée" />
	<meta name="twitter:data1" content="1 minute" />
<script type="application/ld+json" class="yoast-schema-graph">{"@context":"https:\/\/schema.org","@graph":[{"@type":"WebPage","@id":"https:\/\/www.anima-productions.com\/_clients\/faiteslire\/lieux\/place-des-jacobins\/","url":"https:\/\/www.anima-productions.com\/_clients\/faiteslire\/lieux\/place-des-jacobins\/","name":"Place des Jacobins - Faites lire !","isPartOf":{"@id":"https:\/\/www.anima-productions.com\/_clients\/faiteslire\/#website"},"primaryImageOfPage":{"@id":"https:\/\/www.anima-productions.com\/_clients\/faiteslire\/lieux\/place-des-jacobins\/#primaryimage"},"image":{"@id":"https:\/\/www.anima-productions.com\/_clients\/faiteslire\/lieux\/place-des-jacobins\/#primaryimage"},"thumbnailUrl":"https:\/\/www.anima-productions.com\/_clients\/faiteslire\/wp-content\/uploads\/2026\/08\/Lieux-Place-jacobins.webp","datePublished":"2026-08-18T08:27:17+00:00","dateModified":"2026-08-28T06:08:34+00:00","breadcrumb":{"@id":"https:\/\/www.anima-productions.com\/_clients\/faiteslire\/lieux\/place-des-jacobins\/#breadcrumb"},"inLanguage":"fr-FR","potentialAction":[{"@type":"ReadAction","target":["https:\/\/www.anima-productions.com\/_clients\/faiteslire\/lieux\/place-des-jacobins\/"]}]},{"@type":"ImageObject","inLanguage":"fr-FR","@id":"https:\/\/www.anima-productions.com\/_clients\/faiteslire\/lieux\/place-des-jacobins\/#primaryimage","url":"https:\/\/www.anima-productions.com\/_clients\/faiteslire\/wp-content\/uploads\/2026\/08\/Lieux-Place-jacobins.webp","contentUrl":"https:\/\/www.anima-productions.com\/_clients\/faiteslire\/wp-content\/uploads\/2026\/08\/Lieux-Place-jacobins.webp","width":500,"height":500},{"@type":"BreadcrumbList","@id":"https:\/\/www.anima-productions.com\/_clients\/faiteslire\/lieux\/place-des-jacobins\/#breadcrumb","itemListElement":[{"@type":"ListItem","position":1,"name":"Accueil","item":"https:\/\/www.anima-productions.com\/_clients\/faiteslire\/"},{"@type":"ListItem","position":2,"name":"Place des Jacobins"}]},{"@type":"WebSite","@id":"https:\/\/www.anima-productions.com\/_clients\/faiteslire\/#website","url":"https:\/\/www.anima-productions.com\/_clients\/faiteslire\/","name":"Faites lire !","description":"La fête de la lecture | Le Mans","potentialAction":[{"@type":"SearchAction","target":{"@type":"EntryPoint","urlTemplate":"https:\/\/www.anima-productions.com\/_clients\/faiteslire\/?s={search_term_string}"},"query-input":{"@type":"PropertyValueSpecification","valueRequired":true,"valueName":"search_term_string"}}],"inLanguage":"fr-FR"}]}</script>
<!-- / Yoast SEO plugin. -->

Située en contrebas de la cathédrale Saint-Julien, la place des Jacobins est l’autre grande place du Mans. Elle tire son nom du couvent des jacobins fondé au XIIIe siècle à cet endroit. Elle devient place sous la Révolution Française, sous le nom de place du marché aux bœufs puis se transforme au fil du temps&hellip; Poursuivre la lecture Place des Jacobins

La fête de la lecture | Le Mans
