{"id":875,"date":"2026-08-18T10:27:17","date_gmt":"2026-08-18T08:27:17","guid":{"rendered":"https:\/\/www.anima-productions.com\/_clients\/faiteslire\/?post_type=lieu&#038;p=875"},"modified":"2026-08-28T08:00:46","modified_gmt":"2026-08-28T06:00:46","slug":"carre-plantagenet","status":"publish","type":"lieu","link":"https:\/\/www.anima-productions.com\/_clients\/faiteslire\/lieux\/carre-plantagenet\/","title":{"rendered":"Carr\u00e9 Plantagen\u00eat"},"content":{"rendered":"\n<p class=\"wp-block-paragraph\">Le Carr\u00e9 Plantagen\u00eat, mus\u00e9e d\u2019arch\u00e9ologie et d\u2019histoire du Mans, a \u00e9t\u00e9 inaugur\u00e9 le 18 juin 2009. Mais avant que ce site ne soit un mus\u00e9e, il a eu plusieurs histoires.<\/p>\n\n\n\n<p class=\"wp-block-paragraph\">Au XIII<sup>e<\/sup>\u00a0si\u00e8cle, c&rsquo;est un\u00a0couvent, puis au XVIII<sup>e<\/sup>\u00a0si\u00e8cle c&rsquo;est un h\u00f4pital. \u00c0 la r\u00e9volution fran\u00e7aise, le site est divis\u00e9 et vendu comme\u00a0bien national. Une partie devient imprimerie\u00a0en 1795 et cesse son activit\u00e9 en 1986.<\/p>\n\n\n\n<p class=\"wp-block-paragraph\">Le mus\u00e9e Jean-Claude-Boulard-Carr\u00e9 Plantagen\u00eat pr\u00e9sente l&rsquo;histoire du Mans, de la Pr\u00e9histoire au Moyen \u00c2ge.<\/p>\n","protected":false},"author":4,"featured_media":1890,"menu_order":0,"template":"","class_list":["post-875","lieu","type-lieu","status-publish","has-post-thumbnail","hentry","entry"],"acf":[],"yoast_head":"<!-- This site is optimized with the Yoast SEO plugin v28.3 - https:\/\/yoast.com\/product\/yoast-seo-wordpress\/ -->\n<title>Carr\u00e9 Plantagen\u00eat - Faites lire !<\/title>\n<meta name=\"robots\" content=\"noindex, follow, max-snippet:-1, max-image-preview:large, max-video-preview:-1\" \/>\n<meta property=\"og:locale\" content=\"fr_FR\" \/>\n<meta property=\"og:type\" content=\"article\" \/>\n<meta property=\"og:title\" content=\"Carr\u00e9 Plantagen\u00eat - Faites lire !\" \/>\n<meta property=\"og:description\" content=\"Le Carr\u00e9 Plantagen\u00eat, mus\u00e9e d\u2019arch\u00e9ologie et d\u2019histoire du Mans, a \u00e9t\u00e9 inaugur\u00e9 le 18 juin 2009. Mais avant que ce site ne soit un mus\u00e9e, il a eu plusieurs histoires. Au XIIIe\u00a0si\u00e8cle, c&rsquo;est un\u00a0couvent, puis au XVIIIe\u00a0si\u00e8cle c&rsquo;est un h\u00f4pital. \u00c0 la r\u00e9volution fran\u00e7aise, le site est divis\u00e9 et vendu comme\u00a0bien national. Une partie devient&hellip; Poursuivre la lecture Carr\u00e9 Plantagen\u00eat\" \/>\n<meta property=\"og:url\" content=\"https:\/\/www.anima-productions.com\/_clients\/faiteslire\/lieux\/carre-plantagenet\/\" \/>\n<meta property=\"og:site_name\" content=\"Faites lire !\" \/>\n<meta property=\"article:modified_time\" content=\"2026-08-28T06:00:46+00:00\" \/>\n<meta property=\"og:image\" content=\"https:\/\/www.anima-productions.com\/_clients\/faiteslire\/wp-content\/uploads\/2026\/08\/Lieux-Carre-Plantagenet.webp\" \/>\n\t<meta property=\"og:image:width\" content=\"500\" \/>\n\t<meta property=\"og:image:height\" content=\"500\" \/>\n\t<meta property=\"og:image:type\" content=\"image\/webp\" \/>\n<meta name=\"twitter:card\" content=\"summary_large_image\" \/>\n<meta name=\"twitter:label1\" content=\"Dur\u00e9e de lecture estim\u00e9e\" \/>\n\t<meta name=\"twitter:data1\" content=\"1 minute\" \/>\n<script type=\"application\/ld+json\" class=\"yoast-schema-graph\">{\"@context\":\"https:\\\/\\\/schema.org\",\"@graph\":[{\"@type\":\"WebPage\",\"@id\":\"https:\\\/\\\/www.anima-productions.com\\\/_clients\\\/faiteslire\\\/lieux\\\/carre-plantagenet\\\/\",\"url\":\"https:\\\/\\\/www.anima-productions.com\\\/_clients\\\/faiteslire\\\/lieux\\\/carre-plantagenet\\\/\",\"name\":\"Carr\u00e9 Plantagen\u00eat - Faites lire !\",\"isPartOf\":{\"@id\":\"https:\\\/\\\/www.anima-productions.com\\\/_clients\\\/faiteslire\\\/#website\"},\"primaryImageOfPage\":{\"@id\":\"https:\\\/\\\/www.anima-productions.com\\\/_clients\\\/faiteslire\\\/lieux\\\/carre-plantagenet\\\/#primaryimage\"},\"image\":{\"@id\":\"https:\\\/\\\/www.anima-productions.com\\\/_clients\\\/faiteslire\\\/lieux\\\/carre-plantagenet\\\/#primaryimage\"},\"thumbnailUrl\":\"https:\\\/\\\/www.anima-productions.com\\\/_clients\\\/faiteslire\\\/wp-content\\\/uploads\\\/2026\\\/08\\\/Lieux-Carre-Plantagenet.webp\",\"datePublished\":\"2026-08-18T08:27:17+00:00\",\"dateModified\":\"2026-08-28T06:00:46+00:00\",\"breadcrumb\":{\"@id\":\"https:\\\/\\\/www.anima-productions.com\\\/_clients\\\/faiteslire\\\/lieux\\\/carre-plantagenet\\\/#breadcrumb\"},\"inLanguage\":\"fr-FR\",\"potentialAction\":[{\"@type\":\"ReadAction\",\"target\":[\"https:\\\/\\\/www.anima-productions.com\\\/_clients\\\/faiteslire\\\/lieux\\\/carre-plantagenet\\\/\"]}]},{\"@type\":\"ImageObject\",\"inLanguage\":\"fr-FR\",\"@id\":\"https:\\\/\\\/www.anima-productions.com\\\/_clients\\\/faiteslire\\\/lieux\\\/carre-plantagenet\\\/#primaryimage\",\"url\":\"https:\\\/\\\/www.anima-productions.com\\\/_clients\\\/faiteslire\\\/wp-content\\\/uploads\\\/2026\\\/08\\\/Lieux-Carre-Plantagenet.webp\",\"contentUrl\":\"https:\\\/\\\/www.anima-productions.com\\\/_clients\\\/faiteslire\\\/wp-content\\\/uploads\\\/2026\\\/08\\\/Lieux-Carre-Plantagenet.webp\",\"width\":500,\"height\":500},{\"@type\":\"BreadcrumbList\",\"@id\":\"https:\\\/\\\/www.anima-productions.com\\\/_clients\\\/faiteslire\\\/lieux\\\/carre-plantagenet\\\/#breadcrumb\",\"itemListElement\":[{\"@type\":\"ListItem\",\"position\":1,\"name\":\"Accueil\",\"item\":\"https:\\\/\\\/www.anima-productions.com\\\/_clients\\\/faiteslire\\\/\"},{\"@type\":\"ListItem\",\"position\":2,\"name\":\"Carr\u00e9 Plantagen\u00eat\"}]},{\"@type\":\"WebSite\",\"@id\":\"https:\\\/\\\/www.anima-productions.com\\\/_clients\\\/faiteslire\\\/#website\",\"url\":\"https:\\\/\\\/www.anima-productions.com\\\/_clients\\\/faiteslire\\\/\",\"name\":\"Faites lire !\",\"description\":\"La f\u00eate de la lecture | Le Mans\",\"potentialAction\":[{\"@type\":\"SearchAction\",\"target\":{\"@type\":\"EntryPoint\",\"urlTemplate\":\"https:\\\/\\\/www.anima-productions.com\\\/_clients\\\/faiteslire\\\/?s={search_term_string}\"},\"query-input\":{\"@type\":\"PropertyValueSpecification\",\"valueRequired\":true,\"valueName\":\"search_term_string\"}}],\"inLanguage\":\"fr-FR\"}]}<\/script>\n<!-- \/ Yoast SEO plugin. -->","yoast_head_json":{"title":"Carr\u00e9 Plantagen\u00eat - Faites lire !","robots":{"index":"noindex","follow":"follow","max-snippet":"max-snippet:-1","max-image-preview":"max-image-preview:large","max-video-preview":"max-video-preview:-1"},"og_locale":"fr_FR","og_type":"article","og_title":"Carr\u00e9 Plantagen\u00eat - Faites lire !","og_description":"Le Carr\u00e9 Plantagen\u00eat, mus\u00e9e d\u2019arch\u00e9ologie et d\u2019histoire du Mans, a \u00e9t\u00e9 inaugur\u00e9 le 18 juin 2009. Mais avant que ce site ne soit un mus\u00e9e, il a eu plusieurs histoires. Au XIIIe\u00a0si\u00e8cle, c&rsquo;est un\u00a0couvent, puis au XVIIIe\u00a0si\u00e8cle c&rsquo;est un h\u00f4pital. \u00c0 la r\u00e9volution fran\u00e7aise, le site est divis\u00e9 et vendu comme\u00a0bien national. Une partie devient&hellip; Poursuivre la lecture Carr\u00e9 Plantagen\u00eat","og_url":"https:\/\/www.anima-productions.com\/_clients\/faiteslire\/lieux\/carre-plantagenet\/","og_site_name":"Faites lire !","article_modified_time":"2026-08-28T06:00:46+00:00","og_image":[{"width":500,"height":500,"url":"https:\/\/www.anima-productions.com\/_clients\/faiteslire\/wp-content\/uploads\/2026\/08\/Lieux-Carre-Plantagenet.webp","type":"image\/webp"}],"twitter_card":"summary_large_image","twitter_misc":{"Dur\u00e9e de lecture estim\u00e9e":"1 minute"},"schema":{"@context":"https:\/\/schema.org","@graph":[{"@type":"WebPage","@id":"https:\/\/www.anima-productions.com\/_clients\/faiteslire\/lieux\/carre-plantagenet\/","url":"https:\/\/www.anima-productions.com\/_clients\/faiteslire\/lieux\/carre-plantagenet\/","name":"Carr\u00e9 Plantagen\u00eat - Faites lire !","isPartOf":{"@id":"https:\/\/www.anima-productions.com\/_clients\/faiteslire\/#website"},"primaryImageOfPage":{"@id":"https:\/\/www.anima-productions.com\/_clients\/faiteslire\/lieux\/carre-plantagenet\/#primaryimage"},"image":{"@id":"https:\/\/www.anima-productions.com\/_clients\/faiteslire\/lieux\/carre-plantagenet\/#primaryimage"},"thumbnailUrl":"https:\/\/www.anima-productions.com\/_clients\/faiteslire\/wp-content\/uploads\/2026\/08\/Lieux-Carre-Plantagenet.webp","datePublished":"2026-08-18T08:27:17+00:00","dateModified":"2026-08-28T06:00:46+00:00","breadcrumb":{"@id":"https:\/\/www.anima-productions.com\/_clients\/faiteslire\/lieux\/carre-plantagenet\/#breadcrumb"},"inLanguage":"fr-FR","potentialAction":[{"@type":"ReadAction","target":["https:\/\/www.anima-productions.com\/_clients\/faiteslire\/lieux\/carre-plantagenet\/"]}]},{"@type":"ImageObject","inLanguage":"fr-FR","@id":"https:\/\/www.anima-productions.com\/_clients\/faiteslire\/lieux\/carre-plantagenet\/#primaryimage","url":"https:\/\/www.anima-productions.com\/_clients\/faiteslire\/wp-content\/uploads\/2026\/08\/Lieux-Carre-Plantagenet.webp","contentUrl":"https:\/\/www.anima-productions.com\/_clients\/faiteslire\/wp-content\/uploads\/2026\/08\/Lieux-Carre-Plantagenet.webp","width":500,"height":500},{"@type":"BreadcrumbList","@id":"https:\/\/www.anima-productions.com\/_clients\/faiteslire\/lieux\/carre-plantagenet\/#breadcrumb","itemListElement":[{"@type":"ListItem","position":1,"name":"Accueil","item":"https:\/\/www.anima-productions.com\/_clients\/faiteslire\/"},{"@type":"ListItem","position":2,"name":"Carr\u00e9 Plantagen\u00eat"}]},{"@type":"WebSite","@id":"https:\/\/www.anima-productions.com\/_clients\/faiteslire\/#website","url":"https:\/\/www.anima-productions.com\/_clients\/faiteslire\/","name":"Faites lire !","description":"La f\u00eate de la lecture | Le Mans","potentialAction":[{"@type":"SearchAction","target":{"@type":"EntryPoint","urlTemplate":"https:\/\/www.anima-productions.com\/_clients\/faiteslire\/?s={search_term_string}"},"query-input":{"@type":"PropertyValueSpecification","valueRequired":true,"valueName":"search_term_string"}}],"inLanguage":"fr-FR"}]}},"_links":{"self":[{"href":"https:\/\/www.anima-productions.com\/_clients\/faiteslire\/wp-json\/wp\/v2\/lieu\/875","targetHints":{"allow":["GET"]}}],"collection":[{"href":"https:\/\/www.anima-productions.com\/_clients\/faiteslire\/wp-json\/wp\/v2\/lieu"}],"about":[{"href":"https:\/\/www.anima-productions.com\/_clients\/faiteslire\/wp-json\/wp\/v2\/types\/lieu"}],"author":[{"embeddable":true,"href":"https:\/\/www.anima-productions.com\/_clients\/faiteslire\/wp-json\/wp\/v2\/users\/4"}],"version-history":[{"count":2,"href":"https:\/\/www.anima-productions.com\/_clients\/faiteslire\/wp-json\/wp\/v2\/lieu\/875\/revisions"}],"predecessor-version":[{"id":877,"href":"https:\/\/www.anima-productions.com\/_clients\/faiteslire\/wp-json\/wp\/v2\/lieu\/875\/revisions\/877"}],"wp:featuredmedia":[{"embeddable":true,"href":"https:\/\/www.anima-productions.com\/_clients\/faiteslire\/wp-json\/wp\/v2\/media\/1890"}],"wp:attachment":[{"href":"https:\/\/www.anima-productions.com\/_clients\/faiteslire\/wp-json\/wp\/v2\/media?parent=875"}],"curies":[{"name":"wp","href":"https:\/\/api.w.org\/{rel}","templated":true}]}}

Carré Plantagenêt

<p class="wp-block-paragraph">Le Carré Plantagenêt, musée d’archéologie et d’histoire du Mans, a été inauguré le 18 juin 2009. Mais avant que ce site ne soit un musée, il a eu plusieurs histoires.</p>



<p class="wp-block-paragraph">Au XIII<sup>e</sup> siècle, c&rsquo;est un couvent, puis au XVIII<sup>e</sup> siècle c&rsquo;est un hôpital. À la révolution française, le site est divisé et vendu comme bien national. Une partie devient imprimerie en 1795 et cesse son activité en 1986.</p>



<p class="wp-block-paragraph">Le musée Jean-Claude-Boulard-Carré Plantagenêt présente l&rsquo;histoire du Mans, de la Préhistoire au Moyen Âge.</p>

<!-- This site is optimized with the Yoast SEO plugin v28.3 - https://yoast.com/product/yoast-seo-wordpress/ -->
<title>Carré Plantagenêt - Faites lire !</title>
<meta name="robots" content="noindex, follow, max-snippet:-1, max-image-preview:large, max-video-preview:-1" />
<meta property="og:locale" content="fr_FR" />
<meta property="og:type" content="article" />
<meta property="og:title" content="Carré Plantagenêt - Faites lire !" />
<meta property="og:description" content="Le Carré Plantagenêt, musée d’archéologie et d’histoire du Mans, a été inauguré le 18 juin 2009. Mais avant que ce site ne soit un musée, il a eu plusieurs histoires. Au XIIIe siècle, c&rsquo;est un couvent, puis au XVIIIe siècle c&rsquo;est un hôpital. À la révolution française, le site est divisé et vendu comme bien national. Une partie devient&hellip; Poursuivre la lecture Carré Plantagenêt" />
<meta property="og:url" content="https://www.anima-productions.com/_clients/faiteslire/lieux/carre-plantagenet/" />
<meta property="og:site_name" content="Faites lire !" />
<meta property="article:modified_time" content="2026-08-28T06:00:46+00:00" />
<meta property="og:image" content="https://www.anima-productions.com/_clients/faiteslire/wp-content/uploads/2026/08/Lieux-Carre-Plantagenet.webp" />
	<meta property="og:image:width" content="500" />
	<meta property="og:image:height" content="500" />
	<meta property="og:image:type" content="image/webp" />
<meta name="twitter:card" content="summary_large_image" />
<meta name="twitter:label1" content="Durée de lecture estimée" />
	<meta name="twitter:data1" content="1 minute" />
<script type="application/ld+json" class="yoast-schema-graph">{"@context":"https:\/\/schema.org","@graph":[{"@type":"WebPage","@id":"https:\/\/www.anima-productions.com\/_clients\/faiteslire\/lieux\/carre-plantagenet\/","url":"https:\/\/www.anima-productions.com\/_clients\/faiteslire\/lieux\/carre-plantagenet\/","name":"Carré Plantagenêt - Faites lire !","isPartOf":{"@id":"https:\/\/www.anima-productions.com\/_clients\/faiteslire\/#website"},"primaryImageOfPage":{"@id":"https:\/\/www.anima-productions.com\/_clients\/faiteslire\/lieux\/carre-plantagenet\/#primaryimage"},"image":{"@id":"https:\/\/www.anima-productions.com\/_clients\/faiteslire\/lieux\/carre-plantagenet\/#primaryimage"},"thumbnailUrl":"https:\/\/www.anima-productions.com\/_clients\/faiteslire\/wp-content\/uploads\/2026\/08\/Lieux-Carre-Plantagenet.webp","datePublished":"2026-08-18T08:27:17+00:00","dateModified":"2026-08-28T06:00:46+00:00","breadcrumb":{"@id":"https:\/\/www.anima-productions.com\/_clients\/faiteslire\/lieux\/carre-plantagenet\/#breadcrumb"},"inLanguage":"fr-FR","potentialAction":[{"@type":"ReadAction","target":["https:\/\/www.anima-productions.com\/_clients\/faiteslire\/lieux\/carre-plantagenet\/"]}]},{"@type":"ImageObject","inLanguage":"fr-FR","@id":"https:\/\/www.anima-productions.com\/_clients\/faiteslire\/lieux\/carre-plantagenet\/#primaryimage","url":"https:\/\/www.anima-productions.com\/_clients\/faiteslire\/wp-content\/uploads\/2026\/08\/Lieux-Carre-Plantagenet.webp","contentUrl":"https:\/\/www.anima-productions.com\/_clients\/faiteslire\/wp-content\/uploads\/2026\/08\/Lieux-Carre-Plantagenet.webp","width":500,"height":500},{"@type":"BreadcrumbList","@id":"https:\/\/www.anima-productions.com\/_clients\/faiteslire\/lieux\/carre-plantagenet\/#breadcrumb","itemListElement":[{"@type":"ListItem","position":1,"name":"Accueil","item":"https:\/\/www.anima-productions.com\/_clients\/faiteslire\/"},{"@type":"ListItem","position":2,"name":"Carré Plantagenêt"}]},{"@type":"WebSite","@id":"https:\/\/www.anima-productions.com\/_clients\/faiteslire\/#website","url":"https:\/\/www.anima-productions.com\/_clients\/faiteslire\/","name":"Faites lire !","description":"La fête de la lecture | Le Mans","potentialAction":[{"@type":"SearchAction","target":{"@type":"EntryPoint","urlTemplate":"https:\/\/www.anima-productions.com\/_clients\/faiteslire\/?s={search_term_string}"},"query-input":{"@type":"PropertyValueSpecification","valueRequired":true,"valueName":"search_term_string"}}],"inLanguage":"fr-FR"}]}</script>
<!-- / Yoast SEO plugin. -->

Carré Plantagenêt - Faites lire !

Le Carré Plantagenêt, musée d’archéologie et d’histoire du Mans, a été inauguré le 18 juin 2009. Mais avant que ce site ne soit un musée, il a eu plusieurs histoires. Au XIIIe siècle, c&rsquo;est un couvent, puis au XVIIIe siècle c&rsquo;est un hôpital. À la révolution française, le site est divisé et vendu comme bien national. Une partie devient&hellip; Poursuivre la lecture Carré Plantagenêt

La fête de la lecture | Le Mans
