{"id":1645,"date":"2026-08-21T09:32:26","date_gmt":"2026-08-21T07:32:26","guid":{"rendered":"https:\/\/www.anima-productions.com\/_clients\/faiteslire\/?page_id=1645"},"modified":"2026-09-01T10:29:30","modified_gmt":"2026-09-01T08:29:30","slug":"prix-du-livre-vert","status":"publish","type":"page","link":"https:\/\/www.anima-productions.com\/_clients\/faiteslire\/prix-litteraires\/prix-du-livre-vert\/","title":{"rendered":"Prix du Livre vert"},"content":{"rendered":"\n<p class=\"wp-block-paragraph\">Le prix du Livre vert est une bourse pour auteur cr\u00e9\u00e9e en 2019 par la Ville du Mans. Il soutient les auteurs jeunesse avec la cr\u00e9ation d\u2019un ouvrage \u00e0 dimension \u00e9cologique.&nbsp;<\/p>\n\n\n\n<p class=\"wp-block-paragraph\">Avec ce dispositif la ville du Mans souhaite sensibiliser les jeunes au d\u00e9veloppement durable et aux enjeux \u00e9cologiques par la voie de la litt\u00e9rature jeunesse. Chaque ann\u00e9e, un appel \u00e0 projet est lanc\u00e9 pour d\u00e9terminer le ou la laur\u00e9ate de la bourse. L\u2019appel \u00e0 projet est ouvert aux auteurs et autrices de litt\u00e9rature jeunesse du territoire manceau.&nbsp;<\/p>\n\n\n\n<h2 class=\"wp-block-heading\">Annonce officielle&nbsp;<\/h2>\n\n\n\n<p class=\"wp-block-paragraph\">Le ou la laur\u00e9ate de la bourse obtient un financement de XX euros et l\u2019ouvrage est co \u00e9dit\u00e9 par la Ville du Mans puis offert aux enfants des classes de CP du Mans. L\u2019auteur participe \u00e0 des animations et ateliers destin\u00e9s aux enfants sur le festival Faites Lire\u202f!&nbsp;<\/p>\n\n\n\n<ul class=\"wp-block-list\">\n<li>Dimanche 5 octobre&nbsp;<\/li>\n<\/ul>\n\n\n\n<ul class=\"wp-block-list\">\n<li>11h45&nbsp;<\/li>\n<\/ul>\n\n\n\n<ul class=\"wp-block-list\">\n<li>Caf\u00e9 litt\u00e9raire, esplanade des Jacobins<\/li>\n<\/ul>\n","protected":false},"excerpt":{"rendered":"<p>Le prix du Livre vert est une bourse pour auteur cr\u00e9\u00e9e en 2019 par la Ville du Mans. Il soutient les auteurs jeunesse avec la cr\u00e9ation d\u2019un ouvrage \u00e0 dimension \u00e9cologique.&nbsp; Avec ce dispositif la ville du Mans souhaite sensibiliser les jeunes au d\u00e9veloppement durable et aux enjeux \u00e9cologiques par la voie de la litt\u00e9rature&hellip; <a class=\"more-link\" href=\"https:\/\/www.anima-productions.com\/_clients\/faiteslire\/prix-litteraires\/prix-du-livre-vert\/\">Poursuivre la lecture <span class=\"screen-reader-text\">Prix du Livre vert<\/span><\/a><\/p>\n","protected":false},"author":4,"featured_media":0,"parent":767,"menu_order":0,"comment_status":"closed","ping_status":"closed","template":"","meta":{"_acf_changed":false,"footnotes":""},"class_list":["post-1645","page","type-page","status-publish","hentry","entry"],"acf":[],"yoast_head":"<!-- This site is optimized with the Yoast SEO plugin v28.3 - https:\/\/yoast.com\/product\/yoast-seo-wordpress\/ -->\n<title>Prix du Livre vert - Faites lire !<\/title>\n<meta name=\"robots\" content=\"noindex, follow, max-snippet:-1, max-image-preview:large, max-video-preview:-1\" \/>\n<meta property=\"og:locale\" content=\"fr_FR\" \/>\n<meta property=\"og:type\" content=\"article\" \/>\n<meta property=\"og:title\" content=\"Prix du Livre vert - Faites lire !\" \/>\n<meta property=\"og:description\" content=\"Le prix du Livre vert est une bourse pour auteur cr\u00e9\u00e9e en 2019 par la Ville du Mans. Il soutient les auteurs jeunesse avec la cr\u00e9ation d\u2019un ouvrage \u00e0 dimension \u00e9cologique.&nbsp; Avec ce dispositif la ville du Mans souhaite sensibiliser les jeunes au d\u00e9veloppement durable et aux enjeux \u00e9cologiques par la voie de la litt\u00e9rature&hellip; Poursuivre la lecture Prix du Livre vert\" \/>\n<meta property=\"og:url\" content=\"https:\/\/www.anima-productions.com\/_clients\/faiteslire\/prix-litteraires\/prix-du-livre-vert\/\" \/>\n<meta property=\"og:site_name\" content=\"Faites lire !\" \/>\n<meta property=\"article:modified_time\" content=\"2026-09-01T08:29:30+00:00\" \/>\n<meta name=\"twitter:card\" content=\"summary_large_image\" \/>\n<meta name=\"twitter:label1\" content=\"Dur\u00e9e de lecture estim\u00e9e\" \/>\n\t<meta name=\"twitter:data1\" content=\"1 minute\" \/>\n<script type=\"application\/ld+json\" class=\"yoast-schema-graph\">{\"@context\":\"https:\\\/\\\/schema.org\",\"@graph\":[{\"@type\":\"WebPage\",\"@id\":\"https:\\\/\\\/www.anima-productions.com\\\/_clients\\\/faiteslire\\\/prix-litteraires\\\/prix-du-livre-vert\\\/\",\"url\":\"https:\\\/\\\/www.anima-productions.com\\\/_clients\\\/faiteslire\\\/prix-litteraires\\\/prix-du-livre-vert\\\/\",\"name\":\"Prix du Livre vert - Faites lire !\",\"isPartOf\":{\"@id\":\"https:\\\/\\\/www.anima-productions.com\\\/_clients\\\/faiteslire\\\/#website\"},\"datePublished\":\"2026-08-21T07:32:26+00:00\",\"dateModified\":\"2026-09-01T08:29:30+00:00\",\"breadcrumb\":{\"@id\":\"https:\\\/\\\/www.anima-productions.com\\\/_clients\\\/faiteslire\\\/prix-litteraires\\\/prix-du-livre-vert\\\/#breadcrumb\"},\"inLanguage\":\"fr-FR\",\"potentialAction\":[{\"@type\":\"ReadAction\",\"target\":[\"https:\\\/\\\/www.anima-productions.com\\\/_clients\\\/faiteslire\\\/prix-litteraires\\\/prix-du-livre-vert\\\/\"]}]},{\"@type\":\"BreadcrumbList\",\"@id\":\"https:\\\/\\\/www.anima-productions.com\\\/_clients\\\/faiteslire\\\/prix-litteraires\\\/prix-du-livre-vert\\\/#breadcrumb\",\"itemListElement\":[{\"@type\":\"ListItem\",\"position\":1,\"name\":\"Accueil\",\"item\":\"https:\\\/\\\/www.anima-productions.com\\\/_clients\\\/faiteslire\\\/\"},{\"@type\":\"ListItem\",\"position\":2,\"name\":\"Prix litt\u00e9raires\",\"item\":\"https:\\\/\\\/www.anima-productions.com\\\/_clients\\\/faiteslire\\\/prix-litteraires\\\/\"},{\"@type\":\"ListItem\",\"position\":3,\"name\":\"Prix du Livre vert\"}]},{\"@type\":\"WebSite\",\"@id\":\"https:\\\/\\\/www.anima-productions.com\\\/_clients\\\/faiteslire\\\/#website\",\"url\":\"https:\\\/\\\/www.anima-productions.com\\\/_clients\\\/faiteslire\\\/\",\"name\":\"Faites lire !\",\"description\":\"La f\u00eate de la lecture | Le Mans\",\"potentialAction\":[{\"@type\":\"SearchAction\",\"target\":{\"@type\":\"EntryPoint\",\"urlTemplate\":\"https:\\\/\\\/www.anima-productions.com\\\/_clients\\\/faiteslire\\\/?s={search_term_string}\"},\"query-input\":{\"@type\":\"PropertyValueSpecification\",\"valueRequired\":true,\"valueName\":\"search_term_string\"}}],\"inLanguage\":\"fr-FR\"}]}<\/script>\n<!-- \/ Yoast SEO plugin. -->","yoast_head_json":{"title":"Prix du Livre vert - Faites lire !","robots":{"index":"noindex","follow":"follow","max-snippet":"max-snippet:-1","max-image-preview":"max-image-preview:large","max-video-preview":"max-video-preview:-1"},"og_locale":"fr_FR","og_type":"article","og_title":"Prix du Livre vert - Faites lire !","og_description":"Le prix du Livre vert est une bourse pour auteur cr\u00e9\u00e9e en 2019 par la Ville du Mans. Il soutient les auteurs jeunesse avec la cr\u00e9ation d\u2019un ouvrage \u00e0 dimension \u00e9cologique.&nbsp; Avec ce dispositif la ville du Mans souhaite sensibiliser les jeunes au d\u00e9veloppement durable et aux enjeux \u00e9cologiques par la voie de la litt\u00e9rature&hellip; Poursuivre la lecture Prix du Livre vert","og_url":"https:\/\/www.anima-productions.com\/_clients\/faiteslire\/prix-litteraires\/prix-du-livre-vert\/","og_site_name":"Faites lire !","article_modified_time":"2026-09-01T08:29:30+00:00","twitter_card":"summary_large_image","twitter_misc":{"Dur\u00e9e de lecture estim\u00e9e":"1 minute"},"schema":{"@context":"https:\/\/schema.org","@graph":[{"@type":"WebPage","@id":"https:\/\/www.anima-productions.com\/_clients\/faiteslire\/prix-litteraires\/prix-du-livre-vert\/","url":"https:\/\/www.anima-productions.com\/_clients\/faiteslire\/prix-litteraires\/prix-du-livre-vert\/","name":"Prix du Livre vert - Faites lire !","isPartOf":{"@id":"https:\/\/www.anima-productions.com\/_clients\/faiteslire\/#website"},"datePublished":"2026-08-21T07:32:26+00:00","dateModified":"2026-09-01T08:29:30+00:00","breadcrumb":{"@id":"https:\/\/www.anima-productions.com\/_clients\/faiteslire\/prix-litteraires\/prix-du-livre-vert\/#breadcrumb"},"inLanguage":"fr-FR","potentialAction":[{"@type":"ReadAction","target":["https:\/\/www.anima-productions.com\/_clients\/faiteslire\/prix-litteraires\/prix-du-livre-vert\/"]}]},{"@type":"BreadcrumbList","@id":"https:\/\/www.anima-productions.com\/_clients\/faiteslire\/prix-litteraires\/prix-du-livre-vert\/#breadcrumb","itemListElement":[{"@type":"ListItem","position":1,"name":"Accueil","item":"https:\/\/www.anima-productions.com\/_clients\/faiteslire\/"},{"@type":"ListItem","position":2,"name":"Prix litt\u00e9raires","item":"https:\/\/www.anima-productions.com\/_clients\/faiteslire\/prix-litteraires\/"},{"@type":"ListItem","position":3,"name":"Prix du Livre vert"}]},{"@type":"WebSite","@id":"https:\/\/www.anima-productions.com\/_clients\/faiteslire\/#website","url":"https:\/\/www.anima-productions.com\/_clients\/faiteslire\/","name":"Faites lire !","description":"La f\u00eate de la lecture | Le Mans","potentialAction":[{"@type":"SearchAction","target":{"@type":"EntryPoint","urlTemplate":"https:\/\/www.anima-productions.com\/_clients\/faiteslire\/?s={search_term_string}"},"query-input":{"@type":"PropertyValueSpecification","valueRequired":true,"valueName":"search_term_string"}}],"inLanguage":"fr-FR"}]}},"_links":{"self":[{"href":"https:\/\/www.anima-productions.com\/_clients\/faiteslire\/wp-json\/wp\/v2\/pages\/1645","targetHints":{"allow":["GET"]}}],"collection":[{"href":"https:\/\/www.anima-productions.com\/_clients\/faiteslire\/wp-json\/wp\/v2\/pages"}],"about":[{"href":"https:\/\/www.anima-productions.com\/_clients\/faiteslire\/wp-json\/wp\/v2\/types\/page"}],"author":[{"embeddable":true,"href":"https:\/\/www.anima-productions.com\/_clients\/faiteslire\/wp-json\/wp\/v2\/users\/4"}],"replies":[{"embeddable":true,"href":"https:\/\/www.anima-productions.com\/_clients\/faiteslire\/wp-json\/wp\/v2\/comments?post=1645"}],"version-history":[{"count":2,"href":"https:\/\/www.anima-productions.com\/_clients\/faiteslire\/wp-json\/wp\/v2\/pages\/1645\/revisions"}],"predecessor-version":[{"id":2254,"href":"https:\/\/www.anima-productions.com\/_clients\/faiteslire\/wp-json\/wp\/v2\/pages\/1645\/revisions\/2254"}],"up":[{"embeddable":true,"href":"https:\/\/www.anima-productions.com\/_clients\/faiteslire\/wp-json\/wp\/v2\/pages\/767"}],"wp:attachment":[{"href":"https:\/\/www.anima-productions.com\/_clients\/faiteslire\/wp-json\/wp\/v2\/media?parent=1645"}],"curies":[{"name":"wp","href":"https:\/\/api.w.org\/{rel}","templated":true}]}}

<p class="wp-block-paragraph">Le prix du Livre vert est une bourse pour auteur créée en 2019 par la Ville du Mans. Il soutient les auteurs jeunesse avec la création d’un ouvrage à dimension écologique.&nbsp;</p>



<p class="wp-block-paragraph">Avec ce dispositif la ville du Mans souhaite sensibiliser les jeunes au développement durable et aux enjeux écologiques par la voie de la littérature jeunesse. Chaque année, un appel à projet est lancé pour déterminer le ou la lauréate de la bourse. L’appel à projet est ouvert aux auteurs et autrices de littérature jeunesse du territoire manceau.&nbsp;</p>



<h2 class="wp-block-heading">Annonce officielle&nbsp;</h2>



<p class="wp-block-paragraph">Le ou la lauréate de la bourse obtient un financement de XX euros et l’ouvrage est co édité par la Ville du Mans puis offert aux enfants des classes de CP du Mans. L’auteur participe à des animations et ateliers destinés aux enfants sur le festival Faites Lire !&nbsp;</p>



<ul class="wp-block-list">
<li>Dimanche 5 octobre&nbsp;</li>
</ul>



<ul class="wp-block-list">
<li>11h45&nbsp;</li>
</ul>



<ul class="wp-block-list">
<li>Café littéraire, esplanade des Jacobins</li>
</ul>

<p>Le prix du Livre vert est une bourse pour auteur créée en 2019 par la Ville du Mans. Il soutient les auteurs jeunesse avec la création d’un ouvrage à dimension écologique.&nbsp; Avec ce dispositif la ville du Mans souhaite sensibiliser les jeunes au développement durable et aux enjeux écologiques par la voie de la littérature&hellip; <a class="more-link" href="https://www.anima-productions.com/_clients/faiteslire/prix-litteraires/prix-du-livre-vert/">Poursuivre la lecture <span class="screen-reader-text">Prix du Livre vert</span></a></p>

<!-- This site is optimized with the Yoast SEO plugin v28.3 - https://yoast.com/product/yoast-seo-wordpress/ -->
<title>Prix du Livre vert - Faites lire !</title>
<meta name="robots" content="noindex, follow, max-snippet:-1, max-image-preview:large, max-video-preview:-1" />
<meta property="og:locale" content="fr_FR" />
<meta property="og:type" content="article" />
<meta property="og:title" content="Prix du Livre vert - Faites lire !" />
<meta property="og:description" content="Le prix du Livre vert est une bourse pour auteur créée en 2019 par la Ville du Mans. Il soutient les auteurs jeunesse avec la création d’un ouvrage à dimension écologique.&nbsp; Avec ce dispositif la ville du Mans souhaite sensibiliser les jeunes au développement durable et aux enjeux écologiques par la voie de la littérature&hellip; Poursuivre la lecture Prix du Livre vert" />
<meta property="og:url" content="https://www.anima-productions.com/_clients/faiteslire/prix-litteraires/prix-du-livre-vert/" />
<meta property="og:site_name" content="Faites lire !" />
<meta property="article:modified_time" content="2026-09-01T08:29:30+00:00" />
<meta name="twitter:card" content="summary_large_image" />
<meta name="twitter:label1" content="Durée de lecture estimée" />
	<meta name="twitter:data1" content="1 minute" />
<script type="application/ld+json" class="yoast-schema-graph">{"@context":"https:\/\/schema.org","@graph":[{"@type":"WebPage","@id":"https:\/\/www.anima-productions.com\/_clients\/faiteslire\/prix-litteraires\/prix-du-livre-vert\/","url":"https:\/\/www.anima-productions.com\/_clients\/faiteslire\/prix-litteraires\/prix-du-livre-vert\/","name":"Prix du Livre vert - Faites lire !","isPartOf":{"@id":"https:\/\/www.anima-productions.com\/_clients\/faiteslire\/#website"},"datePublished":"2026-08-21T07:32:26+00:00","dateModified":"2026-09-01T08:29:30+00:00","breadcrumb":{"@id":"https:\/\/www.anima-productions.com\/_clients\/faiteslire\/prix-litteraires\/prix-du-livre-vert\/#breadcrumb"},"inLanguage":"fr-FR","potentialAction":[{"@type":"ReadAction","target":["https:\/\/www.anima-productions.com\/_clients\/faiteslire\/prix-litteraires\/prix-du-livre-vert\/"]}]},{"@type":"BreadcrumbList","@id":"https:\/\/www.anima-productions.com\/_clients\/faiteslire\/prix-litteraires\/prix-du-livre-vert\/#breadcrumb","itemListElement":[{"@type":"ListItem","position":1,"name":"Accueil","item":"https:\/\/www.anima-productions.com\/_clients\/faiteslire\/"},{"@type":"ListItem","position":2,"name":"Prix littéraires","item":"https:\/\/www.anima-productions.com\/_clients\/faiteslire\/prix-litteraires\/"},{"@type":"ListItem","position":3,"name":"Prix du Livre vert"}]},{"@type":"WebSite","@id":"https:\/\/www.anima-productions.com\/_clients\/faiteslire\/#website","url":"https:\/\/www.anima-productions.com\/_clients\/faiteslire\/","name":"Faites lire !","description":"La fête de la lecture | Le Mans","potentialAction":[{"@type":"SearchAction","target":{"@type":"EntryPoint","urlTemplate":"https:\/\/www.anima-productions.com\/_clients\/faiteslire\/?s={search_term_string}"},"query-input":{"@type":"PropertyValueSpecification","valueRequired":true,"valueName":"search_term_string"}}],"inLanguage":"fr-FR"}]}</script>
<!-- / Yoast SEO plugin. -->

Le prix du Livre vert est une bourse pour auteur créée en 2019 par la Ville du Mans. Il soutient les auteurs jeunesse avec la création d’un ouvrage à dimension écologique.&nbsp; Avec ce dispositif la ville du Mans souhaite sensibiliser les jeunes au développement durable et aux enjeux écologiques par la voie de la littérature&hellip; Poursuivre la lecture Prix du Livre vert

Prix littéraires

La fête de la lecture | Le Mans
