{"id":1738,"date":"2026-08-21T16:03:10","date_gmt":"2026-08-21T14:03:10","guid":{"rendered":"https:\/\/www.anima-productions.com\/_clients\/faiteslire\/?page_id=1738"},"modified":"2026-08-28T16:27:35","modified_gmt":"2026-08-28T14:27:35","slug":"selection-des-auteurs","status":"publish","type":"page","link":"https:\/\/www.anima-productions.com\/_clients\/faiteslire\/tous-les-auteurs\/selection-des-auteurs\/","title":{"rendered":"S\u00e9lection des auteurs"},"content":{"rendered":"\n<p class=\"wp-block-paragraph\">En collaboration avec les librairies partenaires et les maisons d&rsquo;\u00e9dition, la directrice artistique du festival coordonne la pr\u00e9sence des auteurs et autrices sur le salon du livre.<\/p>\n\n\n\n<h2 class=\"wp-block-heading\">Une publication dans l&rsquo;ann\u00e9e<\/h2>\n\n\n\n<p class=\"wp-block-paragraph\">Faites Lire est un \u00e9v\u00e8nement proche de la rentr\u00e9e litt\u00e9raire. Le salon accueille des auteurs et autrices qui font ou ont fait l&rsquo;actualit\u00e9 en 2026 avec la sortie d&rsquo;un ou plusieurs ouvrages. <\/p>\n\n\n\n<p class=\"wp-block-paragraph\">Salon g\u00e9n\u00e9raliste, <em>Faites-Lire<\/em> rassemble des auteurs de tous genres litt\u00e9raires qu&rsquo;ils soient c\u00e9l\u00e8bres ou non.<\/p>\n\n\n\n<h2 class=\"wp-block-heading\">Les auteurs locaux<\/h2>\n\n\n\n<p class=\"wp-block-paragraph\">En ouverture du festival, le salon r\u00e9gional <a href=\"https:\/\/www.anima-productions.com\/_clients\/faiteslire\/evenements\/salon-lire-autremans\/\" data-type=\"evenement\" data-id=\"1504\">\u00ab\u00a0Lire Autre&rsquo;Mans\u00a0\u00bb<\/a> est organis\u00e9 avec la pr\u00e9sence de pr\u00e8s de 80 auteurs et autrices du Mans et de la r\u00e9gion des Pays de la Loire.<\/p>\n\n\n\n<p class=\"wp-block-paragraph\">Plusieurs de ces auteurs locaux sont \u00e9galement pr\u00e9sents sur le salon du livre. Chaque ann\u00e9e, un appel \u00e0 candidature est lanc\u00e9 aux auteurs et autrices du Mans pour \u00eatre pr\u00e9sent sur le salon. L&rsquo;objectif de la s\u00e9lection est d&rsquo;assurer une repr\u00e9sentativit\u00e9 des genres litt\u00e9raires et garantir le renouvellement des auteurs pr\u00e9sents d&rsquo;une \u00e9dition \u00e0 l&rsquo;autre.<\/p>\n\n\n\n<p class=\"wp-block-paragraph\">La candidature est g\u00e9n\u00e9ralement ouverte de mars \u00e0 juin-juillet pour la tenue du salon en octobre.<\/p>\n","protected":false},"excerpt":{"rendered":"<p>En collaboration avec les librairies partenaires et les maisons d&rsquo;\u00e9dition, la directrice artistique du festival coordonne la pr\u00e9sence des auteurs et autrices sur le salon du livre. Une publication dans l&rsquo;ann\u00e9e Faites Lire est un \u00e9v\u00e8nement proche de la rentr\u00e9e litt\u00e9raire. Le salon accueille des auteurs et autrices qui font ou ont fait l&rsquo;actualit\u00e9 en&hellip; <a class=\"more-link\" href=\"https:\/\/www.anima-productions.com\/_clients\/faiteslire\/tous-les-auteurs\/selection-des-auteurs\/\">Poursuivre la lecture <span class=\"screen-reader-text\">S\u00e9lection des auteurs<\/span><\/a><\/p>\n","protected":false},"author":4,"featured_media":0,"parent":763,"menu_order":0,"comment_status":"closed","ping_status":"closed","template":"","meta":{"_acf_changed":false,"footnotes":""},"class_list":["post-1738","page","type-page","status-publish","hentry","entry"],"acf":[],"yoast_head":"<!-- This site is optimized with the Yoast SEO plugin v28.3 - https:\/\/yoast.com\/product\/yoast-seo-wordpress\/ -->\n<title>S\u00e9lection des auteurs - Faites lire !<\/title>\n<meta name=\"description\" content=\"Le festival Faites Lire met \u00e0 l&#039;honneur des auteurs locaux, s\u00e9lectionn\u00e9s chaque ann\u00e9e sur candidature.\" \/>\n<meta name=\"robots\" content=\"noindex, follow, max-snippet:-1, max-image-preview:large, max-video-preview:-1\" \/>\n<meta property=\"og:locale\" content=\"fr_FR\" \/>\n<meta property=\"og:type\" content=\"article\" \/>\n<meta property=\"og:title\" content=\"S\u00e9lection des auteurs - Faites lire !\" \/>\n<meta property=\"og:description\" content=\"Le festival Faites Lire met \u00e0 l&#039;honneur des auteurs locaux, s\u00e9lectionn\u00e9s chaque ann\u00e9e sur candidature.\" \/>\n<meta property=\"og:url\" content=\"https:\/\/www.anima-productions.com\/_clients\/faiteslire\/tous-les-auteurs\/selection-des-auteurs\/\" \/>\n<meta property=\"og:site_name\" content=\"Faites lire !\" \/>\n<meta property=\"article:modified_time\" content=\"2026-08-28T14:27:35+00:00\" \/>\n<meta name=\"twitter:card\" content=\"summary_large_image\" \/>\n<meta name=\"twitter:label1\" content=\"Dur\u00e9e de lecture estim\u00e9e\" \/>\n\t<meta name=\"twitter:data1\" content=\"1 minute\" \/>\n<script type=\"application\/ld+json\" class=\"yoast-schema-graph\">{\"@context\":\"https:\\\/\\\/schema.org\",\"@graph\":[{\"@type\":\"WebPage\",\"@id\":\"https:\\\/\\\/www.anima-productions.com\\\/_clients\\\/faiteslire\\\/tous-les-auteurs\\\/selection-des-auteurs\\\/\",\"url\":\"https:\\\/\\\/www.anima-productions.com\\\/_clients\\\/faiteslire\\\/tous-les-auteurs\\\/selection-des-auteurs\\\/\",\"name\":\"S\u00e9lection des auteurs - Faites lire !\",\"isPartOf\":{\"@id\":\"https:\\\/\\\/www.anima-productions.com\\\/_clients\\\/faiteslire\\\/#website\"},\"datePublished\":\"2026-08-21T14:03:10+00:00\",\"dateModified\":\"2026-08-28T14:27:35+00:00\",\"description\":\"Le festival Faites Lire met \u00e0 l'honneur des auteurs locaux, s\u00e9lectionn\u00e9s chaque ann\u00e9e sur candidature.\",\"breadcrumb\":{\"@id\":\"https:\\\/\\\/www.anima-productions.com\\\/_clients\\\/faiteslire\\\/tous-les-auteurs\\\/selection-des-auteurs\\\/#breadcrumb\"},\"inLanguage\":\"fr-FR\",\"potentialAction\":[{\"@type\":\"ReadAction\",\"target\":[\"https:\\\/\\\/www.anima-productions.com\\\/_clients\\\/faiteslire\\\/tous-les-auteurs\\\/selection-des-auteurs\\\/\"]}]},{\"@type\":\"BreadcrumbList\",\"@id\":\"https:\\\/\\\/www.anima-productions.com\\\/_clients\\\/faiteslire\\\/tous-les-auteurs\\\/selection-des-auteurs\\\/#breadcrumb\",\"itemListElement\":[{\"@type\":\"ListItem\",\"position\":1,\"name\":\"Accueil\",\"item\":\"https:\\\/\\\/www.anima-productions.com\\\/_clients\\\/faiteslire\\\/\"},{\"@type\":\"ListItem\",\"position\":2,\"name\":\"Tous les auteurs\",\"item\":\"https:\\\/\\\/www.anima-productions.com\\\/_clients\\\/faiteslire\\\/tous-les-auteurs\\\/\"},{\"@type\":\"ListItem\",\"position\":3,\"name\":\"S\u00e9lection des auteurs\"}]},{\"@type\":\"WebSite\",\"@id\":\"https:\\\/\\\/www.anima-productions.com\\\/_clients\\\/faiteslire\\\/#website\",\"url\":\"https:\\\/\\\/www.anima-productions.com\\\/_clients\\\/faiteslire\\\/\",\"name\":\"Faites lire !\",\"description\":\"La f\u00eate de la lecture | Le Mans\",\"potentialAction\":[{\"@type\":\"SearchAction\",\"target\":{\"@type\":\"EntryPoint\",\"urlTemplate\":\"https:\\\/\\\/www.anima-productions.com\\\/_clients\\\/faiteslire\\\/?s={search_term_string}\"},\"query-input\":{\"@type\":\"PropertyValueSpecification\",\"valueRequired\":true,\"valueName\":\"search_term_string\"}}],\"inLanguage\":\"fr-FR\"}]}<\/script>\n<!-- \/ Yoast SEO plugin. -->","yoast_head_json":{"title":"S\u00e9lection des auteurs - Faites lire !","description":"Le festival Faites Lire met \u00e0 l'honneur des auteurs locaux, s\u00e9lectionn\u00e9s chaque ann\u00e9e sur candidature.","robots":{"index":"noindex","follow":"follow","max-snippet":"max-snippet:-1","max-image-preview":"max-image-preview:large","max-video-preview":"max-video-preview:-1"},"og_locale":"fr_FR","og_type":"article","og_title":"S\u00e9lection des auteurs - Faites lire !","og_description":"Le festival Faites Lire met \u00e0 l'honneur des auteurs locaux, s\u00e9lectionn\u00e9s chaque ann\u00e9e sur candidature.","og_url":"https:\/\/www.anima-productions.com\/_clients\/faiteslire\/tous-les-auteurs\/selection-des-auteurs\/","og_site_name":"Faites lire !","article_modified_time":"2026-08-28T14:27:35+00:00","twitter_card":"summary_large_image","twitter_misc":{"Dur\u00e9e de lecture estim\u00e9e":"1 minute"},"schema":{"@context":"https:\/\/schema.org","@graph":[{"@type":"WebPage","@id":"https:\/\/www.anima-productions.com\/_clients\/faiteslire\/tous-les-auteurs\/selection-des-auteurs\/","url":"https:\/\/www.anima-productions.com\/_clients\/faiteslire\/tous-les-auteurs\/selection-des-auteurs\/","name":"S\u00e9lection des auteurs - Faites lire !","isPartOf":{"@id":"https:\/\/www.anima-productions.com\/_clients\/faiteslire\/#website"},"datePublished":"2026-08-21T14:03:10+00:00","dateModified":"2026-08-28T14:27:35+00:00","description":"Le festival Faites Lire met \u00e0 l'honneur des auteurs locaux, s\u00e9lectionn\u00e9s chaque ann\u00e9e sur candidature.","breadcrumb":{"@id":"https:\/\/www.anima-productions.com\/_clients\/faiteslire\/tous-les-auteurs\/selection-des-auteurs\/#breadcrumb"},"inLanguage":"fr-FR","potentialAction":[{"@type":"ReadAction","target":["https:\/\/www.anima-productions.com\/_clients\/faiteslire\/tous-les-auteurs\/selection-des-auteurs\/"]}]},{"@type":"BreadcrumbList","@id":"https:\/\/www.anima-productions.com\/_clients\/faiteslire\/tous-les-auteurs\/selection-des-auteurs\/#breadcrumb","itemListElement":[{"@type":"ListItem","position":1,"name":"Accueil","item":"https:\/\/www.anima-productions.com\/_clients\/faiteslire\/"},{"@type":"ListItem","position":2,"name":"Tous les auteurs","item":"https:\/\/www.anima-productions.com\/_clients\/faiteslire\/tous-les-auteurs\/"},{"@type":"ListItem","position":3,"name":"S\u00e9lection des auteurs"}]},{"@type":"WebSite","@id":"https:\/\/www.anima-productions.com\/_clients\/faiteslire\/#website","url":"https:\/\/www.anima-productions.com\/_clients\/faiteslire\/","name":"Faites lire !","description":"La f\u00eate de la lecture | Le Mans","potentialAction":[{"@type":"SearchAction","target":{"@type":"EntryPoint","urlTemplate":"https:\/\/www.anima-productions.com\/_clients\/faiteslire\/?s={search_term_string}"},"query-input":{"@type":"PropertyValueSpecification","valueRequired":true,"valueName":"search_term_string"}}],"inLanguage":"fr-FR"}]}},"_links":{"self":[{"href":"https:\/\/www.anima-productions.com\/_clients\/faiteslire\/wp-json\/wp\/v2\/pages\/1738","targetHints":{"allow":["GET"]}}],"collection":[{"href":"https:\/\/www.anima-productions.com\/_clients\/faiteslire\/wp-json\/wp\/v2\/pages"}],"about":[{"href":"https:\/\/www.anima-productions.com\/_clients\/faiteslire\/wp-json\/wp\/v2\/types\/page"}],"author":[{"embeddable":true,"href":"https:\/\/www.anima-productions.com\/_clients\/faiteslire\/wp-json\/wp\/v2\/users\/4"}],"replies":[{"embeddable":true,"href":"https:\/\/www.anima-productions.com\/_clients\/faiteslire\/wp-json\/wp\/v2\/comments?post=1738"}],"version-history":[{"count":2,"href":"https:\/\/www.anima-productions.com\/_clients\/faiteslire\/wp-json\/wp\/v2\/pages\/1738\/revisions"}],"predecessor-version":[{"id":2148,"href":"https:\/\/www.anima-productions.com\/_clients\/faiteslire\/wp-json\/wp\/v2\/pages\/1738\/revisions\/2148"}],"up":[{"embeddable":true,"href":"https:\/\/www.anima-productions.com\/_clients\/faiteslire\/wp-json\/wp\/v2\/pages\/763"}],"wp:attachment":[{"href":"https:\/\/www.anima-productions.com\/_clients\/faiteslire\/wp-json\/wp\/v2\/media?parent=1738"}],"curies":[{"name":"wp","href":"https:\/\/api.w.org\/{rel}","templated":true}]}}

Sélection des auteurs

<p class="wp-block-paragraph">En collaboration avec les librairies partenaires et les maisons d&rsquo;édition, la directrice artistique du festival coordonne la présence des auteurs et autrices sur le salon du livre.</p>



<h2 class="wp-block-heading">Une publication dans l&rsquo;année</h2>



<p class="wp-block-paragraph">Faites Lire est un évènement proche de la rentrée littéraire. Le salon accueille des auteurs et autrices qui font ou ont fait l&rsquo;actualité en 2026 avec la sortie d&rsquo;un ou plusieurs ouvrages. </p>



<p class="wp-block-paragraph">Salon généraliste, <em>Faites-Lire</em> rassemble des auteurs de tous genres littéraires qu&rsquo;ils soient célèbres ou non.</p>



<h2 class="wp-block-heading">Les auteurs locaux</h2>



<p class="wp-block-paragraph">En ouverture du festival, le salon régional <a href="https://www.anima-productions.com/_clients/faiteslire/evenements/salon-lire-autremans/" data-type="evenement" data-id="1504">« Lire Autre&rsquo;Mans »</a> est organisé avec la présence de près de 80 auteurs et autrices du Mans et de la région des Pays de la Loire.</p>



<p class="wp-block-paragraph">Plusieurs de ces auteurs locaux sont également présents sur le salon du livre. Chaque année, un appel à candidature est lancé aux auteurs et autrices du Mans pour être présent sur le salon. L&rsquo;objectif de la sélection est d&rsquo;assurer une représentativité des genres littéraires et garantir le renouvellement des auteurs présents d&rsquo;une édition à l&rsquo;autre.</p>



<p class="wp-block-paragraph">La candidature est généralement ouverte de mars à juin-juillet pour la tenue du salon en octobre.</p>

<p>En collaboration avec les librairies partenaires et les maisons d&rsquo;édition, la directrice artistique du festival coordonne la présence des auteurs et autrices sur le salon du livre. Une publication dans l&rsquo;année Faites Lire est un évènement proche de la rentrée littéraire. Le salon accueille des auteurs et autrices qui font ou ont fait l&rsquo;actualité en&hellip; <a class="more-link" href="https://www.anima-productions.com/_clients/faiteslire/tous-les-auteurs/selection-des-auteurs/">Poursuivre la lecture <span class="screen-reader-text">Sélection des auteurs</span></a></p>

<!-- This site is optimized with the Yoast SEO plugin v28.3 - https://yoast.com/product/yoast-seo-wordpress/ -->
<title>Sélection des auteurs - Faites lire !</title>
<meta name="description" content="Le festival Faites Lire met à l&#039;honneur des auteurs locaux, sélectionnés chaque année sur candidature." />
<meta name="robots" content="noindex, follow, max-snippet:-1, max-image-preview:large, max-video-preview:-1" />
<meta property="og:locale" content="fr_FR" />
<meta property="og:type" content="article" />
<meta property="og:title" content="Sélection des auteurs - Faites lire !" />
<meta property="og:description" content="Le festival Faites Lire met à l&#039;honneur des auteurs locaux, sélectionnés chaque année sur candidature." />
<meta property="og:url" content="https://www.anima-productions.com/_clients/faiteslire/tous-les-auteurs/selection-des-auteurs/" />
<meta property="og:site_name" content="Faites lire !" />
<meta property="article:modified_time" content="2026-08-28T14:27:35+00:00" />
<meta name="twitter:card" content="summary_large_image" />
<meta name="twitter:label1" content="Durée de lecture estimée" />
	<meta name="twitter:data1" content="1 minute" />
<script type="application/ld+json" class="yoast-schema-graph">{"@context":"https:\/\/schema.org","@graph":[{"@type":"WebPage","@id":"https:\/\/www.anima-productions.com\/_clients\/faiteslire\/tous-les-auteurs\/selection-des-auteurs\/","url":"https:\/\/www.anima-productions.com\/_clients\/faiteslire\/tous-les-auteurs\/selection-des-auteurs\/","name":"Sélection des auteurs - Faites lire !","isPartOf":{"@id":"https:\/\/www.anima-productions.com\/_clients\/faiteslire\/#website"},"datePublished":"2026-08-21T14:03:10+00:00","dateModified":"2026-08-28T14:27:35+00:00","description":"Le festival Faites Lire met à l'honneur des auteurs locaux, sélectionnés chaque année sur candidature.","breadcrumb":{"@id":"https:\/\/www.anima-productions.com\/_clients\/faiteslire\/tous-les-auteurs\/selection-des-auteurs\/#breadcrumb"},"inLanguage":"fr-FR","potentialAction":[{"@type":"ReadAction","target":["https:\/\/www.anima-productions.com\/_clients\/faiteslire\/tous-les-auteurs\/selection-des-auteurs\/"]}]},{"@type":"BreadcrumbList","@id":"https:\/\/www.anima-productions.com\/_clients\/faiteslire\/tous-les-auteurs\/selection-des-auteurs\/#breadcrumb","itemListElement":[{"@type":"ListItem","position":1,"name":"Accueil","item":"https:\/\/www.anima-productions.com\/_clients\/faiteslire\/"},{"@type":"ListItem","position":2,"name":"Tous les auteurs","item":"https:\/\/www.anima-productions.com\/_clients\/faiteslire\/tous-les-auteurs\/"},{"@type":"ListItem","position":3,"name":"Sélection des auteurs"}]},{"@type":"WebSite","@id":"https:\/\/www.anima-productions.com\/_clients\/faiteslire\/#website","url":"https:\/\/www.anima-productions.com\/_clients\/faiteslire\/","name":"Faites lire !","description":"La fête de la lecture | Le Mans","potentialAction":[{"@type":"SearchAction","target":{"@type":"EntryPoint","urlTemplate":"https:\/\/www.anima-productions.com\/_clients\/faiteslire\/?s={search_term_string}"},"query-input":{"@type":"PropertyValueSpecification","valueRequired":true,"valueName":"search_term_string"}}],"inLanguage":"fr-FR"}]}</script>
<!-- / Yoast SEO plugin. -->

Sélection des auteurs - Faites lire !

Le festival Faites Lire met à l'honneur des auteurs locaux, sélectionnés chaque année sur candidature.

La fête de la lecture | Le Mans
