{"id":767,"date":"2026-07-21T14:18:04","date_gmt":"2026-07-21T12:18:04","guid":{"rendered":"https:\/\/www.anima-productions.com\/_clients\/faiteslire\/?page_id=767"},"modified":"2026-08-30T17:01:48","modified_gmt":"2026-08-30T15:01:48","slug":"prix-litteraires","status":"publish","type":"page","link":"https:\/\/www.anima-productions.com\/_clients\/faiteslire\/prix-litteraires\/","title":{"rendered":"Prix litt\u00e9raires"},"content":{"rendered":"\n<p class=\"wp-block-paragraph\">En pleine p\u00e9riode de palmar\u00e8s des grands prix litt\u00e9raires de la rentr\u00e9e, <em>Faites-Lire<\/em> met un coup de projecteur sur des livres, des auteurs\u2026 et m\u00eame des lecteurs. Plusieurs prix litt\u00e9raires sont d\u00e9cern\u00e9s sur le salon du livre les 3 et 4 octobre.<\/p>\n\n\n<div class=\"wp-block-image\">\n<figure class=\"aligncenter size-full\"><img loading=\"lazy\" decoding=\"async\" width=\"800\" height=\"520\" src=\"https:\/\/www.anima-productions.com\/_clients\/faiteslire\/wp-content\/uploads\/2026\/08\/FaitesLire-Prix.webp\" alt=\"\" class=\"wp-image-2005\" srcset=\"https:\/\/www.anima-productions.com\/_clients\/faiteslire\/wp-content\/uploads\/2026\/08\/FaitesLire-Prix.webp 800w, https:\/\/www.anima-productions.com\/_clients\/faiteslire\/wp-content\/uploads\/2026\/08\/FaitesLire-Prix-300x195.webp 300w, https:\/\/www.anima-productions.com\/_clients\/faiteslire\/wp-content\/uploads\/2026\/08\/FaitesLire-Prix-5x3.webp 5w, https:\/\/www.anima-productions.com\/_clients\/faiteslire\/wp-content\/uploads\/2026\/08\/FaitesLire-Prix-768x499.webp 768w\" sizes=\"auto, (max-width: 800px) 100vw, 800px\" \/><\/figure>\n<\/div>\n\n<nav class=\"FL26_HOMEPAGE_SUBMENU\"><a href=\"https:\/\/www.anima-productions.com\/_clients\/faiteslire\/prix-litteraires\/prix-dimoitou\/\" class=\"FL26_CTA_SECONDARY\">Prix Dimoitou<\/a><a href=\"https:\/\/www.anima-productions.com\/_clients\/faiteslire\/prix-litteraires\/prix-le-mans-antoine-de-saint-exupery\/\" class=\"FL26_CTA_SECONDARY\">Prix Le Mans &#8211; Antoine de Saint-Exup\u00e9ry<\/a><a href=\"https:\/\/www.anima-productions.com\/_clients\/faiteslire\/prix-litteraires\/prix-du-livre-vert\/\" class=\"FL26_CTA_SECONDARY\">Prix du Livre vert<\/a><a href=\"https:\/\/www.anima-productions.com\/_clients\/faiteslire\/prix-litteraires\/prix-de-limaginaire-christine-rabin\/\" class=\"FL26_CTA_SECONDARY\">Prix de l&rsquo;imaginaire<\/a><a href=\"https:\/\/www.anima-productions.com\/_clients\/faiteslire\/prix-litteraires\/prix-daniel-pennac\/\" class=\"FL26_CTA_SECONDARY\">Prix Daniel Pennac<\/a><a href=\"https:\/\/www.anima-productions.com\/_clients\/faiteslire\/prix-litteraires\/prix-coup-de-coeur-de-la-25-heure-du-livre\/\" class=\"FL26_CTA_SECONDARY\">Prix coup de c\u0153ur<\/a><a href=\"https:\/\/www.anima-productions.com\/_clients\/faiteslire\/prix-litteraires\/prix-de-la-nouvelle-francophone-inedite\/\" class=\"FL26_CTA_SECONDARY\">Prix de la nouvelle francophone in\u00e9diteix<\/a><a href=\"https:\/\/www.anima-productions.com\/_clients\/faiteslire\/?page_id=1668\" class=\"FL26_CTA_SECONDARY\">Prix po\u00e9sie<\/a><\/nav>","protected":false},"excerpt":{"rendered":"<p>En pleine p\u00e9riode de palmar\u00e8s des grands prix litt\u00e9raires de la rentr\u00e9e, Faites-Lire met un coup de projecteur sur des livres, des auteurs\u2026 et m\u00eame des lecteurs. Plusieurs prix litt\u00e9raires sont d\u00e9cern\u00e9s sur le salon du livre les 3 et 4 octobre.<\/p>\n","protected":false},"author":1,"featured_media":0,"parent":0,"menu_order":0,"comment_status":"closed","ping_status":"closed","template":"","meta":{"_acf_changed":false,"footnotes":""},"class_list":["post-767","page","type-page","status-publish","hentry","entry"],"acf":[],"yoast_head":"<!-- This site is optimized with the Yoast SEO plugin v28.3 - https:\/\/yoast.com\/product\/yoast-seo-wordpress\/ -->\n<title>Prix litt\u00e9raires - Faites lire !<\/title>\n<meta name=\"description\" content=\"Plusieurs prix litt\u00e9raires sont remis pendant le festival Faites-Lire.\" \/>\n<meta name=\"robots\" content=\"noindex, follow, max-snippet:-1, max-image-preview:large, max-video-preview:-1\" \/>\n<meta property=\"og:locale\" content=\"fr_FR\" \/>\n<meta property=\"og:type\" content=\"article\" \/>\n<meta property=\"og:title\" content=\"Prix litt\u00e9raires - Faites lire !\" \/>\n<meta property=\"og:description\" content=\"Plusieurs prix litt\u00e9raires sont remis pendant le festival Faites-Lire.\" \/>\n<meta property=\"og:url\" content=\"https:\/\/www.anima-productions.com\/_clients\/faiteslire\/prix-litteraires\/\" \/>\n<meta property=\"og:site_name\" content=\"Faites lire !\" \/>\n<meta property=\"article:modified_time\" content=\"2026-08-30T15:01:48+00:00\" \/>\n<meta property=\"og:image\" content=\"https:\/\/www.anima-productions.com\/_clients\/faiteslire\/wp-content\/uploads\/2026\/08\/FaitesLire-Prix.webp\" \/>\n\t<meta property=\"og:image:width\" content=\"800\" \/>\n\t<meta property=\"og:image:height\" content=\"520\" \/>\n\t<meta property=\"og:image:type\" content=\"image\/webp\" \/>\n<meta name=\"twitter:card\" content=\"summary_large_image\" \/>\n<meta name=\"twitter:label1\" content=\"Dur\u00e9e de lecture estim\u00e9e\" \/>\n\t<meta name=\"twitter:data1\" content=\"1 minute\" \/>\n<script type=\"application\/ld+json\" class=\"yoast-schema-graph\">{\"@context\":\"https:\\\/\\\/schema.org\",\"@graph\":[{\"@type\":\"WebPage\",\"@id\":\"https:\\\/\\\/www.anima-productions.com\\\/_clients\\\/faiteslire\\\/prix-litteraires\\\/\",\"url\":\"https:\\\/\\\/www.anima-productions.com\\\/_clients\\\/faiteslire\\\/prix-litteraires\\\/\",\"name\":\"Prix litt\u00e9raires - Faites lire !\",\"isPartOf\":{\"@id\":\"https:\\\/\\\/www.anima-productions.com\\\/_clients\\\/faiteslire\\\/#website\"},\"primaryImageOfPage\":{\"@id\":\"https:\\\/\\\/www.anima-productions.com\\\/_clients\\\/faiteslire\\\/prix-litteraires\\\/#primaryimage\"},\"image\":{\"@id\":\"https:\\\/\\\/www.anima-productions.com\\\/_clients\\\/faiteslire\\\/prix-litteraires\\\/#primaryimage\"},\"thumbnailUrl\":\"https:\\\/\\\/www.anima-productions.com\\\/_clients\\\/faiteslire\\\/wp-content\\\/uploads\\\/2026\\\/08\\\/FaitesLire-Prix.webp\",\"datePublished\":\"2026-07-21T12:18:04+00:00\",\"dateModified\":\"2026-08-30T15:01:48+00:00\",\"description\":\"Plusieurs prix litt\u00e9raires sont remis pendant le festival Faites-Lire.\",\"breadcrumb\":{\"@id\":\"https:\\\/\\\/www.anima-productions.com\\\/_clients\\\/faiteslire\\\/prix-litteraires\\\/#breadcrumb\"},\"inLanguage\":\"fr-FR\",\"potentialAction\":[{\"@type\":\"ReadAction\",\"target\":[\"https:\\\/\\\/www.anima-productions.com\\\/_clients\\\/faiteslire\\\/prix-litteraires\\\/\"]}]},{\"@type\":\"ImageObject\",\"inLanguage\":\"fr-FR\",\"@id\":\"https:\\\/\\\/www.anima-productions.com\\\/_clients\\\/faiteslire\\\/prix-litteraires\\\/#primaryimage\",\"url\":\"https:\\\/\\\/www.anima-productions.com\\\/_clients\\\/faiteslire\\\/wp-content\\\/uploads\\\/2026\\\/08\\\/FaitesLire-Prix.webp\",\"contentUrl\":\"https:\\\/\\\/www.anima-productions.com\\\/_clients\\\/faiteslire\\\/wp-content\\\/uploads\\\/2026\\\/08\\\/FaitesLire-Prix.webp\",\"width\":800,\"height\":520},{\"@type\":\"BreadcrumbList\",\"@id\":\"https:\\\/\\\/www.anima-productions.com\\\/_clients\\\/faiteslire\\\/prix-litteraires\\\/#breadcrumb\",\"itemListElement\":[{\"@type\":\"ListItem\",\"position\":1,\"name\":\"Accueil\",\"item\":\"https:\\\/\\\/www.anima-productions.com\\\/_clients\\\/faiteslire\\\/\"},{\"@type\":\"ListItem\",\"position\":2,\"name\":\"Prix litt\u00e9raires\"}]},{\"@type\":\"WebSite\",\"@id\":\"https:\\\/\\\/www.anima-productions.com\\\/_clients\\\/faiteslire\\\/#website\",\"url\":\"https:\\\/\\\/www.anima-productions.com\\\/_clients\\\/faiteslire\\\/\",\"name\":\"Faites lire !\",\"description\":\"La f\u00eate de la lecture | Le Mans\",\"potentialAction\":[{\"@type\":\"SearchAction\",\"target\":{\"@type\":\"EntryPoint\",\"urlTemplate\":\"https:\\\/\\\/www.anima-productions.com\\\/_clients\\\/faiteslire\\\/?s={search_term_string}\"},\"query-input\":{\"@type\":\"PropertyValueSpecification\",\"valueRequired\":true,\"valueName\":\"search_term_string\"}}],\"inLanguage\":\"fr-FR\"}]}<\/script>\n<!-- \/ Yoast SEO plugin. -->","yoast_head_json":{"title":"Prix litt\u00e9raires - Faites lire !","description":"Plusieurs prix litt\u00e9raires sont remis pendant le festival Faites-Lire.","robots":{"index":"noindex","follow":"follow","max-snippet":"max-snippet:-1","max-image-preview":"max-image-preview:large","max-video-preview":"max-video-preview:-1"},"og_locale":"fr_FR","og_type":"article","og_title":"Prix litt\u00e9raires - Faites lire !","og_description":"Plusieurs prix litt\u00e9raires sont remis pendant le festival Faites-Lire.","og_url":"https:\/\/www.anima-productions.com\/_clients\/faiteslire\/prix-litteraires\/","og_site_name":"Faites lire !","article_modified_time":"2026-08-30T15:01:48+00:00","og_image":[{"width":800,"height":520,"url":"https:\/\/www.anima-productions.com\/_clients\/faiteslire\/wp-content\/uploads\/2026\/08\/FaitesLire-Prix.webp","type":"image\/webp"}],"twitter_card":"summary_large_image","twitter_misc":{"Dur\u00e9e de lecture estim\u00e9e":"1 minute"},"schema":{"@context":"https:\/\/schema.org","@graph":[{"@type":"WebPage","@id":"https:\/\/www.anima-productions.com\/_clients\/faiteslire\/prix-litteraires\/","url":"https:\/\/www.anima-productions.com\/_clients\/faiteslire\/prix-litteraires\/","name":"Prix litt\u00e9raires - Faites lire !","isPartOf":{"@id":"https:\/\/www.anima-productions.com\/_clients\/faiteslire\/#website"},"primaryImageOfPage":{"@id":"https:\/\/www.anima-productions.com\/_clients\/faiteslire\/prix-litteraires\/#primaryimage"},"image":{"@id":"https:\/\/www.anima-productions.com\/_clients\/faiteslire\/prix-litteraires\/#primaryimage"},"thumbnailUrl":"https:\/\/www.anima-productions.com\/_clients\/faiteslire\/wp-content\/uploads\/2026\/08\/FaitesLire-Prix.webp","datePublished":"2026-07-21T12:18:04+00:00","dateModified":"2026-08-30T15:01:48+00:00","description":"Plusieurs prix litt\u00e9raires sont remis pendant le festival Faites-Lire.","breadcrumb":{"@id":"https:\/\/www.anima-productions.com\/_clients\/faiteslire\/prix-litteraires\/#breadcrumb"},"inLanguage":"fr-FR","potentialAction":[{"@type":"ReadAction","target":["https:\/\/www.anima-productions.com\/_clients\/faiteslire\/prix-litteraires\/"]}]},{"@type":"ImageObject","inLanguage":"fr-FR","@id":"https:\/\/www.anima-productions.com\/_clients\/faiteslire\/prix-litteraires\/#primaryimage","url":"https:\/\/www.anima-productions.com\/_clients\/faiteslire\/wp-content\/uploads\/2026\/08\/FaitesLire-Prix.webp","contentUrl":"https:\/\/www.anima-productions.com\/_clients\/faiteslire\/wp-content\/uploads\/2026\/08\/FaitesLire-Prix.webp","width":800,"height":520},{"@type":"BreadcrumbList","@id":"https:\/\/www.anima-productions.com\/_clients\/faiteslire\/prix-litteraires\/#breadcrumb","itemListElement":[{"@type":"ListItem","position":1,"name":"Accueil","item":"https:\/\/www.anima-productions.com\/_clients\/faiteslire\/"},{"@type":"ListItem","position":2,"name":"Prix litt\u00e9raires"}]},{"@type":"WebSite","@id":"https:\/\/www.anima-productions.com\/_clients\/faiteslire\/#website","url":"https:\/\/www.anima-productions.com\/_clients\/faiteslire\/","name":"Faites lire !","description":"La f\u00eate de la lecture | Le Mans","potentialAction":[{"@type":"SearchAction","target":{"@type":"EntryPoint","urlTemplate":"https:\/\/www.anima-productions.com\/_clients\/faiteslire\/?s={search_term_string}"},"query-input":{"@type":"PropertyValueSpecification","valueRequired":true,"valueName":"search_term_string"}}],"inLanguage":"fr-FR"}]}},"_links":{"self":[{"href":"https:\/\/www.anima-productions.com\/_clients\/faiteslire\/wp-json\/wp\/v2\/pages\/767","targetHints":{"allow":["GET"]}}],"collection":[{"href":"https:\/\/www.anima-productions.com\/_clients\/faiteslire\/wp-json\/wp\/v2\/pages"}],"about":[{"href":"https:\/\/www.anima-productions.com\/_clients\/faiteslire\/wp-json\/wp\/v2\/types\/page"}],"author":[{"embeddable":true,"href":"https:\/\/www.anima-productions.com\/_clients\/faiteslire\/wp-json\/wp\/v2\/users\/1"}],"replies":[{"embeddable":true,"href":"https:\/\/www.anima-productions.com\/_clients\/faiteslire\/wp-json\/wp\/v2\/comments?post=767"}],"version-history":[{"count":16,"href":"https:\/\/www.anima-productions.com\/_clients\/faiteslire\/wp-json\/wp\/v2\/pages\/767\/revisions"}],"predecessor-version":[{"id":2157,"href":"https:\/\/www.anima-productions.com\/_clients\/faiteslire\/wp-json\/wp\/v2\/pages\/767\/revisions\/2157"}],"wp:attachment":[{"href":"https:\/\/www.anima-productions.com\/_clients\/faiteslire\/wp-json\/wp\/v2\/media?parent=767"}],"curies":[{"name":"wp","href":"https:\/\/api.w.org\/{rel}","templated":true}]}}

Prix littéraires

<p class="wp-block-paragraph">En pleine période de palmarès des grands prix littéraires de la rentrée, <em>Faites-Lire</em> met un coup de projecteur sur des livres, des auteurs… et même des lecteurs. Plusieurs prix littéraires sont décernés sur le salon du livre les 3 et 4 octobre.</p>


<div class="wp-block-image">
<figure class="aligncenter size-full"><img loading="lazy" decoding="async" width="800" height="520" src="https://www.anima-productions.com/_clients/faiteslire/wp-content/uploads/2026/08/FaitesLire-Prix.webp" alt="" class="wp-image-2005" srcset="https://www.anima-productions.com/_clients/faiteslire/wp-content/uploads/2026/08/FaitesLire-Prix.webp 800w, https://www.anima-productions.com/_clients/faiteslire/wp-content/uploads/2026/08/FaitesLire-Prix-300x195.webp 300w, https://www.anima-productions.com/_clients/faiteslire/wp-content/uploads/2026/08/FaitesLire-Prix-5x3.webp 5w, https://www.anima-productions.com/_clients/faiteslire/wp-content/uploads/2026/08/FaitesLire-Prix-768x499.webp 768w" sizes="auto, (max-width: 800px) 100vw, 800px" /></figure>
</div>

<nav class="FL26_HOMEPAGE_SUBMENU"><a href="https://www.anima-productions.com/_clients/faiteslire/prix-litteraires/prix-dimoitou/" class="FL26_CTA_SECONDARY">Prix Dimoitou</a><a href="https://www.anima-productions.com/_clients/faiteslire/prix-litteraires/prix-le-mans-antoine-de-saint-exupery/" class="FL26_CTA_SECONDARY">Prix Le Mans &#8211; Antoine de Saint-Exupéry</a><a href="https://www.anima-productions.com/_clients/faiteslire/prix-litteraires/prix-du-livre-vert/" class="FL26_CTA_SECONDARY">Prix du Livre vert</a><a href="https://www.anima-productions.com/_clients/faiteslire/prix-litteraires/prix-de-limaginaire-christine-rabin/" class="FL26_CTA_SECONDARY">Prix de l&rsquo;imaginaire</a><a href="https://www.anima-productions.com/_clients/faiteslire/prix-litteraires/prix-daniel-pennac/" class="FL26_CTA_SECONDARY">Prix Daniel Pennac</a><a href="https://www.anima-productions.com/_clients/faiteslire/prix-litteraires/prix-coup-de-coeur-de-la-25-heure-du-livre/" class="FL26_CTA_SECONDARY">Prix coup de cœur</a><a href="https://www.anima-productions.com/_clients/faiteslire/prix-litteraires/prix-de-la-nouvelle-francophone-inedite/" class="FL26_CTA_SECONDARY">Prix de la nouvelle francophone inéditeix</a><a href="https://www.anima-productions.com/_clients/faiteslire/?page_id=1668" class="FL26_CTA_SECONDARY">Prix poésie</a></nav>

<p>En pleine période de palmarès des grands prix littéraires de la rentrée, Faites-Lire met un coup de projecteur sur des livres, des auteurs… et même des lecteurs. Plusieurs prix littéraires sont décernés sur le salon du livre les 3 et 4 octobre.</p>

<!-- This site is optimized with the Yoast SEO plugin v28.3 - https://yoast.com/product/yoast-seo-wordpress/ -->
<title>Prix littéraires - Faites lire !</title>
<meta name="description" content="Plusieurs prix littéraires sont remis pendant le festival Faites-Lire." />
<meta name="robots" content="noindex, follow, max-snippet:-1, max-image-preview:large, max-video-preview:-1" />
<meta property="og:locale" content="fr_FR" />
<meta property="og:type" content="article" />
<meta property="og:title" content="Prix littéraires - Faites lire !" />
<meta property="og:description" content="Plusieurs prix littéraires sont remis pendant le festival Faites-Lire." />
<meta property="og:url" content="https://www.anima-productions.com/_clients/faiteslire/prix-litteraires/" />
<meta property="og:site_name" content="Faites lire !" />
<meta property="article:modified_time" content="2026-08-30T15:01:48+00:00" />
<meta property="og:image" content="https://www.anima-productions.com/_clients/faiteslire/wp-content/uploads/2026/08/FaitesLire-Prix.webp" />
	<meta property="og:image:width" content="800" />
	<meta property="og:image:height" content="520" />
	<meta property="og:image:type" content="image/webp" />
<meta name="twitter:card" content="summary_large_image" />
<meta name="twitter:label1" content="Durée de lecture estimée" />
	<meta name="twitter:data1" content="1 minute" />
<script type="application/ld+json" class="yoast-schema-graph">{"@context":"https:\/\/schema.org","@graph":[{"@type":"WebPage","@id":"https:\/\/www.anima-productions.com\/_clients\/faiteslire\/prix-litteraires\/","url":"https:\/\/www.anima-productions.com\/_clients\/faiteslire\/prix-litteraires\/","name":"Prix littéraires - Faites lire !","isPartOf":{"@id":"https:\/\/www.anima-productions.com\/_clients\/faiteslire\/#website"},"primaryImageOfPage":{"@id":"https:\/\/www.anima-productions.com\/_clients\/faiteslire\/prix-litteraires\/#primaryimage"},"image":{"@id":"https:\/\/www.anima-productions.com\/_clients\/faiteslire\/prix-litteraires\/#primaryimage"},"thumbnailUrl":"https:\/\/www.anima-productions.com\/_clients\/faiteslire\/wp-content\/uploads\/2026\/08\/FaitesLire-Prix.webp","datePublished":"2026-07-21T12:18:04+00:00","dateModified":"2026-08-30T15:01:48+00:00","description":"Plusieurs prix littéraires sont remis pendant le festival Faites-Lire.","breadcrumb":{"@id":"https:\/\/www.anima-productions.com\/_clients\/faiteslire\/prix-litteraires\/#breadcrumb"},"inLanguage":"fr-FR","potentialAction":[{"@type":"ReadAction","target":["https:\/\/www.anima-productions.com\/_clients\/faiteslire\/prix-litteraires\/"]}]},{"@type":"ImageObject","inLanguage":"fr-FR","@id":"https:\/\/www.anima-productions.com\/_clients\/faiteslire\/prix-litteraires\/#primaryimage","url":"https:\/\/www.anima-productions.com\/_clients\/faiteslire\/wp-content\/uploads\/2026\/08\/FaitesLire-Prix.webp","contentUrl":"https:\/\/www.anima-productions.com\/_clients\/faiteslire\/wp-content\/uploads\/2026\/08\/FaitesLire-Prix.webp","width":800,"height":520},{"@type":"BreadcrumbList","@id":"https:\/\/www.anima-productions.com\/_clients\/faiteslire\/prix-litteraires\/#breadcrumb","itemListElement":[{"@type":"ListItem","position":1,"name":"Accueil","item":"https:\/\/www.anima-productions.com\/_clients\/faiteslire\/"},{"@type":"ListItem","position":2,"name":"Prix littéraires"}]},{"@type":"WebSite","@id":"https:\/\/www.anima-productions.com\/_clients\/faiteslire\/#website","url":"https:\/\/www.anima-productions.com\/_clients\/faiteslire\/","name":"Faites lire !","description":"La fête de la lecture | Le Mans","potentialAction":[{"@type":"SearchAction","target":{"@type":"EntryPoint","urlTemplate":"https:\/\/www.anima-productions.com\/_clients\/faiteslire\/?s={search_term_string}"},"query-input":{"@type":"PropertyValueSpecification","valueRequired":true,"valueName":"search_term_string"}}],"inLanguage":"fr-FR"}]}</script>
<!-- / Yoast SEO plugin. -->

Prix littéraires - Faites lire !

Plusieurs prix littéraires sont remis pendant le festival Faites-Lire.

La fête de la lecture | Le Mans
