{"id":782,"date":"2026-07-21T14:19:35","date_gmt":"2026-07-21T12:19:35","guid":{"rendered":"https:\/\/www.anima-productions.com\/_clients\/faiteslire\/?page_id=782"},"modified":"2026-08-28T16:01:46","modified_gmt":"2026-08-28T14:01:46","slug":"infos-pratiques","status":"publish","type":"page","link":"https:\/\/www.anima-productions.com\/_clients\/faiteslire\/infos-pratiques\/","title":{"rendered":"Infos pratiques : acc\u00e8s et horaires"},"content":{"rendered":"<div class=\"FL26_ENCADRE\"><p><strong>La grande majorit\u00e9 des \u00e9v\u00e8nements et l&rsquo;entr\u00e9e au salon sont gratuits<\/strong>.<\/p>\n<\/div>\n\n<div class=\"FL26_CHAPEAU\"><\/div>\n\n\n<h2 class=\"wp-block-heading\">Animations<\/h2>\n\n\n\n<p class=\"wp-block-paragraph\">L&rsquo;horaire et le lieu de chaque \u00e9v\u00e8nement est pr\u00e9cis\u00e9 dans le programme. Certains rendez-vous sont en entr\u00e9e libre, d&rsquo;autres sur r\u00e9servation m\u00eame s&rsquo;ils sont gratuits.<\/p>\n\n\n\n<p class=\"wp-block-paragraph\">Tous les \u00e9v\u00e8nements sont accessibles en transports en commun : bus ou tramway. <a href=\"https:\/\/www.setram.fr\/fr\/\">Plus d&rsquo;information sur le r\u00e9seau Setram<\/a>.<\/p>\n\n\n\n<figure class=\"wp-block-image size-full\"><img loading=\"lazy\" decoding=\"async\" width=\"800\" height=\"520\" src=\"https:\/\/www.anima-productions.com\/_clients\/faiteslire\/wp-content\/uploads\/2026\/08\/FaitesLire-tram.webp\" alt=\"\" class=\"wp-image-2018\" srcset=\"https:\/\/www.anima-productions.com\/_clients\/faiteslire\/wp-content\/uploads\/2026\/08\/FaitesLire-tram.webp 800w, https:\/\/www.anima-productions.com\/_clients\/faiteslire\/wp-content\/uploads\/2026\/08\/FaitesLire-tram-300x195.webp 300w, https:\/\/www.anima-productions.com\/_clients\/faiteslire\/wp-content\/uploads\/2026\/08\/FaitesLire-tram-5x3.webp 5w, https:\/\/www.anima-productions.com\/_clients\/faiteslire\/wp-content\/uploads\/2026\/08\/FaitesLire-tram-768x499.webp 768w\" sizes=\"auto, (max-width: 800px) 100vw, 800px\" \/><\/figure>\n\n\n\n<div class=\"FL26_CONTENT_BLOCK\"  style=\"text-align:left; padding:30px 0px;\" ><a  href=\"https:\/\/www.anima-productions.com\/_clients\/faiteslire\/tout-le-programme\/\"  class=\"FL26_CTA\">Programme de la semaine<\/a><\/div>\n\n\n<h2 class=\"wp-block-heading\">Salon du livre<\/h2>\n\n\n\n<p class=\"wp-block-paragraph\">Le salon du livre se tient le samedi et dimanche sur deux espaces accessibles en tramway : place de la R\u00e9publique et place des Jacobins.<\/p>\n\n\n\n<h3 class=\"wp-block-heading\">Horaires du salon<\/h3>\n\n\n\n<ul class=\"wp-block-list\">\n<li>Samedi de 10h \u00e0 19h<\/li>\n\n\n\n<li>Dimanche de 10h \u00e0 18h<\/li>\n<\/ul>\n\n\n\n<p class=\"wp-block-paragraph\">Les dates et horaires de pr\u00e9sence des auteurs sont indiqu\u00e9s sur leur fiche. <a href=\"https:\/\/www.anima-productions.com\/_clients\/faiteslire\/tous-les-auteurs\/\" data-type=\"page\" data-id=\"763\">Les auteurs et autrices<\/a> sont n\u00e9anmoins susceptibles d&rsquo;\u00eatre absents de leur stand pour repas ou besoin personnel.<\/p>\n\n\n\n<p class=\"wp-block-paragraph\"><\/p>\n","protected":false},"excerpt":{"rendered":"<p>Animations L&rsquo;horaire et le lieu de chaque \u00e9v\u00e8nement est pr\u00e9cis\u00e9 dans le programme. Certains rendez-vous sont en entr\u00e9e libre, d&rsquo;autres sur r\u00e9servation m\u00eame s&rsquo;ils sont gratuits. Tous les \u00e9v\u00e8nements sont accessibles en transports en commun : bus ou tramway. Plus d&rsquo;information sur le r\u00e9seau Setram. Salon du livre Le salon du livre se tient le&hellip; <a class=\"more-link\" href=\"https:\/\/www.anima-productions.com\/_clients\/faiteslire\/infos-pratiques\/\">Poursuivre la lecture <span class=\"screen-reader-text\">Infos pratiques : acc\u00e8s et horaires<\/span><\/a><\/p>\n","protected":false},"author":1,"featured_media":0,"parent":0,"menu_order":0,"comment_status":"closed","ping_status":"closed","template":"","meta":{"_acf_changed":false,"footnotes":""},"class_list":["post-782","page","type-page","status-publish","hentry","entry"],"acf":[],"yoast_head":"<!-- This site is optimized with the Yoast SEO plugin v28.3 - https:\/\/yoast.com\/product\/yoast-seo-wordpress\/ -->\n<title>Infos pratiques : acc\u00e8s et horaires - Faites lire !<\/title>\n<meta name=\"description\" content=\"Toutes les infos pratiques pour venir au festival et assister aux animations et au salon du livre.\" \/>\n<meta name=\"robots\" content=\"noindex, follow, max-snippet:-1, max-image-preview:large, max-video-preview:-1\" \/>\n<meta property=\"og:locale\" content=\"fr_FR\" \/>\n<meta property=\"og:type\" content=\"article\" \/>\n<meta property=\"og:title\" content=\"Infos pratiques : acc\u00e8s et horaires - Faites lire !\" \/>\n<meta property=\"og:description\" content=\"Toutes les infos pratiques pour venir au festival et assister aux animations et au salon du livre.\" \/>\n<meta property=\"og:url\" content=\"https:\/\/www.anima-productions.com\/_clients\/faiteslire\/infos-pratiques\/\" \/>\n<meta property=\"og:site_name\" content=\"Faites lire !\" \/>\n<meta property=\"article:modified_time\" content=\"2026-08-28T14:01:46+00:00\" \/>\n<meta property=\"og:image\" content=\"https:\/\/www.anima-productions.com\/_clients\/faiteslire\/wp-content\/uploads\/2026\/08\/FaitesLire-tram.webp\" \/>\n\t<meta property=\"og:image:width\" content=\"800\" \/>\n\t<meta property=\"og:image:height\" content=\"520\" \/>\n\t<meta property=\"og:image:type\" content=\"image\/webp\" \/>\n<meta name=\"twitter:card\" content=\"summary_large_image\" \/>\n<meta name=\"twitter:label1\" content=\"Dur\u00e9e de lecture estim\u00e9e\" \/>\n\t<meta name=\"twitter:data1\" content=\"1 minute\" \/>\n<script type=\"application\/ld+json\" class=\"yoast-schema-graph\">{\"@context\":\"https:\\\/\\\/schema.org\",\"@graph\":[{\"@type\":\"WebPage\",\"@id\":\"https:\\\/\\\/www.anima-productions.com\\\/_clients\\\/faiteslire\\\/infos-pratiques\\\/\",\"url\":\"https:\\\/\\\/www.anima-productions.com\\\/_clients\\\/faiteslire\\\/infos-pratiques\\\/\",\"name\":\"Infos pratiques : acc\u00e8s et horaires - Faites lire !\",\"isPartOf\":{\"@id\":\"https:\\\/\\\/www.anima-productions.com\\\/_clients\\\/faiteslire\\\/#website\"},\"primaryImageOfPage\":{\"@id\":\"https:\\\/\\\/www.anima-productions.com\\\/_clients\\\/faiteslire\\\/infos-pratiques\\\/#primaryimage\"},\"image\":{\"@id\":\"https:\\\/\\\/www.anima-productions.com\\\/_clients\\\/faiteslire\\\/infos-pratiques\\\/#primaryimage\"},\"thumbnailUrl\":\"https:\\\/\\\/www.anima-productions.com\\\/_clients\\\/faiteslire\\\/wp-content\\\/uploads\\\/2026\\\/08\\\/FaitesLire-tram.webp\",\"datePublished\":\"2026-07-21T12:19:35+00:00\",\"dateModified\":\"2026-08-28T14:01:46+00:00\",\"description\":\"Toutes les infos pratiques pour venir au festival et assister aux animations et au salon du livre.\",\"breadcrumb\":{\"@id\":\"https:\\\/\\\/www.anima-productions.com\\\/_clients\\\/faiteslire\\\/infos-pratiques\\\/#breadcrumb\"},\"inLanguage\":\"fr-FR\",\"potentialAction\":[{\"@type\":\"ReadAction\",\"target\":[\"https:\\\/\\\/www.anima-productions.com\\\/_clients\\\/faiteslire\\\/infos-pratiques\\\/\"]}]},{\"@type\":\"ImageObject\",\"inLanguage\":\"fr-FR\",\"@id\":\"https:\\\/\\\/www.anima-productions.com\\\/_clients\\\/faiteslire\\\/infos-pratiques\\\/#primaryimage\",\"url\":\"https:\\\/\\\/www.anima-productions.com\\\/_clients\\\/faiteslire\\\/wp-content\\\/uploads\\\/2026\\\/08\\\/FaitesLire-tram.webp\",\"contentUrl\":\"https:\\\/\\\/www.anima-productions.com\\\/_clients\\\/faiteslire\\\/wp-content\\\/uploads\\\/2026\\\/08\\\/FaitesLire-tram.webp\",\"width\":800,\"height\":520},{\"@type\":\"BreadcrumbList\",\"@id\":\"https:\\\/\\\/www.anima-productions.com\\\/_clients\\\/faiteslire\\\/infos-pratiques\\\/#breadcrumb\",\"itemListElement\":[{\"@type\":\"ListItem\",\"position\":1,\"name\":\"Accueil\",\"item\":\"https:\\\/\\\/www.anima-productions.com\\\/_clients\\\/faiteslire\\\/\"},{\"@type\":\"ListItem\",\"position\":2,\"name\":\"Infos pratiques : acc\u00e8s et horaires\"}]},{\"@type\":\"WebSite\",\"@id\":\"https:\\\/\\\/www.anima-productions.com\\\/_clients\\\/faiteslire\\\/#website\",\"url\":\"https:\\\/\\\/www.anima-productions.com\\\/_clients\\\/faiteslire\\\/\",\"name\":\"Faites lire !\",\"description\":\"La f\u00eate de la lecture | Le Mans\",\"potentialAction\":[{\"@type\":\"SearchAction\",\"target\":{\"@type\":\"EntryPoint\",\"urlTemplate\":\"https:\\\/\\\/www.anima-productions.com\\\/_clients\\\/faiteslire\\\/?s={search_term_string}\"},\"query-input\":{\"@type\":\"PropertyValueSpecification\",\"valueRequired\":true,\"valueName\":\"search_term_string\"}}],\"inLanguage\":\"fr-FR\"}]}<\/script>\n<!-- \/ Yoast SEO plugin. -->","yoast_head_json":{"title":"Infos pratiques : acc\u00e8s et horaires - Faites lire !","description":"Toutes les infos pratiques pour venir au festival et assister aux animations et au salon du livre.","robots":{"index":"noindex","follow":"follow","max-snippet":"max-snippet:-1","max-image-preview":"max-image-preview:large","max-video-preview":"max-video-preview:-1"},"og_locale":"fr_FR","og_type":"article","og_title":"Infos pratiques : acc\u00e8s et horaires - Faites lire !","og_description":"Toutes les infos pratiques pour venir au festival et assister aux animations et au salon du livre.","og_url":"https:\/\/www.anima-productions.com\/_clients\/faiteslire\/infos-pratiques\/","og_site_name":"Faites lire !","article_modified_time":"2026-08-28T14:01:46+00:00","og_image":[{"width":800,"height":520,"url":"https:\/\/www.anima-productions.com\/_clients\/faiteslire\/wp-content\/uploads\/2026\/08\/FaitesLire-tram.webp","type":"image\/webp"}],"twitter_card":"summary_large_image","twitter_misc":{"Dur\u00e9e de lecture estim\u00e9e":"1 minute"},"schema":{"@context":"https:\/\/schema.org","@graph":[{"@type":"WebPage","@id":"https:\/\/www.anima-productions.com\/_clients\/faiteslire\/infos-pratiques\/","url":"https:\/\/www.anima-productions.com\/_clients\/faiteslire\/infos-pratiques\/","name":"Infos pratiques : acc\u00e8s et horaires - Faites lire !","isPartOf":{"@id":"https:\/\/www.anima-productions.com\/_clients\/faiteslire\/#website"},"primaryImageOfPage":{"@id":"https:\/\/www.anima-productions.com\/_clients\/faiteslire\/infos-pratiques\/#primaryimage"},"image":{"@id":"https:\/\/www.anima-productions.com\/_clients\/faiteslire\/infos-pratiques\/#primaryimage"},"thumbnailUrl":"https:\/\/www.anima-productions.com\/_clients\/faiteslire\/wp-content\/uploads\/2026\/08\/FaitesLire-tram.webp","datePublished":"2026-07-21T12:19:35+00:00","dateModified":"2026-08-28T14:01:46+00:00","description":"Toutes les infos pratiques pour venir au festival et assister aux animations et au salon du livre.","breadcrumb":{"@id":"https:\/\/www.anima-productions.com\/_clients\/faiteslire\/infos-pratiques\/#breadcrumb"},"inLanguage":"fr-FR","potentialAction":[{"@type":"ReadAction","target":["https:\/\/www.anima-productions.com\/_clients\/faiteslire\/infos-pratiques\/"]}]},{"@type":"ImageObject","inLanguage":"fr-FR","@id":"https:\/\/www.anima-productions.com\/_clients\/faiteslire\/infos-pratiques\/#primaryimage","url":"https:\/\/www.anima-productions.com\/_clients\/faiteslire\/wp-content\/uploads\/2026\/08\/FaitesLire-tram.webp","contentUrl":"https:\/\/www.anima-productions.com\/_clients\/faiteslire\/wp-content\/uploads\/2026\/08\/FaitesLire-tram.webp","width":800,"height":520},{"@type":"BreadcrumbList","@id":"https:\/\/www.anima-productions.com\/_clients\/faiteslire\/infos-pratiques\/#breadcrumb","itemListElement":[{"@type":"ListItem","position":1,"name":"Accueil","item":"https:\/\/www.anima-productions.com\/_clients\/faiteslire\/"},{"@type":"ListItem","position":2,"name":"Infos pratiques : acc\u00e8s et horaires"}]},{"@type":"WebSite","@id":"https:\/\/www.anima-productions.com\/_clients\/faiteslire\/#website","url":"https:\/\/www.anima-productions.com\/_clients\/faiteslire\/","name":"Faites lire !","description":"La f\u00eate de la lecture | Le Mans","potentialAction":[{"@type":"SearchAction","target":{"@type":"EntryPoint","urlTemplate":"https:\/\/www.anima-productions.com\/_clients\/faiteslire\/?s={search_term_string}"},"query-input":{"@type":"PropertyValueSpecification","valueRequired":true,"valueName":"search_term_string"}}],"inLanguage":"fr-FR"}]}},"_links":{"self":[{"href":"https:\/\/www.anima-productions.com\/_clients\/faiteslire\/wp-json\/wp\/v2\/pages\/782","targetHints":{"allow":["GET"]}}],"collection":[{"href":"https:\/\/www.anima-productions.com\/_clients\/faiteslire\/wp-json\/wp\/v2\/pages"}],"about":[{"href":"https:\/\/www.anima-productions.com\/_clients\/faiteslire\/wp-json\/wp\/v2\/types\/page"}],"author":[{"embeddable":true,"href":"https:\/\/www.anima-productions.com\/_clients\/faiteslire\/wp-json\/wp\/v2\/users\/1"}],"replies":[{"embeddable":true,"href":"https:\/\/www.anima-productions.com\/_clients\/faiteslire\/wp-json\/wp\/v2\/comments?post=782"}],"version-history":[{"count":6,"href":"https:\/\/www.anima-productions.com\/_clients\/faiteslire\/wp-json\/wp\/v2\/pages\/782\/revisions"}],"predecessor-version":[{"id":2137,"href":"https:\/\/www.anima-productions.com\/_clients\/faiteslire\/wp-json\/wp\/v2\/pages\/782\/revisions\/2137"}],"wp:attachment":[{"href":"https:\/\/www.anima-productions.com\/_clients\/faiteslire\/wp-json\/wp\/v2\/media?parent=782"}],"curies":[{"name":"wp","href":"https:\/\/api.w.org\/{rel}","templated":true}]}}

Infos pratiques : accès et horaires

<div class="FL26_ENCADRE"><p><strong>La grande majorité des évènements et l&rsquo;entrée au salon sont gratuits</strong>.</p>
</div>

<div class="FL26_CHAPEAU"></div>


<h2 class="wp-block-heading">Animations</h2>



<p class="wp-block-paragraph">L&rsquo;horaire et le lieu de chaque évènement est précisé dans le programme. Certains rendez-vous sont en entrée libre, d&rsquo;autres sur réservation même s&rsquo;ils sont gratuits.</p>



<p class="wp-block-paragraph">Tous les évènements sont accessibles en transports en commun : bus ou tramway. <a href="https://www.setram.fr/fr/">Plus d&rsquo;information sur le réseau Setram</a>.</p>



<figure class="wp-block-image size-full"><img loading="lazy" decoding="async" width="800" height="520" src="https://www.anima-productions.com/_clients/faiteslire/wp-content/uploads/2026/08/FaitesLire-tram.webp" alt="" class="wp-image-2018" srcset="https://www.anima-productions.com/_clients/faiteslire/wp-content/uploads/2026/08/FaitesLire-tram.webp 800w, https://www.anima-productions.com/_clients/faiteslire/wp-content/uploads/2026/08/FaitesLire-tram-300x195.webp 300w, https://www.anima-productions.com/_clients/faiteslire/wp-content/uploads/2026/08/FaitesLire-tram-5x3.webp 5w, https://www.anima-productions.com/_clients/faiteslire/wp-content/uploads/2026/08/FaitesLire-tram-768x499.webp 768w" sizes="auto, (max-width: 800px) 100vw, 800px" /></figure>



<div class="FL26_CONTENT_BLOCK"  style="text-align:left; padding:30px 0px;" ><a  href="https://www.anima-productions.com/_clients/faiteslire/tout-le-programme/"  class="FL26_CTA">Programme de la semaine</a></div>


<h2 class="wp-block-heading">Salon du livre</h2>



<p class="wp-block-paragraph">Le salon du livre se tient le samedi et dimanche sur deux espaces accessibles en tramway : place de la République et place des Jacobins.</p>



<h3 class="wp-block-heading">Horaires du salon</h3>



<ul class="wp-block-list">
<li>Samedi de 10h à 19h</li>



<li>Dimanche de 10h à 18h</li>
</ul>



<p class="wp-block-paragraph">Les dates et horaires de présence des auteurs sont indiqués sur leur fiche. <a href="https://www.anima-productions.com/_clients/faiteslire/tous-les-auteurs/" data-type="page" data-id="763">Les auteurs et autrices</a> sont néanmoins susceptibles d&rsquo;être absents de leur stand pour repas ou besoin personnel.</p>



<p class="wp-block-paragraph"></p>

<p>Animations L&rsquo;horaire et le lieu de chaque évènement est précisé dans le programme. Certains rendez-vous sont en entrée libre, d&rsquo;autres sur réservation même s&rsquo;ils sont gratuits. Tous les évènements sont accessibles en transports en commun : bus ou tramway. Plus d&rsquo;information sur le réseau Setram. Salon du livre Le salon du livre se tient le&hellip; <a class="more-link" href="https://www.anima-productions.com/_clients/faiteslire/infos-pratiques/">Poursuivre la lecture <span class="screen-reader-text">Infos pratiques : accès et horaires</span></a></p>

<!-- This site is optimized with the Yoast SEO plugin v28.3 - https://yoast.com/product/yoast-seo-wordpress/ -->
<title>Infos pratiques : accès et horaires - Faites lire !</title>
<meta name="description" content="Toutes les infos pratiques pour venir au festival et assister aux animations et au salon du livre." />
<meta name="robots" content="noindex, follow, max-snippet:-1, max-image-preview:large, max-video-preview:-1" />
<meta property="og:locale" content="fr_FR" />
<meta property="og:type" content="article" />
<meta property="og:title" content="Infos pratiques : accès et horaires - Faites lire !" />
<meta property="og:description" content="Toutes les infos pratiques pour venir au festival et assister aux animations et au salon du livre." />
<meta property="og:url" content="https://www.anima-productions.com/_clients/faiteslire/infos-pratiques/" />
<meta property="og:site_name" content="Faites lire !" />
<meta property="article:modified_time" content="2026-08-28T14:01:46+00:00" />
<meta property="og:image" content="https://www.anima-productions.com/_clients/faiteslire/wp-content/uploads/2026/08/FaitesLire-tram.webp" />
	<meta property="og:image:width" content="800" />
	<meta property="og:image:height" content="520" />
	<meta property="og:image:type" content="image/webp" />
<meta name="twitter:card" content="summary_large_image" />
<meta name="twitter:label1" content="Durée de lecture estimée" />
	<meta name="twitter:data1" content="1 minute" />
<script type="application/ld+json" class="yoast-schema-graph">{"@context":"https:\/\/schema.org","@graph":[{"@type":"WebPage","@id":"https:\/\/www.anima-productions.com\/_clients\/faiteslire\/infos-pratiques\/","url":"https:\/\/www.anima-productions.com\/_clients\/faiteslire\/infos-pratiques\/","name":"Infos pratiques : accès et horaires - Faites lire !","isPartOf":{"@id":"https:\/\/www.anima-productions.com\/_clients\/faiteslire\/#website"},"primaryImageOfPage":{"@id":"https:\/\/www.anima-productions.com\/_clients\/faiteslire\/infos-pratiques\/#primaryimage"},"image":{"@id":"https:\/\/www.anima-productions.com\/_clients\/faiteslire\/infos-pratiques\/#primaryimage"},"thumbnailUrl":"https:\/\/www.anima-productions.com\/_clients\/faiteslire\/wp-content\/uploads\/2026\/08\/FaitesLire-tram.webp","datePublished":"2026-07-21T12:19:35+00:00","dateModified":"2026-08-28T14:01:46+00:00","description":"Toutes les infos pratiques pour venir au festival et assister aux animations et au salon du livre.","breadcrumb":{"@id":"https:\/\/www.anima-productions.com\/_clients\/faiteslire\/infos-pratiques\/#breadcrumb"},"inLanguage":"fr-FR","potentialAction":[{"@type":"ReadAction","target":["https:\/\/www.anima-productions.com\/_clients\/faiteslire\/infos-pratiques\/"]}]},{"@type":"ImageObject","inLanguage":"fr-FR","@id":"https:\/\/www.anima-productions.com\/_clients\/faiteslire\/infos-pratiques\/#primaryimage","url":"https:\/\/www.anima-productions.com\/_clients\/faiteslire\/wp-content\/uploads\/2026\/08\/FaitesLire-tram.webp","contentUrl":"https:\/\/www.anima-productions.com\/_clients\/faiteslire\/wp-content\/uploads\/2026\/08\/FaitesLire-tram.webp","width":800,"height":520},{"@type":"BreadcrumbList","@id":"https:\/\/www.anima-productions.com\/_clients\/faiteslire\/infos-pratiques\/#breadcrumb","itemListElement":[{"@type":"ListItem","position":1,"name":"Accueil","item":"https:\/\/www.anima-productions.com\/_clients\/faiteslire\/"},{"@type":"ListItem","position":2,"name":"Infos pratiques : accès et horaires"}]},{"@type":"WebSite","@id":"https:\/\/www.anima-productions.com\/_clients\/faiteslire\/#website","url":"https:\/\/www.anima-productions.com\/_clients\/faiteslire\/","name":"Faites lire !","description":"La fête de la lecture | Le Mans","potentialAction":[{"@type":"SearchAction","target":{"@type":"EntryPoint","urlTemplate":"https:\/\/www.anima-productions.com\/_clients\/faiteslire\/?s={search_term_string}"},"query-input":{"@type":"PropertyValueSpecification","valueRequired":true,"valueName":"search_term_string"}}],"inLanguage":"fr-FR"}]}</script>
<!-- / Yoast SEO plugin. -->

Infos pratiques : accès et horaires - Faites lire !

La fête de la lecture | Le Mans
