{"id":788,"date":"2026-07-21T14:20:11","date_gmt":"2026-07-21T12:20:11","guid":{"rendered":"https:\/\/www.anima-productions.com\/_clients\/faiteslire\/?page_id=788"},"modified":"2026-08-27T20:47:05","modified_gmt":"2026-08-27T18:47:05","slug":"presse","status":"publish","type":"page","link":"https:\/\/www.anima-productions.com\/_clients\/faiteslire\/presse\/","title":{"rendered":"Presse"},"content":{"rendered":"\n<h2 class=\"wp-block-heading\">Contact presse<\/h2>\n\n\n\n<p class=\"wp-block-paragraph\">Pour toute demande li\u00e9e \u00e0 votre activit\u00e9 de presse pour le festival <em>Faites-Lire.<\/em><\/p>\n\n\n\n<p class=\"wp-block-paragraph\"><strong>J\u00e9r\u00f4me Legrand<br><\/strong>Directeur adjoint &#8211; Cabinet du Maire du Mans<br><a href=\"tel:+33243473601\" data-type=\"tel\" data-id=\"tel:+33243473601\">02 43 47 36 01<\/a><br><a href=\"mailto:jerome.legrand@lemans.fr\" data-type=\"mailto\" data-id=\"mailto:jerome.legrand@lemans.fr\">Email<\/a><\/p>\n\n\n\n<h2 class=\"wp-block-heading\">Communiqu\u00e9\/Dossier de presse<\/h2>\n\n\n\n<p class=\"wp-block-paragraph\"><\/p>\n\n\n\n<h2 class=\"wp-block-heading\">Communication<\/h2>\n\n\n\n<p class=\"wp-block-paragraph\">Pour vos publications sur les r\u00e9seaux sociaux vous pouvez identifier le compte @ofcourselemans et utiliser le #faiteslire. <\/p>\n","protected":false},"excerpt":{"rendered":"<p>Contact presse Pour toute demande li\u00e9e \u00e0 votre activit\u00e9 de presse pour le festival Faites-Lire. J\u00e9r\u00f4me LegrandDirecteur adjoint &#8211; Cabinet du Maire du Mans02 43 47 36 01Email Communiqu\u00e9\/Dossier de presse Communication Pour vos publications sur les r\u00e9seaux sociaux vous pouvez identifier le compte @ofcourselemans et utiliser le #faiteslire.<\/p>\n","protected":false},"author":1,"featured_media":0,"parent":0,"menu_order":0,"comment_status":"closed","ping_status":"closed","template":"","meta":{"_acf_changed":false,"footnotes":""},"class_list":["post-788","page","type-page","status-publish","hentry","entry"],"acf":[],"yoast_head":"<!-- This site is optimized with the Yoast SEO plugin v28.3 - https:\/\/yoast.com\/product\/yoast-seo-wordpress\/ -->\n<title>Presse - Faites lire !<\/title>\n<meta name=\"robots\" content=\"noindex, follow, max-snippet:-1, max-image-preview:large, max-video-preview:-1\" \/>\n<meta property=\"og:locale\" content=\"fr_FR\" \/>\n<meta property=\"og:type\" content=\"article\" \/>\n<meta property=\"og:title\" content=\"Presse - Faites lire !\" \/>\n<meta property=\"og:description\" content=\"Contact presse Pour toute demande li\u00e9e \u00e0 votre activit\u00e9 de presse pour le festival Faites-Lire. J\u00e9r\u00f4me LegrandDirecteur adjoint &#8211; Cabinet du Maire du Mans02 43 47 36 01Email Communiqu\u00e9\/Dossier de presse Communication Pour vos publications sur les r\u00e9seaux sociaux vous pouvez identifier le compte @ofcourselemans et utiliser le #faiteslire.\" \/>\n<meta property=\"og:url\" content=\"https:\/\/www.anima-productions.com\/_clients\/faiteslire\/presse\/\" \/>\n<meta property=\"og:site_name\" content=\"Faites lire !\" \/>\n<meta property=\"article:modified_time\" content=\"2026-08-27T18:47:05+00:00\" \/>\n<meta name=\"twitter:card\" content=\"summary_large_image\" \/>\n<meta name=\"twitter:label1\" content=\"Dur\u00e9e de lecture estim\u00e9e\" \/>\n\t<meta name=\"twitter:data1\" content=\"1 minute\" \/>\n<script type=\"application\/ld+json\" class=\"yoast-schema-graph\">{\"@context\":\"https:\\\/\\\/schema.org\",\"@graph\":[{\"@type\":\"WebPage\",\"@id\":\"https:\\\/\\\/www.anima-productions.com\\\/_clients\\\/faiteslire\\\/presse\\\/\",\"url\":\"https:\\\/\\\/www.anima-productions.com\\\/_clients\\\/faiteslire\\\/presse\\\/\",\"name\":\"Presse - Faites lire !\",\"isPartOf\":{\"@id\":\"https:\\\/\\\/www.anima-productions.com\\\/_clients\\\/faiteslire\\\/#website\"},\"datePublished\":\"2026-07-21T12:20:11+00:00\",\"dateModified\":\"2026-08-27T18:47:05+00:00\",\"breadcrumb\":{\"@id\":\"https:\\\/\\\/www.anima-productions.com\\\/_clients\\\/faiteslire\\\/presse\\\/#breadcrumb\"},\"inLanguage\":\"fr-FR\",\"potentialAction\":[{\"@type\":\"ReadAction\",\"target\":[\"https:\\\/\\\/www.anima-productions.com\\\/_clients\\\/faiteslire\\\/presse\\\/\"]}]},{\"@type\":\"BreadcrumbList\",\"@id\":\"https:\\\/\\\/www.anima-productions.com\\\/_clients\\\/faiteslire\\\/presse\\\/#breadcrumb\",\"itemListElement\":[{\"@type\":\"ListItem\",\"position\":1,\"name\":\"Accueil\",\"item\":\"https:\\\/\\\/www.anima-productions.com\\\/_clients\\\/faiteslire\\\/\"},{\"@type\":\"ListItem\",\"position\":2,\"name\":\"Presse\"}]},{\"@type\":\"WebSite\",\"@id\":\"https:\\\/\\\/www.anima-productions.com\\\/_clients\\\/faiteslire\\\/#website\",\"url\":\"https:\\\/\\\/www.anima-productions.com\\\/_clients\\\/faiteslire\\\/\",\"name\":\"Faites lire !\",\"description\":\"La f\u00eate de la lecture | Le Mans\",\"potentialAction\":[{\"@type\":\"SearchAction\",\"target\":{\"@type\":\"EntryPoint\",\"urlTemplate\":\"https:\\\/\\\/www.anima-productions.com\\\/_clients\\\/faiteslire\\\/?s={search_term_string}\"},\"query-input\":{\"@type\":\"PropertyValueSpecification\",\"valueRequired\":true,\"valueName\":\"search_term_string\"}}],\"inLanguage\":\"fr-FR\"}]}<\/script>\n<!-- \/ Yoast SEO plugin. -->","yoast_head_json":{"title":"Presse - Faites lire !","robots":{"index":"noindex","follow":"follow","max-snippet":"max-snippet:-1","max-image-preview":"max-image-preview:large","max-video-preview":"max-video-preview:-1"},"og_locale":"fr_FR","og_type":"article","og_title":"Presse - Faites lire !","og_description":"Contact presse Pour toute demande li\u00e9e \u00e0 votre activit\u00e9 de presse pour le festival Faites-Lire. J\u00e9r\u00f4me LegrandDirecteur adjoint &#8211; Cabinet du Maire du Mans02 43 47 36 01Email Communiqu\u00e9\/Dossier de presse Communication Pour vos publications sur les r\u00e9seaux sociaux vous pouvez identifier le compte @ofcourselemans et utiliser le #faiteslire.","og_url":"https:\/\/www.anima-productions.com\/_clients\/faiteslire\/presse\/","og_site_name":"Faites lire !","article_modified_time":"2026-08-27T18:47:05+00:00","twitter_card":"summary_large_image","twitter_misc":{"Dur\u00e9e de lecture estim\u00e9e":"1 minute"},"schema":{"@context":"https:\/\/schema.org","@graph":[{"@type":"WebPage","@id":"https:\/\/www.anima-productions.com\/_clients\/faiteslire\/presse\/","url":"https:\/\/www.anima-productions.com\/_clients\/faiteslire\/presse\/","name":"Presse - Faites lire !","isPartOf":{"@id":"https:\/\/www.anima-productions.com\/_clients\/faiteslire\/#website"},"datePublished":"2026-07-21T12:20:11+00:00","dateModified":"2026-08-27T18:47:05+00:00","breadcrumb":{"@id":"https:\/\/www.anima-productions.com\/_clients\/faiteslire\/presse\/#breadcrumb"},"inLanguage":"fr-FR","potentialAction":[{"@type":"ReadAction","target":["https:\/\/www.anima-productions.com\/_clients\/faiteslire\/presse\/"]}]},{"@type":"BreadcrumbList","@id":"https:\/\/www.anima-productions.com\/_clients\/faiteslire\/presse\/#breadcrumb","itemListElement":[{"@type":"ListItem","position":1,"name":"Accueil","item":"https:\/\/www.anima-productions.com\/_clients\/faiteslire\/"},{"@type":"ListItem","position":2,"name":"Presse"}]},{"@type":"WebSite","@id":"https:\/\/www.anima-productions.com\/_clients\/faiteslire\/#website","url":"https:\/\/www.anima-productions.com\/_clients\/faiteslire\/","name":"Faites lire !","description":"La f\u00eate de la lecture | Le Mans","potentialAction":[{"@type":"SearchAction","target":{"@type":"EntryPoint","urlTemplate":"https:\/\/www.anima-productions.com\/_clients\/faiteslire\/?s={search_term_string}"},"query-input":{"@type":"PropertyValueSpecification","valueRequired":true,"valueName":"search_term_string"}}],"inLanguage":"fr-FR"}]}},"_links":{"self":[{"href":"https:\/\/www.anima-productions.com\/_clients\/faiteslire\/wp-json\/wp\/v2\/pages\/788","targetHints":{"allow":["GET"]}}],"collection":[{"href":"https:\/\/www.anima-productions.com\/_clients\/faiteslire\/wp-json\/wp\/v2\/pages"}],"about":[{"href":"https:\/\/www.anima-productions.com\/_clients\/faiteslire\/wp-json\/wp\/v2\/types\/page"}],"author":[{"embeddable":true,"href":"https:\/\/www.anima-productions.com\/_clients\/faiteslire\/wp-json\/wp\/v2\/users\/1"}],"replies":[{"embeddable":true,"href":"https:\/\/www.anima-productions.com\/_clients\/faiteslire\/wp-json\/wp\/v2\/comments?post=788"}],"version-history":[{"count":6,"href":"https:\/\/www.anima-productions.com\/_clients\/faiteslire\/wp-json\/wp\/v2\/pages\/788\/revisions"}],"predecessor-version":[{"id":2063,"href":"https:\/\/www.anima-productions.com\/_clients\/faiteslire\/wp-json\/wp\/v2\/pages\/788\/revisions\/2063"}],"wp:attachment":[{"href":"https:\/\/www.anima-productions.com\/_clients\/faiteslire\/wp-json\/wp\/v2\/media?parent=788"}],"curies":[{"name":"wp","href":"https:\/\/api.w.org\/{rel}","templated":true}]}}

<h2 class="wp-block-heading">Contact presse</h2>



<p class="wp-block-paragraph">Pour toute demande liée à votre activité de presse pour le festival <em>Faites-Lire.</em></p>



<p class="wp-block-paragraph"><strong>Jérôme Legrand<br></strong>Directeur adjoint &#8211; Cabinet du Maire du Mans<br><a href="tel:+33243473601" data-type="tel" data-id="tel:+33243473601">02 43 47 36 01</a><br><a href="mailto:jerome.legrand@lemans.fr" data-type="mailto" data-id="mailto:jerome.legrand@lemans.fr">Email</a></p>



<h2 class="wp-block-heading">Communiqué/Dossier de presse</h2>



<p class="wp-block-paragraph"></p>



<h2 class="wp-block-heading">Communication</h2>



<p class="wp-block-paragraph">Pour vos publications sur les réseaux sociaux vous pouvez identifier le compte @ofcourselemans et utiliser le #faiteslire. </p>

<p>Contact presse Pour toute demande liée à votre activité de presse pour le festival Faites-Lire. Jérôme LegrandDirecteur adjoint &#8211; Cabinet du Maire du Mans02 43 47 36 01Email Communiqué/Dossier de presse Communication Pour vos publications sur les réseaux sociaux vous pouvez identifier le compte @ofcourselemans et utiliser le #faiteslire.</p>

<!-- This site is optimized with the Yoast SEO plugin v28.3 - https://yoast.com/product/yoast-seo-wordpress/ -->
<title>Presse - Faites lire !</title>
<meta name="robots" content="noindex, follow, max-snippet:-1, max-image-preview:large, max-video-preview:-1" />
<meta property="og:locale" content="fr_FR" />
<meta property="og:type" content="article" />
<meta property="og:title" content="Presse - Faites lire !" />
<meta property="og:description" content="Contact presse Pour toute demande liée à votre activité de presse pour le festival Faites-Lire. Jérôme LegrandDirecteur adjoint &#8211; Cabinet du Maire du Mans02 43 47 36 01Email Communiqué/Dossier de presse Communication Pour vos publications sur les réseaux sociaux vous pouvez identifier le compte @ofcourselemans et utiliser le #faiteslire." />
<meta property="og:url" content="https://www.anima-productions.com/_clients/faiteslire/presse/" />
<meta property="og:site_name" content="Faites lire !" />
<meta property="article:modified_time" content="2026-08-27T18:47:05+00:00" />
<meta name="twitter:card" content="summary_large_image" />
<meta name="twitter:label1" content="Durée de lecture estimée" />
	<meta name="twitter:data1" content="1 minute" />
<script type="application/ld+json" class="yoast-schema-graph">{"@context":"https:\/\/schema.org","@graph":[{"@type":"WebPage","@id":"https:\/\/www.anima-productions.com\/_clients\/faiteslire\/presse\/","url":"https:\/\/www.anima-productions.com\/_clients\/faiteslire\/presse\/","name":"Presse - Faites lire !","isPartOf":{"@id":"https:\/\/www.anima-productions.com\/_clients\/faiteslire\/#website"},"datePublished":"2026-07-21T12:20:11+00:00","dateModified":"2026-08-27T18:47:05+00:00","breadcrumb":{"@id":"https:\/\/www.anima-productions.com\/_clients\/faiteslire\/presse\/#breadcrumb"},"inLanguage":"fr-FR","potentialAction":[{"@type":"ReadAction","target":["https:\/\/www.anima-productions.com\/_clients\/faiteslire\/presse\/"]}]},{"@type":"BreadcrumbList","@id":"https:\/\/www.anima-productions.com\/_clients\/faiteslire\/presse\/#breadcrumb","itemListElement":[{"@type":"ListItem","position":1,"name":"Accueil","item":"https:\/\/www.anima-productions.com\/_clients\/faiteslire\/"},{"@type":"ListItem","position":2,"name":"Presse"}]},{"@type":"WebSite","@id":"https:\/\/www.anima-productions.com\/_clients\/faiteslire\/#website","url":"https:\/\/www.anima-productions.com\/_clients\/faiteslire\/","name":"Faites lire !","description":"La fête de la lecture | Le Mans","potentialAction":[{"@type":"SearchAction","target":{"@type":"EntryPoint","urlTemplate":"https:\/\/www.anima-productions.com\/_clients\/faiteslire\/?s={search_term_string}"},"query-input":{"@type":"PropertyValueSpecification","valueRequired":true,"valueName":"search_term_string"}}],"inLanguage":"fr-FR"}]}</script>
<!-- / Yoast SEO plugin. -->

Contact presse Pour toute demande liée à votre activité de presse pour le festival Faites-Lire. Jérôme LegrandDirecteur adjoint &#8211; Cabinet du Maire du Mans02 43 47 36 01Email Communiqué/Dossier de presse Communication Pour vos publications sur les réseaux sociaux vous pouvez identifier le compte @ofcourselemans et utiliser le #faiteslire.

La fête de la lecture | Le Mans
