{"id":823,"date":"2026-07-22T10:37:08","date_gmt":"2026-07-22T08:37:08","guid":{"rendered":"https:\/\/www.anima-productions.com\/_clients\/faiteslire\/?page_id=823"},"modified":"2026-08-20T09:57:46","modified_gmt":"2026-08-20T07:57:46","slug":"mentions-legales","status":"publish","type":"page","link":"https:\/\/www.anima-productions.com\/_clients\/faiteslire\/mentions-legales\/","title":{"rendered":"Mentions l\u00e9gales"},"content":{"rendered":"\n<h2 class=\"wp-block-heading\">Direction de la publication<\/h2>\n\n\n\n<p class=\"wp-block-paragraph\">M.St\u00e9phane le Foll, maire de la Ville du Mans et pr\u00e9sident de Le Mans M\u00e9tropole.<\/p>\n\n\n\n<p class=\"wp-block-paragraph\"><strong>Ville du Mans \u2013 Place Saint-Pierre<\/strong><br>CS 40010 \u2013 72039 Le Mans Cedex 9<br>T\u00e9l. 0243474747<\/p>\n\n\n\n<h2 class=\"wp-block-heading\">H\u00e9bergement<\/h2>\n\n\n\n<p class=\"wp-block-paragraph\"><strong>OVH<\/strong><br>2 rue Kellermann \u2013 59100 Roubaix \u2013 France<br><a href=\"http:\/\/www.ovh.com\/fr\/support\" target=\"_blank\" rel=\"noopener\">http:\/\/www.ovh.com\/fr\/support<\/a><\/p>\n\n\n\n<h2 class=\"wp-block-heading\">Conception \/ production<\/h2>\n\n\n\n<p class=\"wp-block-paragraph\"><strong>Anima Productions<\/strong><br>4, rue d\u2019Alger 44100 \u2014 Nantes<br><a href=\"https:\/\/www.animaproductions.com\" target=\"_blank\" rel=\"noopener\">www.animaproductions.com<\/a><br>T.02 51 84 05 76<\/p>\n\n\n\n<h2 class=\"wp-block-heading\">Droits d&rsquo;auteur et copyright<\/h2>\n\n\n\n<p class=\"wp-block-paragraph\">L&rsquo;ensemble des contenus de ce site \u2013 <strong>textes, images, pictogrammes, logotypes<\/strong> \u2013 est propri\u00e9t\u00e9 de la Ville du Mans ou de tiers qui ont octroy\u00e9 un droit d\u2019utilisation \u00e0 la collectivit\u00e9.<\/p>\n\n\n\n<p class=\"wp-block-paragraph\">En application du Code de la propri\u00e9t\u00e9 intellectuelle, toute reproduction partielle ou totale d&rsquo;un de ces \u00e9l\u00e9ments sans l&rsquo;autorisation explicite \u00e9crite de la Ville du Mans est interdite et constitue un <strong>d\u00e9lit de contrefa\u00e7on<\/strong> passible de poursuites.<\/p>\n\n\n\n<h2 class=\"wp-block-heading\">Cookies et donn\u00e9es personnelles<\/h2>\n\n\n\n<h3 class=\"wp-block-heading\">Gestion des cookies<\/h3>\n\n\n\n<p class=\"wp-block-paragraph\">Le pr\u00e9sent site utilise des cookies pour am\u00e9liorer votre exp\u00e9rience de navigation :<\/p>\n\n\n\n<ul class=\"wp-block-list\">\n<li>les cookies n\u00e9cessaires au fonctionnement du site<\/li>\n\n\n\n<li>les cookies de mesure d&rsquo;audience de l&rsquo;outil Matomo, permettant de recueillir des informations sur votre navigation, vos recherches etc.<\/li>\n\n\n\n<li>les cookies d\u00e9pos\u00e9s par des tiers au cours de votre navigation, au visionnage d&rsquo;une vid\u00e9o YouTube ou de consultation du plan de la page acc\u00e8s et horaires<\/li>\n<\/ul>\n\n\n\n<h3 class=\"wp-block-heading\">Protection des donn\u00e9es personnelles<\/h3>\n\n\n\n<p class=\"wp-block-paragraph\">Les donn\u00e9es personnelles recueillies sur ce site r\u00e9sultent de la <strong>communication volontaire<\/strong>\u00a0d&rsquo;une adresse \u00e9lectronique ou de donn\u00e9es saisies dans d&rsquo;un formulaire. Ces \u00e9l\u00e9ments ne sont utilis\u00e9s que pour satisfaire une demande ou finaliser une formalit\u00e9.<\/p>\n\n\n\n<p class=\"wp-block-paragraph\">Retrouvez toutes les informations sp\u00e9cifiques et contact <a href=\"https:\/\/www.anima-productions.com\/_clients\/faiteslire\/donnees-personnelles\/\" data-type=\"page\" data-id=\"825\">sur la page d\u00e9di\u00e9e aux donn\u00e9es personnelles<\/a>.<\/p>\n","protected":false},"excerpt":{"rendered":"<p>Direction de la publication M.St\u00e9phane le Foll, maire de la Ville du Mans et pr\u00e9sident de Le Mans M\u00e9tropole. Ville du Mans \u2013 Place Saint-PierreCS 40010 \u2013 72039 Le Mans Cedex 9T\u00e9l. 0243474747 H\u00e9bergement OVH2 rue Kellermann \u2013 59100 Roubaix \u2013 Francehttp:\/\/www.ovh.com\/fr\/support Conception \/ production Anima Productions4, rue d\u2019Alger 44100 \u2014 Nanteswww.animaproductions.comT.02 51 84 05&hellip; <a class=\"more-link\" href=\"https:\/\/www.anima-productions.com\/_clients\/faiteslire\/mentions-legales\/\">Poursuivre la lecture <span class=\"screen-reader-text\">Mentions l\u00e9gales<\/span><\/a><\/p>\n","protected":false},"author":1,"featured_media":0,"parent":0,"menu_order":0,"comment_status":"closed","ping_status":"closed","template":"","meta":{"_acf_changed":false,"footnotes":""},"class_list":["post-823","page","type-page","status-publish","hentry","entry"],"acf":[],"yoast_head":"<!-- This site is optimized with the Yoast SEO plugin v28.3 - https:\/\/yoast.com\/product\/yoast-seo-wordpress\/ -->\n<title>Mentions l\u00e9gales - Faites lire !<\/title>\n<meta name=\"robots\" content=\"noindex, follow, max-snippet:-1, max-image-preview:large, max-video-preview:-1\" \/>\n<meta property=\"og:locale\" content=\"fr_FR\" \/>\n<meta property=\"og:type\" content=\"article\" \/>\n<meta property=\"og:title\" content=\"Mentions l\u00e9gales - Faites lire !\" \/>\n<meta property=\"og:description\" content=\"Direction de la publication M.St\u00e9phane le Foll, maire de la Ville du Mans et pr\u00e9sident de Le Mans M\u00e9tropole. Ville du Mans \u2013 Place Saint-PierreCS 40010 \u2013 72039 Le Mans Cedex 9T\u00e9l. 0243474747 H\u00e9bergement OVH2 rue Kellermann \u2013 59100 Roubaix \u2013 Francehttp:\/\/www.ovh.com\/fr\/support Conception \/ production Anima Productions4, rue d\u2019Alger 44100 \u2014 Nanteswww.animaproductions.comT.02 51 84 05&hellip; Poursuivre la lecture Mentions l\u00e9gales\" \/>\n<meta property=\"og:url\" content=\"https:\/\/www.anima-productions.com\/_clients\/faiteslire\/mentions-legales\/\" \/>\n<meta property=\"og:site_name\" content=\"Faites lire !\" \/>\n<meta property=\"article:modified_time\" content=\"2026-08-20T07:57:46+00:00\" \/>\n<meta name=\"twitter:card\" content=\"summary_large_image\" \/>\n<meta name=\"twitter:label1\" content=\"Dur\u00e9e de lecture estim\u00e9e\" \/>\n\t<meta name=\"twitter:data1\" content=\"1 minute\" \/>\n<script type=\"application\/ld+json\" class=\"yoast-schema-graph\">{\"@context\":\"https:\\\/\\\/schema.org\",\"@graph\":[{\"@type\":\"WebPage\",\"@id\":\"https:\\\/\\\/www.anima-productions.com\\\/_clients\\\/faiteslire\\\/mentions-legales\\\/\",\"url\":\"https:\\\/\\\/www.anima-productions.com\\\/_clients\\\/faiteslire\\\/mentions-legales\\\/\",\"name\":\"Mentions l\u00e9gales - Faites lire !\",\"isPartOf\":{\"@id\":\"https:\\\/\\\/www.anima-productions.com\\\/_clients\\\/faiteslire\\\/#website\"},\"datePublished\":\"2026-07-22T08:37:08+00:00\",\"dateModified\":\"2026-08-20T07:57:46+00:00\",\"breadcrumb\":{\"@id\":\"https:\\\/\\\/www.anima-productions.com\\\/_clients\\\/faiteslire\\\/mentions-legales\\\/#breadcrumb\"},\"inLanguage\":\"fr-FR\",\"potentialAction\":[{\"@type\":\"ReadAction\",\"target\":[\"https:\\\/\\\/www.anima-productions.com\\\/_clients\\\/faiteslire\\\/mentions-legales\\\/\"]}]},{\"@type\":\"BreadcrumbList\",\"@id\":\"https:\\\/\\\/www.anima-productions.com\\\/_clients\\\/faiteslire\\\/mentions-legales\\\/#breadcrumb\",\"itemListElement\":[{\"@type\":\"ListItem\",\"position\":1,\"name\":\"Accueil\",\"item\":\"https:\\\/\\\/www.anima-productions.com\\\/_clients\\\/faiteslire\\\/\"},{\"@type\":\"ListItem\",\"position\":2,\"name\":\"Mentions l\u00e9gales\"}]},{\"@type\":\"WebSite\",\"@id\":\"https:\\\/\\\/www.anima-productions.com\\\/_clients\\\/faiteslire\\\/#website\",\"url\":\"https:\\\/\\\/www.anima-productions.com\\\/_clients\\\/faiteslire\\\/\",\"name\":\"Faites lire !\",\"description\":\"La f\u00eate de la lecture | Le Mans\",\"potentialAction\":[{\"@type\":\"SearchAction\",\"target\":{\"@type\":\"EntryPoint\",\"urlTemplate\":\"https:\\\/\\\/www.anima-productions.com\\\/_clients\\\/faiteslire\\\/?s={search_term_string}\"},\"query-input\":{\"@type\":\"PropertyValueSpecification\",\"valueRequired\":true,\"valueName\":\"search_term_string\"}}],\"inLanguage\":\"fr-FR\"}]}<\/script>\n<!-- \/ Yoast SEO plugin. -->","yoast_head_json":{"title":"Mentions l\u00e9gales - Faites lire !","robots":{"index":"noindex","follow":"follow","max-snippet":"max-snippet:-1","max-image-preview":"max-image-preview:large","max-video-preview":"max-video-preview:-1"},"og_locale":"fr_FR","og_type":"article","og_title":"Mentions l\u00e9gales - Faites lire !","og_description":"Direction de la publication M.St\u00e9phane le Foll, maire de la Ville du Mans et pr\u00e9sident de Le Mans M\u00e9tropole. Ville du Mans \u2013 Place Saint-PierreCS 40010 \u2013 72039 Le Mans Cedex 9T\u00e9l. 0243474747 H\u00e9bergement OVH2 rue Kellermann \u2013 59100 Roubaix \u2013 Francehttp:\/\/www.ovh.com\/fr\/support Conception \/ production Anima Productions4, rue d\u2019Alger 44100 \u2014 Nanteswww.animaproductions.comT.02 51 84 05&hellip; Poursuivre la lecture Mentions l\u00e9gales","og_url":"https:\/\/www.anima-productions.com\/_clients\/faiteslire\/mentions-legales\/","og_site_name":"Faites lire !","article_modified_time":"2026-08-20T07:57:46+00:00","twitter_card":"summary_large_image","twitter_misc":{"Dur\u00e9e de lecture estim\u00e9e":"1 minute"},"schema":{"@context":"https:\/\/schema.org","@graph":[{"@type":"WebPage","@id":"https:\/\/www.anima-productions.com\/_clients\/faiteslire\/mentions-legales\/","url":"https:\/\/www.anima-productions.com\/_clients\/faiteslire\/mentions-legales\/","name":"Mentions l\u00e9gales - Faites lire !","isPartOf":{"@id":"https:\/\/www.anima-productions.com\/_clients\/faiteslire\/#website"},"datePublished":"2026-07-22T08:37:08+00:00","dateModified":"2026-08-20T07:57:46+00:00","breadcrumb":{"@id":"https:\/\/www.anima-productions.com\/_clients\/faiteslire\/mentions-legales\/#breadcrumb"},"inLanguage":"fr-FR","potentialAction":[{"@type":"ReadAction","target":["https:\/\/www.anima-productions.com\/_clients\/faiteslire\/mentions-legales\/"]}]},{"@type":"BreadcrumbList","@id":"https:\/\/www.anima-productions.com\/_clients\/faiteslire\/mentions-legales\/#breadcrumb","itemListElement":[{"@type":"ListItem","position":1,"name":"Accueil","item":"https:\/\/www.anima-productions.com\/_clients\/faiteslire\/"},{"@type":"ListItem","position":2,"name":"Mentions l\u00e9gales"}]},{"@type":"WebSite","@id":"https:\/\/www.anima-productions.com\/_clients\/faiteslire\/#website","url":"https:\/\/www.anima-productions.com\/_clients\/faiteslire\/","name":"Faites lire !","description":"La f\u00eate de la lecture | Le Mans","potentialAction":[{"@type":"SearchAction","target":{"@type":"EntryPoint","urlTemplate":"https:\/\/www.anima-productions.com\/_clients\/faiteslire\/?s={search_term_string}"},"query-input":{"@type":"PropertyValueSpecification","valueRequired":true,"valueName":"search_term_string"}}],"inLanguage":"fr-FR"}]}},"_links":{"self":[{"href":"https:\/\/www.anima-productions.com\/_clients\/faiteslire\/wp-json\/wp\/v2\/pages\/823","targetHints":{"allow":["GET"]}}],"collection":[{"href":"https:\/\/www.anima-productions.com\/_clients\/faiteslire\/wp-json\/wp\/v2\/pages"}],"about":[{"href":"https:\/\/www.anima-productions.com\/_clients\/faiteslire\/wp-json\/wp\/v2\/types\/page"}],"author":[{"embeddable":true,"href":"https:\/\/www.anima-productions.com\/_clients\/faiteslire\/wp-json\/wp\/v2\/users\/1"}],"replies":[{"embeddable":true,"href":"https:\/\/www.anima-productions.com\/_clients\/faiteslire\/wp-json\/wp\/v2\/comments?post=823"}],"version-history":[{"count":4,"href":"https:\/\/www.anima-productions.com\/_clients\/faiteslire\/wp-json\/wp\/v2\/pages\/823\/revisions"}],"predecessor-version":[{"id":1597,"href":"https:\/\/www.anima-productions.com\/_clients\/faiteslire\/wp-json\/wp\/v2\/pages\/823\/revisions\/1597"}],"wp:attachment":[{"href":"https:\/\/www.anima-productions.com\/_clients\/faiteslire\/wp-json\/wp\/v2\/media?parent=823"}],"curies":[{"name":"wp","href":"https:\/\/api.w.org\/{rel}","templated":true}]}}

Mentions légales

<h2 class="wp-block-heading">Direction de la publication</h2>



<p class="wp-block-paragraph">M.Stéphane le Foll, maire de la Ville du Mans et président de Le Mans Métropole.</p>



<p class="wp-block-paragraph"><strong>Ville du Mans – Place Saint-Pierre</strong><br>CS 40010 – 72039 Le Mans Cedex 9<br>Tél. 0243474747</p>



<h2 class="wp-block-heading">Hébergement</h2>



<p class="wp-block-paragraph"><strong>OVH</strong><br>2 rue Kellermann – 59100 Roubaix – France<br><a href="http://www.ovh.com/fr/support" target="_blank" rel="noopener">http://www.ovh.com/fr/support</a></p>



<h2 class="wp-block-heading">Conception / production</h2>



<p class="wp-block-paragraph"><strong>Anima Productions</strong><br>4, rue d’Alger 44100 — Nantes<br><a href="https://www.animaproductions.com" target="_blank" rel="noopener">www.animaproductions.com</a><br>T.02 51 84 05 76</p>



<h2 class="wp-block-heading">Droits d&rsquo;auteur et copyright</h2>



<p class="wp-block-paragraph">L&rsquo;ensemble des contenus de ce site – <strong>textes, images, pictogrammes, logotypes</strong> – est propriété de la Ville du Mans ou de tiers qui ont octroyé un droit d’utilisation à la collectivité.</p>



<p class="wp-block-paragraph">En application du Code de la propriété intellectuelle, toute reproduction partielle ou totale d&rsquo;un de ces éléments sans l&rsquo;autorisation explicite écrite de la Ville du Mans est interdite et constitue un <strong>délit de contrefaçon</strong> passible de poursuites.</p>



<h2 class="wp-block-heading">Cookies et données personnelles</h2>



<h3 class="wp-block-heading">Gestion des cookies</h3>



<p class="wp-block-paragraph">Le présent site utilise des cookies pour améliorer votre expérience de navigation :</p>



<ul class="wp-block-list">
<li>les cookies nécessaires au fonctionnement du site</li>



<li>les cookies de mesure d&rsquo;audience de l&rsquo;outil Matomo, permettant de recueillir des informations sur votre navigation, vos recherches etc.</li>



<li>les cookies déposés par des tiers au cours de votre navigation, au visionnage d&rsquo;une vidéo YouTube ou de consultation du plan de la page accès et horaires</li>
</ul>



<h3 class="wp-block-heading">Protection des données personnelles</h3>



<p class="wp-block-paragraph">Les données personnelles recueillies sur ce site résultent de la <strong>communication volontaire</strong> d&rsquo;une adresse électronique ou de données saisies dans d&rsquo;un formulaire. Ces éléments ne sont utilisés que pour satisfaire une demande ou finaliser une formalité.</p>



<p class="wp-block-paragraph">Retrouvez toutes les informations spécifiques et contact <a href="https://www.anima-productions.com/_clients/faiteslire/donnees-personnelles/" data-type="page" data-id="825">sur la page dédiée aux données personnelles</a>.</p>

<p>Direction de la publication M.Stéphane le Foll, maire de la Ville du Mans et président de Le Mans Métropole. Ville du Mans – Place Saint-PierreCS 40010 – 72039 Le Mans Cedex 9Tél. 0243474747 Hébergement OVH2 rue Kellermann – 59100 Roubaix – Francehttp://www.ovh.com/fr/support Conception / production Anima Productions4, rue d’Alger 44100 — Nanteswww.animaproductions.comT.02 51 84 05&hellip; <a class="more-link" href="https://www.anima-productions.com/_clients/faiteslire/mentions-legales/">Poursuivre la lecture <span class="screen-reader-text">Mentions légales</span></a></p>

<!-- This site is optimized with the Yoast SEO plugin v28.3 - https://yoast.com/product/yoast-seo-wordpress/ -->
<title>Mentions légales - Faites lire !</title>
<meta name="robots" content="noindex, follow, max-snippet:-1, max-image-preview:large, max-video-preview:-1" />
<meta property="og:locale" content="fr_FR" />
<meta property="og:type" content="article" />
<meta property="og:title" content="Mentions légales - Faites lire !" />
<meta property="og:description" content="Direction de la publication M.Stéphane le Foll, maire de la Ville du Mans et président de Le Mans Métropole. Ville du Mans – Place Saint-PierreCS 40010 – 72039 Le Mans Cedex 9Tél. 0243474747 Hébergement OVH2 rue Kellermann – 59100 Roubaix – Francehttp://www.ovh.com/fr/support Conception / production Anima Productions4, rue d’Alger 44100 — Nanteswww.animaproductions.comT.02 51 84 05&hellip; Poursuivre la lecture Mentions légales" />
<meta property="og:url" content="https://www.anima-productions.com/_clients/faiteslire/mentions-legales/" />
<meta property="og:site_name" content="Faites lire !" />
<meta property="article:modified_time" content="2026-08-20T07:57:46+00:00" />
<meta name="twitter:card" content="summary_large_image" />
<meta name="twitter:label1" content="Durée de lecture estimée" />
	<meta name="twitter:data1" content="1 minute" />
<script type="application/ld+json" class="yoast-schema-graph">{"@context":"https:\/\/schema.org","@graph":[{"@type":"WebPage","@id":"https:\/\/www.anima-productions.com\/_clients\/faiteslire\/mentions-legales\/","url":"https:\/\/www.anima-productions.com\/_clients\/faiteslire\/mentions-legales\/","name":"Mentions légales - Faites lire !","isPartOf":{"@id":"https:\/\/www.anima-productions.com\/_clients\/faiteslire\/#website"},"datePublished":"2026-07-22T08:37:08+00:00","dateModified":"2026-08-20T07:57:46+00:00","breadcrumb":{"@id":"https:\/\/www.anima-productions.com\/_clients\/faiteslire\/mentions-legales\/#breadcrumb"},"inLanguage":"fr-FR","potentialAction":[{"@type":"ReadAction","target":["https:\/\/www.anima-productions.com\/_clients\/faiteslire\/mentions-legales\/"]}]},{"@type":"BreadcrumbList","@id":"https:\/\/www.anima-productions.com\/_clients\/faiteslire\/mentions-legales\/#breadcrumb","itemListElement":[{"@type":"ListItem","position":1,"name":"Accueil","item":"https:\/\/www.anima-productions.com\/_clients\/faiteslire\/"},{"@type":"ListItem","position":2,"name":"Mentions légales"}]},{"@type":"WebSite","@id":"https:\/\/www.anima-productions.com\/_clients\/faiteslire\/#website","url":"https:\/\/www.anima-productions.com\/_clients\/faiteslire\/","name":"Faites lire !","description":"La fête de la lecture | Le Mans","potentialAction":[{"@type":"SearchAction","target":{"@type":"EntryPoint","urlTemplate":"https:\/\/www.anima-productions.com\/_clients\/faiteslire\/?s={search_term_string}"},"query-input":{"@type":"PropertyValueSpecification","valueRequired":true,"valueName":"search_term_string"}}],"inLanguage":"fr-FR"}]}</script>
<!-- / Yoast SEO plugin. -->

Mentions légales - Faites lire !

Direction de la publication M.Stéphane le Foll, maire de la Ville du Mans et président de Le Mans Métropole. Ville du Mans – Place Saint-PierreCS 40010 – 72039 Le Mans Cedex 9Tél. 0243474747 Hébergement OVH2 rue Kellermann – 59100 Roubaix – Francehttp://www.ovh.com/fr/support Conception / production Anima Productions4, rue d’Alger 44100 — Nanteswww.animaproductions.comT.02 51 84 05&hellip; Poursuivre la lecture Mentions légales

La fête de la lecture | Le Mans
